{"id":3566,"date":"2026-02-13T13:27:46","date_gmt":"2026-02-13T12:27:46","guid":{"rendered":"https:\/\/agora.xtec.cat\/ieteresaaltet-rubi\/?page_id=3566"},"modified":"2026-02-17T15:56:49","modified_gmt":"2026-02-17T14:56:49","slug":"primaria-3","status":"publish","type":"page","link":"https:\/\/agora.xtec.cat\/ieteresaaltet-rubi\/primaria-3\/","title":{"rendered":"FAQS PRIM\u00c0RIA"},"content":{"rendered":"\n<figure class=\"wp-block-image size-large is-resized\"><a href=\"https:\/\/agora.xtec.cat\/ieteresaaltet-rubi\/wp-content\/uploads\/usu1398\/2026\/02\/Primaria-1.jpg\"><img loading=\"lazy\" decoding=\"async\" width=\"1024\" height=\"1024\" src=\"https:\/\/agora.xtec.cat\/ieteresaaltet-rubi\/wp-content\/uploads\/usu1398\/2026\/02\/Primaria-1-1024x1024.jpg\" alt=\"\" class=\"wp-image-3582\" style=\"width:105px;height:auto\" srcset=\"https:\/\/agora.xtec.cat\/ieteresaaltet-rubi\/wp-content\/uploads\/usu1398\/2026\/02\/Primaria-1-1024x1024.jpg 1024w, https:\/\/agora.xtec.cat\/ieteresaaltet-rubi\/wp-content\/uploads\/usu1398\/2026\/02\/Primaria-1-300x300.jpg 300w, https:\/\/agora.xtec.cat\/ieteresaaltet-rubi\/wp-content\/uploads\/usu1398\/2026\/02\/Primaria-1-150x150.jpg 150w, https:\/\/agora.xtec.cat\/ieteresaaltet-rubi\/wp-content\/uploads\/usu1398\/2026\/02\/Primaria-1-768x768.jpg 768w, https:\/\/agora.xtec.cat\/ieteresaaltet-rubi\/wp-content\/uploads\/usu1398\/2026\/02\/Primaria-1-1536x1536.jpg 1536w, https:\/\/agora.xtec.cat\/ieteresaaltet-rubi\/wp-content\/uploads\/usu1398\/2026\/02\/Primaria-1-2048x2048.jpg 2048w\" sizes=\"auto, (max-width: 1024px) 100vw, 1024px\" \/><\/a><\/figure>\n\n\n\n<h2 class=\"wp-block-heading\"><strong>QUIN \u00c9S EL MARC HORARI?<\/strong><\/h2>\n\n\n\n<p><strong>Comunitat de mitjans i grans <\/strong>(Educaci\u00f3 Prim\u00e0ria): de 8:30h a 13:00h i de 15:00 a 16:30 h.<\/p>\n\n\n\n<h2 class=\"wp-block-heading\"><strong>COM S\u2019ESTRUCTURA L\u2019ETAPA?<\/strong><\/h2>\n\n\n\n<p>L\u2019etapa de prim\u00e0ria es divideix entre la comunitat dels mitjans (1r, 2n i 3r) i la de grans (4t, 5\u00e8 i 6\u00e8).<\/p>\n\n\n\n<h2 class=\"wp-block-heading\"><strong>QUINES METODOLOGIES EMPREU?<\/strong><\/h2>\n\n\n\n<p>A l\u2019Altet treballem amb una metodologia basada en situacions d\u2019aprenentatge globalitzades, per\u00f2 sense oblidar el treball m\u00e9s anal\u00edtic i sistem\u00e0tic d\u2019expressi\u00f3 escrita, mec\u00e0nica i comprensi\u00f3 lectora, expressi\u00f3 oral i STEAM dins d\u2019aquestes situacions d\u2019aprenentatge.<\/p>\n\n\n\n<p>A matem\u00e0tiques, treballem seguint el programa d\u2019Innovamat.<\/p>\n\n\n\n<p>Dediquem 3 hores setmanals a que cada infant decideixi i desenvolupi un projecte personal, triat per ells, dins dels contextos d\u2019autonomia personal.<\/p>\n\n\n\n<p>En m\u00e9s del 70% de les classes hi ha dos docents a l\u2019aula fent codoc\u00e8ncia, la qual cosa permet personalitzar molt m\u00e9s els aprenentatges.<\/p>\n\n\n\n<h2 class=\"wp-block-heading\"><strong>DE QUINES INSTAL\u00b7LACIONS DISPOSEU?<\/strong><\/h2>\n\n\n\n<h6 class=\"wp-block-heading\">Al nostre centre s\u2019imparteixen estudis d\u2019Infantil, Prim\u00e0ria i Secund\u00e0ria i \u00e9s un dels m\u00e9s grans del municipi de Rub\u00ed, envoltat per l\u2019entorn natural del bosc de Ca N&#8217;oriol. Disposa d\u2019una \u00e0mplia zona exterior d\u2019esbarjo amb espais diferenciats: pati d\u2019Infantil, pistes de b\u00e0squet, pista de f\u00fatbol, zona de p\u00edcnic, hort i zona d\u2019estructura.<\/h6>\n\n\n\n<p>L\u2019edifici, consta de tres plantes: baixa, primera i segona.<\/p>\n\n\n\n<p>A la planta baixa podem trobar un ampli vest\u00edbul, el despatx de direcci\u00f3, consergeria, biblioteca, gimn\u00e0s, aula de m\u00fasica, aula de psicomotricitat, aula de joc simb\u00f2lic, menjadors i les aules d\u2019educaci\u00f3 Infantil.<\/p>\n\n\n\n<p>A la primera planta, trobem les aules de Secund\u00e0ria, un ampli hall amb \u00e0gora, la sala de docents, una l\u2019aula taller, un aula polivalent i diverses sales de reuni\u00f3.<\/p>\n\n\n\n<p>Finalment, a la segona planta trobem les aules de Prim\u00e0ria, sala d\u2019expressi\u00f3 corporal, sala maker i aula d\u2019aula d\u2019acollida.<strong><\/strong><\/p>\n\n\n\n<h2 class=\"wp-block-heading\"><strong>EL MATERIAL \u00c9S SOCIALITZAT?<\/strong><\/h2>\n\n\n\n<h6 class=\"wp-block-heading\">S\u00ed, a cada alumne\/a se li facilita tot el material que necessita en tota l\u2019etapa a excepci\u00f3 de l\u2019estoig, i el seu contingut, en la comunitat de grans. La resta (estoig a mitjans, carpeta amb separadors, arxivador, carpeta de tasques per acabar, agenda, chromebooks a partir de 3r i auriculars a partir de 4t), ho posa el centre.<\/h6>\n\n\n\n<h2 class=\"wp-block-heading\"><strong>COM TRACTEU LA COMPET\u00c8NCIA DIGITAL?<\/strong><\/h2>\n\n\n\n<p>Com a l\u00ednia de centre, la compet\u00e8ncia digital \u00e9s una eina per assolir altres objectius. Per aix\u00f2, la treballem a consci\u00e8ncia, per\u00f2 responsablement i de manera gradual.&nbsp;<\/p>\n\n\n\n<p>A 1r i 2n, els alumnes disposen de tauletes amb les que poden comen\u00e7ar endinsar-se en el m\u00f3n digital. De 3r a 6\u00e8 disposem de Chromebooks per a cada infant. Tot l\u2019alumnat a partir de 4t de prim\u00e0ria, disposa de correu electr\u00f2nic corporatiu de l\u2019escola i d\u2019un entorn Classroom de treball virtual.<\/p>\n\n\n\n<p>De 1r a 6\u00e8 el programa Innovamat, amb el qual treballem les matem\u00e0tiques, incorpora una sessi\u00f3 setmanal d\u2019entorn digital.&nbsp;<\/p>\n\n\n\n<p>El treball de la compet\u00e8ncia digital i amb eines digitals est\u00e0 programat, majorit\u00e0riament \u00e9s grupal, t\u00e9 sentit pedag\u00f2gic i \u00e9s supervisat.&nbsp;<\/p>\n\n\n\n<h2 class=\"wp-block-heading\"><strong>QUANTES PLACES OFERIU DE PRIM\u00c0RIA DE CARA EL CURS 2026-2027?<\/strong><\/h2>\n\n\n\n<p>A prim\u00e0ria, la quantitat de places oferides varia en funci\u00f3 de les r\u00e0tios actuals de cada grup.&nbsp;<\/p>\n\n\n\n<p><\/p>\n","protected":false},"excerpt":{"rendered":"<p>QUIN \u00c9S EL MARC HORARI? Comunitat de mitjans i grans (Educaci\u00f3 Prim\u00e0ria): de 8:30h a 13:00h i de 15:00 a 16:30 h. COM S\u2019ESTRUCTURA L\u2019ETAPA? L\u2019etapa de prim\u00e0ria es divideix entre la comunitat dels mitjans (1r, 2n i 3r) i la de grans (4t, 5\u00e8 i 6\u00e8). QUINES METODOLOGIES EMPREU? A l\u2019Altet treballem amb una [&hellip;]<\/p>\n","protected":false},"author":1,"featured_media":0,"parent":0,"menu_order":0,"comment_status":"closed","ping_status":"close","template":"","meta":{"_bbp_topic_count":0,"_bbp_reply_count":0,"_bbp_total_topic_count":0,"_bbp_total_reply_count":0,"_bbp_voice_count":0,"_bbp_anonymous_reply_count":0,"_bbp_topic_count_hidden":0,"_bbp_reply_count_hidden":0,"_bbp_forum_subforum_count":0,"site-sidebar-layout":"default","site-content-layout":"","ast-site-content-layout":"default","site-content-style":"default","site-sidebar-style":"default","ast-global-header-display":"","ast-banner-title-visibility":"","ast-main-header-display":"","ast-hfb-above-header-display":"","ast-hfb-below-header-display":"","ast-hfb-mobile-header-display":"","site-post-title":"","ast-breadcrumbs-content":"","ast-featured-img":"","footer-sml-layout":"","theme-transparent-header-meta":"","adv-header-id-meta":"","stick-header-meta":"","header-above-stick-meta":"","header-main-stick-meta":"","header-below-stick-meta":"","astra-migrate-meta-layouts":"set","ast-page-background-enabled":"default","ast-page-background-meta":{"desktop":{"background-color":"var(--ast-global-color-4)","background-image":"","background-repeat":"repeat","background-position":"center center","background-size":"auto","background-attachment":"scroll","background-type":"","background-media":"","overlay-type":"","overlay-color":"","overlay-opacity":"","overlay-gradient":""},"tablet":{"background-color":"","background-image":"","background-repeat":"repeat","background-position":"center center","background-size":"auto","background-attachment":"scroll","background-type":"","background-media":"","overlay-type":"","overlay-color":"","overlay-opacity":"","overlay-gradient":""},"mobile":{"background-color":"","background-image":"","background-repeat":"repeat","background-position":"center center","background-size":"auto","background-attachment":"scroll","background-type":"","background-media":"","overlay-type":"","overlay-color":"","overlay-opacity":"","overlay-gradient":""}},"ast-content-background-meta":{"desktop":{"background-color":"var(--ast-global-color-5)","background-image":"","background-repeat":"repeat","background-position":"center center","background-size":"auto","background-attachment":"scroll","background-type":"","background-media":"","overlay-type":"","overlay-color":"","overlay-opacity":"","overlay-gradient":""},"tablet":{"background-color":"var(--ast-global-color-5)","background-image":"","background-repeat":"repeat","background-position":"center center","background-size":"auto","background-attachment":"scroll","background-type":"","background-media":"","overlay-type":"","overlay-color":"","overlay-opacity":"","overlay-gradient":""},"mobile":{"background-color":"var(--ast-global-color-5)","background-image":"","background-repeat":"repeat","background-position":"center center","background-size":"auto","background-attachment":"scroll","background-type":"","background-media":"","overlay-type":"","overlay-color":"","overlay-opacity":"","overlay-gradient":""}},"footnotes":""},"class_list":["post-3566","page","type-page","status-publish","hentry"],"post_mailing_queue_ids":[],"_links":{"self":[{"href":"https:\/\/agora.xtec.cat\/ieteresaaltet-rubi\/wp-json\/wp\/v2\/pages\/3566","targetHints":{"allow":["GET"]}}],"collection":[{"href":"https:\/\/agora.xtec.cat\/ieteresaaltet-rubi\/wp-json\/wp\/v2\/pages"}],"about":[{"href":"https:\/\/agora.xtec.cat\/ieteresaaltet-rubi\/wp-json\/wp\/v2\/types\/page"}],"author":[{"embeddable":true,"href":"https:\/\/agora.xtec.cat\/ieteresaaltet-rubi\/wp-json\/wp\/v2\/users\/1"}],"replies":[{"embeddable":true,"href":"https:\/\/agora.xtec.cat\/ieteresaaltet-rubi\/wp-json\/wp\/v2\/comments?post=3566"}],"version-history":[{"count":3,"href":"https:\/\/agora.xtec.cat\/ieteresaaltet-rubi\/wp-json\/wp\/v2\/pages\/3566\/revisions"}],"predecessor-version":[{"id":3584,"href":"https:\/\/agora.xtec.cat\/ieteresaaltet-rubi\/wp-json\/wp\/v2\/pages\/3566\/revisions\/3584"}],"wp:attachment":[{"href":"https:\/\/agora.xtec.cat\/ieteresaaltet-rubi\/wp-json\/wp\/v2\/media?parent=3566"}],"curies":[{"name":"wp","href":"https:\/\/api.w.org\/{rel}","templated":true}]}}

FAQS PRIMÀRIA

<figure class="wp-block-image size-large is-resized"><a href="https://agora.xtec.cat/ieteresaaltet-rubi/wp-content/uploads/usu1398/2026/02/Primaria-1.jpg"><img loading="lazy" decoding="async" width="1024" height="1024" src="https://agora.xtec.cat/ieteresaaltet-rubi/wp-content/uploads/usu1398/2026/02/Primaria-1-1024x1024.jpg" alt="" class="wp-image-3582" style="width:105px;height:auto" srcset="https://agora.xtec.cat/ieteresaaltet-rubi/wp-content/uploads/usu1398/2026/02/Primaria-1-1024x1024.jpg 1024w, https://agora.xtec.cat/ieteresaaltet-rubi/wp-content/uploads/usu1398/2026/02/Primaria-1-300x300.jpg 300w, https://agora.xtec.cat/ieteresaaltet-rubi/wp-content/uploads/usu1398/2026/02/Primaria-1-150x150.jpg 150w, https://agora.xtec.cat/ieteresaaltet-rubi/wp-content/uploads/usu1398/2026/02/Primaria-1-768x768.jpg 768w, https://agora.xtec.cat/ieteresaaltet-rubi/wp-content/uploads/usu1398/2026/02/Primaria-1-1536x1536.jpg 1536w, https://agora.xtec.cat/ieteresaaltet-rubi/wp-content/uploads/usu1398/2026/02/Primaria-1-2048x2048.jpg 2048w" sizes="auto, (max-width: 1024px) 100vw, 1024px" /></a></figure>



<h2 class="wp-block-heading"><strong>QUIN ÉS EL MARC HORARI?</strong></h2>



<p><strong>Comunitat de mitjans i grans </strong>(Educació Primària): de 8:30h a 13:00h i de 15:00 a 16:30 h.</p>



<h2 class="wp-block-heading"><strong>COM S’ESTRUCTURA L’ETAPA?</strong></h2>



<p>L’etapa de primària es divideix entre la comunitat dels mitjans (1r, 2n i 3r) i la de grans (4t, 5è i 6è).</p>



<h2 class="wp-block-heading"><strong>QUINES METODOLOGIES EMPREU?</strong></h2>



<p>A l’Altet treballem amb una metodologia basada en situacions d’aprenentatge globalitzades, però sense oblidar el treball més analític i sistemàtic d’expressió escrita, mecànica i comprensió lectora, expressió oral i STEAM dins d’aquestes situacions d’aprenentatge.</p>



<p>A matemàtiques, treballem seguint el programa d’Innovamat.</p>



<p>Dediquem 3 hores setmanals a que cada infant decideixi i desenvolupi un projecte personal, triat per ells, dins dels contextos d’autonomia personal.</p>



<p>En més del 70% de les classes hi ha dos docents a l’aula fent codocència, la qual cosa permet personalitzar molt més els aprenentatges.</p>



<h2 class="wp-block-heading"><strong>DE QUINES INSTAL·LACIONS DISPOSEU?</strong></h2>



<h6 class="wp-block-heading">Al nostre centre s’imparteixen estudis d’Infantil, Primària i Secundària i és un dels més grans del municipi de Rubí, envoltat per l’entorn natural del bosc de Ca N&#8217;oriol. Disposa d’una àmplia zona exterior d’esbarjo amb espais diferenciats: pati d’Infantil, pistes de bàsquet, pista de fútbol, zona de pícnic, hort i zona d’estructura.</h6>



<p>L’edifici, consta de tres plantes: baixa, primera i segona.</p>



<p>A la planta baixa podem trobar un ampli vestíbul, el despatx de direcció, consergeria, biblioteca, gimnàs, aula de música, aula de psicomotricitat, aula de joc simbòlic, menjadors i les aules d’educació Infantil.</p>



<p>A la primera planta, trobem les aules de Secundària, un ampli hall amb àgora, la sala de docents, una l’aula taller, un aula polivalent i diverses sales de reunió.</p>



<p>Finalment, a la segona planta trobem les aules de Primària, sala d’expressió corporal, sala maker i aula d’aula d’acollida.<strong></strong></p>



<h2 class="wp-block-heading"><strong>EL MATERIAL ÉS SOCIALITZAT?</strong></h2>



<h6 class="wp-block-heading">Sí, a cada alumne/a se li facilita tot el material que necessita en tota l’etapa a excepció de l’estoig, i el seu contingut, en la comunitat de grans. La resta (estoig a mitjans, carpeta amb separadors, arxivador, carpeta de tasques per acabar, agenda, chromebooks a partir de 3r i auriculars a partir de 4t), ho posa el centre.</h6>



<h2 class="wp-block-heading"><strong>COM TRACTEU LA COMPETÈNCIA DIGITAL?</strong></h2>



<p>Com a línia de centre, la competència digital és una eina per assolir altres objectius. Per això, la treballem a consciència, però responsablement i de manera gradual.&nbsp;</p>



<p>A 1r i 2n, els alumnes disposen de tauletes amb les que poden començar endinsar-se en el món digital. De 3r a 6è disposem de Chromebooks per a cada infant. Tot l’alumnat a partir de 4t de primària, disposa de correu electrònic corporatiu de l’escola i d’un entorn Classroom de treball virtual.</p>



<p>De 1r a 6è el programa Innovamat, amb el qual treballem les matemàtiques, incorpora una sessió setmanal d’entorn digital.&nbsp;</p>



<p>El treball de la competència digital i amb eines digitals està programat, majoritàriament és grupal, té sentit pedagògic i és supervisat.&nbsp;</p>



<h2 class="wp-block-heading"><strong>QUANTES PLACES OFERIU DE PRIMÀRIA DE CARA EL CURS 2026-2027?</strong></h2>



<p>A primària, la quantitat de places oferides varia en funció de les ràtios actuals de cada grup.&nbsp;</p>



<p></p>

<p>QUIN ÉS EL MARC HORARI? Comunitat de mitjans i grans (Educació Primària): de 8:30h a 13:00h i de 15:00 a 16:30 h. COM S’ESTRUCTURA L’ETAPA? L’etapa de primària es divideix entre la comunitat dels mitjans (1r, 2n i 3r) i la de grans (4t, 5è i 6è). QUINES METODOLOGIES EMPREU? A l’Altet treballem amb una [&hellip;]</p>
