{"id":3550,"date":"2026-02-13T13:21:56","date_gmt":"2026-02-13T12:21:56","guid":{"rendered":"https:\/\/agora.xtec.cat\/ieteresaaltet-rubi\/?page_id=3550"},"modified":"2026-02-17T16:08:30","modified_gmt":"2026-02-17T15:08:30","slug":"faqs","status":"publish","type":"page","link":"https:\/\/agora.xtec.cat\/ieteresaaltet-rubi\/faqs\/","title":{"rendered":"FAQs"},"content":{"rendered":"\n<figure class=\"wp-block-image size-full is-resized\"><a href=\"https:\/\/agora.xtec.cat\/ieteresaaltet-rubi\/wp-content\/uploads\/usu1398\/2026\/02\/LALTET_logotip__6_-removebg-preview.png\"><img loading=\"lazy\" decoding=\"async\" width=\"1001\" height=\"249\" src=\"https:\/\/agora.xtec.cat\/ieteresaaltet-rubi\/wp-content\/uploads\/usu1398\/2026\/02\/LALTET_logotip__6_-removebg-preview.png\" alt=\"\" class=\"wp-image-3588\" style=\"width:261px;height:auto\" srcset=\"https:\/\/agora.xtec.cat\/ieteresaaltet-rubi\/wp-content\/uploads\/usu1398\/2026\/02\/LALTET_logotip__6_-removebg-preview.png 1001w, https:\/\/agora.xtec.cat\/ieteresaaltet-rubi\/wp-content\/uploads\/usu1398\/2026\/02\/LALTET_logotip__6_-removebg-preview-300x75.png 300w, https:\/\/agora.xtec.cat\/ieteresaaltet-rubi\/wp-content\/uploads\/usu1398\/2026\/02\/LALTET_logotip__6_-removebg-preview-768x191.png 768w\" sizes=\"auto, (max-width: 1001px) 100vw, 1001px\" \/><\/a><\/figure>\n\n\n\n<h2 class=\"wp-block-heading\"><strong>QUIN \u00c9S EL MARC HORARI?<\/strong> <\/h2>\n\n\n\n<p><strong>Comunitat de petits<\/strong> (Educaci\u00f3 Infantil): de 9:30h a 12.55h i de 15:00h a 16:25h. <strong>Comunitat de mitjans i grans <\/strong>(Educaci\u00f3 Prim\u00e0ria): de 8:30h a 13:00h i de 15:00h a 16:30 h.<\/p>\n\n\n\n<p><strong>Comunitat de joves <\/strong>(Educaci\u00f3 Secund\u00e0ria Obligat\u00f2ria):&nbsp;<\/p>\n\n\n\n<ul class=\"wp-block-list\">\n<li>matins: dilluns, dimarts i dimecres, de 8:00 a 13:00 hores<\/li>\n<\/ul>\n\n\n\n<p>dijous i divendres, de 8:00 a 14:30 hores.<\/p>\n\n\n\n<ul class=\"wp-block-list\">\n<li>tardes: dilluns, dimarts i dimecres, de 15:00 a 16:30 hores<\/li>\n<\/ul>\n\n\n\n<h2 class=\"wp-block-heading\"><strong>HI HA SERVEI D\u2019ACOLLIDA?<\/strong><\/h2>\n\n\n\n<p>S\u00ed. Al mat\u00ed, cada dia de 8:00 a 9:30 hores (gratu\u00eft des de les 8:00h pels alumnes que tenen germans a secund\u00e0ria i des de les 8:30h pels que tenen germans a prim\u00e0ria).&nbsp;<\/p>\n\n\n\n<p>Preu aproximat: 30 minuts 20 euros mensuals \/ 1 hora 30 euros mensuals i 1 hora 30 minuts 38 euros mensuals, Espor\u00e0dic: 2,70 el dia.<\/p>\n\n\n\n<p>A la tarda, a demanda de les fam\u00edlies i si hi ha un nombre suficient d\u2019alumnes, des de les 16:30 fins a les 18 hores.<\/p>\n\n\n\n<h2 class=\"wp-block-heading\"><strong>HI HA ACTIVITATS EXTRAESCOLARS?<\/strong><\/h2>\n\n\n\n<p>S\u00ed. Cada curs escolar organitzem activitats extraescolars subvencionades pel Pla Educatiu d\u2019Entorn i pel Departament gestionades per l\u2019AFA per prim\u00e0ria i secund\u00e0ria. A demanda de les fam\u00edlies.&nbsp;&nbsp;<\/p>\n\n\n\n<p><strong>QUINA QUOTA D\u2019AFA ES PAGA?&nbsp;<\/strong><\/p>\n\n\n\n<p>Actualment, es fa una quota \u00fanica anual per fam\u00edlia de 30 euros.&nbsp;<\/p>\n\n\n\n<h2 class=\"wp-block-heading\"><strong>DE QUINES INSTAL\u00b7LACIONS DISPOSEU?<\/strong><\/h2>\n\n\n\n<p>Al nostre centre s\u2019imparteixen estudis d\u2019Infantil, Prim\u00e0ria i Secund\u00e0ria i \u00e9s un dels m\u00e9s grans del municipi de Rub\u00ed, envoltat per l\u2019entorn natural del bosc de ca n\u2019Oriol. Disposa d\u2019una \u00e0mplia zona exterior d\u2019esbarjo amb espais diferenciats: pati d\u2019Infantil, pistes de b\u00e0squet, pista de futbol, zona de p\u00edcnic, hort i zona d\u2019estructura infantil.<\/p>\n\n\n\n<p>L\u2019edifici consta de tres plantes: baixa, primera i segona.<\/p>\n\n\n\n<p>A la planta baixa podem trobar un ampli vest\u00edbul, el despatx de direcci\u00f3, consergeria, biblioteca, gimn\u00e0s, aula de m\u00fasica, aula de psicomotricitat, aula de joc simb\u00f2lic, menjadors i les aules d\u2019educaci\u00f3 Infantil amb acc\u00e9s directe al pati.<\/p>\n\n\n\n<p>A la primera planta, trobem les aules de Secund\u00e0ria, un ampli hall amb \u00e0gora, la sala de docents, una l\u2019aula taller i diverses sales de reuni\u00f3.<\/p>\n\n\n\n<p>Finalment, a la segona planta trobem les aules de Prim\u00e0ria, tres aules polivalents, sala d\u2019expressi\u00f3 corporal i sala d\u2019audiovisuals.<\/p>\n\n\n\n<p>Donat que \u00e9s un centre amb molta hist\u00f2ria anem actualitzant els espais i adaptant-los a les necessitats de cada moment.<strong><\/strong><\/p>\n\n\n\n<h2 class=\"wp-block-heading\"><strong>COM \u00c9S L\u2019ESPAI MIGDIA?<\/strong><\/h2>\n\n\n\n<p>A l\u2019espai del migdia disposem de servei de menjador gestionat per l\u2019empresa <em>La vostra cuina<\/em>. Els alumnes dinen al menjador de l\u2019escola en diferents torns i gaudeixen d\u2019un temps de lleure acompanyats per un equip d&#8217;educadors i educadores. En el cas d\u2019infantil, disposen d\u2019un menjador diferenciat.<img loading=\"lazy\" decoding=\"async\" src=\"blob:https:\/\/agora.xtec.cat\/5a2163d0-76fc-4aef-acca-9dd5e4b6ea1f\" width=\"180\" height=\"180\"><\/p>\n\n\n\n<p>L&#8217;empresa la vostra cuina gestiona l&#8217;espai migdia; el projecte que desenvolupa est\u00e0 alineat amb el projecte educatiu del centre.<\/p>\n\n\n\n<p>Podeu saber-ne m\u00e9s en el seg\u00fcent enlla\u00e7: la vostra cuina: <a href=\"https:\/\/cateringlavostracuina.com\/\">LA VOSTRA CUINA.<\/a><\/p>\n\n\n\n<h2 class=\"wp-block-heading\"><strong>FEU ACTIVITATS EXTERNES?<\/strong><\/h2>\n\n\n\n<p>El nostre projecte educatiu inclou sortides pedag\u00f2giques per a totes les etapes organitzades per entitats externes a l&#8217;institut escola. Aquestes s&#8217;adapten a la proposta pedag\u00f2gica de cada moment del curs. D\u2019altra banda, a totes les etapes es realitzen activitats i tallers realitzades per entitats externes.<\/p>\n\n\n\n<h2 class=\"wp-block-heading\"><strong>I COL\u00d2NIES ESCOLARS?<\/strong><\/h2>\n\n\n\n<p>Des d&#8217;I5 fins a 3r d\u2019ESO, tot l\u2019alumnat anem 3 dies de col\u00f2nies escolars amb l\u2019objectiu de fomentar l\u2019autonomia personal, refor\u00e7ar les relacions socials, gaudir de l\u2019entorn natural i fer descobertes en un ambient relaxat i ple de complicitats. \u00c9s una activitat inclusiva i des del centre afavorim la participaci\u00f3 de tot l\u2019alumnat.<\/p>\n\n\n\n<p>En els cursos de 6\u00e8 de prim\u00e0ria i 4t d\u2019ESO es realitzen viatges de final d\u2019etapa.<\/p>\n\n\n\n<h2 class=\"wp-block-heading\"><strong>COM PODEM PARTICIPAR LES FAM\u00cdLIES EN EL DIA A DIA DEL CENTRE?<\/strong><\/h2>\n\n\n\n<p>Les fam\u00edlies esteu presents en moltes activitats del centre tant dins com fora de l\u2019aula. Podeu venir a explicar-nos un conte, fer-nos un taller d&#8217;aprenentatge, compartir el vostre ofici o les vostres aficions, participar com experts en un projecte, a festes\u2026 qualsevol proposta \u00e9s benvinguda!<\/p>\n\n\n\n<p>Fem servir la plataforma Dinantia per comunicar les informacions d&#8217;inter\u00e8s general.&nbsp;<\/p>\n\n\n\n<p>Al centre hi ha una comissi\u00f3 de docents interetapa que es reuneixen setmanalment per preparar propostes. Cada nivell durant el curs us oferir\u00e0 diferents propostes per poder participar. Les nostres portes sempre estan obertes per escoltar-vos.&nbsp;<\/p>\n\n\n\n<p><strong>S\u2019HA DE COMPRAR XANDALL DE CENTRE I\/O BATA?<\/strong><\/p>\n\n\n\n<p>Actualment, no cal que l\u2019alumnat porti cap equipaci\u00f3 esportiva, bata o motxilla espec\u00edfica. Es recomana que la motxilla sigui de mida petita i adequada a les necessitats de cada etapa.<br><strong><\/strong><\/p>\n\n\n\n<h2 class=\"wp-block-heading\"><strong>QUINA \u00c9S LA QUOTA ESCOLAR I A QU\u00c8 ES DESTINA?<\/strong><\/h2>\n\n\n\n<p>Tenint en compte que el Departament d\u2019Educaci\u00f3 no sufraga el 100% del cost de l\u2019educaci\u00f3 d\u2019un infant, demanem que cada fam\u00edlia faci una aportaci\u00f3 anual que va destinada a la compra del material did\u00e0ctic dels diferents espais d\u2019aprenentatge, la provisi\u00f3 de material fungible per a l\u2019alumnat, la restituci\u00f3 del material de tallers i laboratoris, l&#8217;actualitzaci\u00f3 dels espais&#8230;&nbsp;<\/p>\n\n\n\n<p>La quota de recursos educatius del curs 25\/26 ha estat de 180\u20ac anuals per a les fam\u00edlies d&#8217;infantil i prim\u00e0ria i de 190\u20ac anuals per a les fam\u00edlies de Secund\u00e0ria (aquesta quota es pot fraccionar segons les necessitats de les fam\u00edlies). Inclou les activitats complement\u00e0ries, sortides i tallers. En el cas de les col\u00f2nies es fa un pagament a part.&nbsp;<\/p>\n\n\n\n<h2 class=\"wp-block-heading\"><strong>QUANTES PLACES OFERIU DE CARA EL CURS 2026-2027?<\/strong><\/h2>\n\n\n\n<p>Per al curs vinent s\u2019ofereixen 19 places a I3, algunes d\u2019elles reservades per alumnes NESE i NEE.&nbsp;<\/p>\n\n\n\n<p>Per a 1r d\u2019ESO s\u2019ofereixen 50 places.&nbsp;<\/p>\n\n\n\n<p>En altres cursos cal consultar les vacants.<\/p>\n","protected":false},"excerpt":{"rendered":"<p>QUIN \u00c9S EL MARC HORARI? Comunitat de petits (Educaci\u00f3 Infantil): de 9:30h a 12.55h i de 15:00h a 16:25h. Comunitat de mitjans i grans (Educaci\u00f3 Prim\u00e0ria): de 8:30h a 13:00h i de 15:00h a 16:30 h. Comunitat de joves (Educaci\u00f3 Secund\u00e0ria Obligat\u00f2ria):&nbsp; dijous i divendres, de 8:00 a 14:30 hores. HI HA SERVEI D\u2019ACOLLIDA? S\u00ed. [&hellip;]<\/p>\n","protected":false},"author":1,"featured_media":0,"parent":0,"menu_order":0,"comment_status":"closed","ping_status":"close","template":"","meta":{"_bbp_topic_count":0,"_bbp_reply_count":0,"_bbp_total_topic_count":0,"_bbp_total_reply_count":0,"_bbp_voice_count":0,"_bbp_anonymous_reply_count":0,"_bbp_topic_count_hidden":0,"_bbp_reply_count_hidden":0,"_bbp_forum_subforum_count":0,"site-sidebar-layout":"default","site-content-layout":"","ast-site-content-layout":"default","site-content-style":"default","site-sidebar-style":"default","ast-global-header-display":"","ast-banner-title-visibility":"","ast-main-header-display":"","ast-hfb-above-header-display":"","ast-hfb-below-header-display":"","ast-hfb-mobile-header-display":"","site-post-title":"","ast-breadcrumbs-content":"","ast-featured-img":"","footer-sml-layout":"","theme-transparent-header-meta":"","adv-header-id-meta":"","stick-header-meta":"","header-above-stick-meta":"","header-main-stick-meta":"","header-below-stick-meta":"","astra-migrate-meta-layouts":"set","ast-page-background-enabled":"default","ast-page-background-meta":{"desktop":{"background-color":"var(--ast-global-color-4)","background-image":"","background-repeat":"repeat","background-position":"center center","background-size":"auto","background-attachment":"scroll","background-type":"","background-media":"","overlay-type":"","overlay-color":"","overlay-opacity":"","overlay-gradient":""},"tablet":{"background-color":"","background-image":"","background-repeat":"repeat","background-position":"center center","background-size":"auto","background-attachment":"scroll","background-type":"","background-media":"","overlay-type":"","overlay-color":"","overlay-opacity":"","overlay-gradient":""},"mobile":{"background-color":"","background-image":"","background-repeat":"repeat","background-position":"center center","background-size":"auto","background-attachment":"scroll","background-type":"","background-media":"","overlay-type":"","overlay-color":"","overlay-opacity":"","overlay-gradient":""}},"ast-content-background-meta":{"desktop":{"background-color":"var(--ast-global-color-5)","background-image":"","background-repeat":"repeat","background-position":"center center","background-size":"auto","background-attachment":"scroll","background-type":"","background-media":"","overlay-type":"","overlay-color":"","overlay-opacity":"","overlay-gradient":""},"tablet":{"background-color":"var(--ast-global-color-5)","background-image":"","background-repeat":"repeat","background-position":"center center","background-size":"auto","background-attachment":"scroll","background-type":"","background-media":"","overlay-type":"","overlay-color":"","overlay-opacity":"","overlay-gradient":""},"mobile":{"background-color":"var(--ast-global-color-5)","background-image":"","background-repeat":"repeat","background-position":"center center","background-size":"auto","background-attachment":"scroll","background-type":"","background-media":"","overlay-type":"","overlay-color":"","overlay-opacity":"","overlay-gradient":""}},"footnotes":""},"class_list":["post-3550","page","type-page","status-publish","hentry"],"post_mailing_queue_ids":[],"_links":{"self":[{"href":"https:\/\/agora.xtec.cat\/ieteresaaltet-rubi\/wp-json\/wp\/v2\/pages\/3550","targetHints":{"allow":["GET"]}}],"collection":[{"href":"https:\/\/agora.xtec.cat\/ieteresaaltet-rubi\/wp-json\/wp\/v2\/pages"}],"about":[{"href":"https:\/\/agora.xtec.cat\/ieteresaaltet-rubi\/wp-json\/wp\/v2\/types\/page"}],"author":[{"embeddable":true,"href":"https:\/\/agora.xtec.cat\/ieteresaaltet-rubi\/wp-json\/wp\/v2\/users\/1"}],"replies":[{"embeddable":true,"href":"https:\/\/agora.xtec.cat\/ieteresaaltet-rubi\/wp-json\/wp\/v2\/comments?post=3550"}],"version-history":[{"count":6,"href":"https:\/\/agora.xtec.cat\/ieteresaaltet-rubi\/wp-json\/wp\/v2\/pages\/3550\/revisions"}],"predecessor-version":[{"id":3589,"href":"https:\/\/agora.xtec.cat\/ieteresaaltet-rubi\/wp-json\/wp\/v2\/pages\/3550\/revisions\/3589"}],"wp:attachment":[{"href":"https:\/\/agora.xtec.cat\/ieteresaaltet-rubi\/wp-json\/wp\/v2\/media?parent=3550"}],"curies":[{"name":"wp","href":"https:\/\/api.w.org\/{rel}","templated":true}]}}

<figure class="wp-block-image size-full is-resized"><a href="https://agora.xtec.cat/ieteresaaltet-rubi/wp-content/uploads/usu1398/2026/02/LALTET_logotip__6_-removebg-preview.png"><img loading="lazy" decoding="async" width="1001" height="249" src="https://agora.xtec.cat/ieteresaaltet-rubi/wp-content/uploads/usu1398/2026/02/LALTET_logotip__6_-removebg-preview.png" alt="" class="wp-image-3588" style="width:261px;height:auto" srcset="https://agora.xtec.cat/ieteresaaltet-rubi/wp-content/uploads/usu1398/2026/02/LALTET_logotip__6_-removebg-preview.png 1001w, https://agora.xtec.cat/ieteresaaltet-rubi/wp-content/uploads/usu1398/2026/02/LALTET_logotip__6_-removebg-preview-300x75.png 300w, https://agora.xtec.cat/ieteresaaltet-rubi/wp-content/uploads/usu1398/2026/02/LALTET_logotip__6_-removebg-preview-768x191.png 768w" sizes="auto, (max-width: 1001px) 100vw, 1001px" /></a></figure>



<h2 class="wp-block-heading"><strong>QUIN ÉS EL MARC HORARI?</strong> </h2>



<p><strong>Comunitat de petits</strong> (Educació Infantil): de 9:30h a 12.55h i de 15:00h a 16:25h. <strong>Comunitat de mitjans i grans </strong>(Educació Primària): de 8:30h a 13:00h i de 15:00h a 16:30 h.</p>



<p><strong>Comunitat de joves </strong>(Educació Secundària Obligatòria):&nbsp;</p>



<ul class="wp-block-list">
<li>matins: dilluns, dimarts i dimecres, de 8:00 a 13:00 hores</li>
</ul>



<p>dijous i divendres, de 8:00 a 14:30 hores.</p>



<ul class="wp-block-list">
<li>tardes: dilluns, dimarts i dimecres, de 15:00 a 16:30 hores</li>
</ul>



<h2 class="wp-block-heading"><strong>HI HA SERVEI D’ACOLLIDA?</strong></h2>



<p>Sí. Al matí, cada dia de 8:00 a 9:30 hores (gratuït des de les 8:00h pels alumnes que tenen germans a secundària i des de les 8:30h pels que tenen germans a primària).&nbsp;</p>



<p>Preu aproximat: 30 minuts 20 euros mensuals / 1 hora 30 euros mensuals i 1 hora 30 minuts 38 euros mensuals, Esporàdic: 2,70 el dia.</p>



<p>A la tarda, a demanda de les famílies i si hi ha un nombre suficient d’alumnes, des de les 16:30 fins a les 18 hores.</p>



<h2 class="wp-block-heading"><strong>HI HA ACTIVITATS EXTRAESCOLARS?</strong></h2>



<p>Sí. Cada curs escolar organitzem activitats extraescolars subvencionades pel Pla Educatiu d’Entorn i pel Departament gestionades per l’AFA per primària i secundària. A demanda de les famílies.&nbsp;&nbsp;</p>



<p><strong>QUINA QUOTA D’AFA ES PAGA?&nbsp;</strong></p>



<p>Actualment, es fa una quota única anual per família de 30 euros.&nbsp;</p>



<h2 class="wp-block-heading"><strong>DE QUINES INSTAL·LACIONS DISPOSEU?</strong></h2>



<p>Al nostre centre s’imparteixen estudis d’Infantil, Primària i Secundària i és un dels més grans del municipi de Rubí, envoltat per l’entorn natural del bosc de ca n’Oriol. Disposa d’una àmplia zona exterior d’esbarjo amb espais diferenciats: pati d’Infantil, pistes de bàsquet, pista de futbol, zona de pícnic, hort i zona d’estructura infantil.</p>



<p>L’edifici consta de tres plantes: baixa, primera i segona.</p>



<p>A la planta baixa podem trobar un ampli vestíbul, el despatx de direcció, consergeria, biblioteca, gimnàs, aula de música, aula de psicomotricitat, aula de joc simbòlic, menjadors i les aules d’educació Infantil amb accés directe al pati.</p>



<p>A la primera planta, trobem les aules de Secundària, un ampli hall amb àgora, la sala de docents, una l’aula taller i diverses sales de reunió.</p>



<p>Finalment, a la segona planta trobem les aules de Primària, tres aules polivalents, sala d’expressió corporal i sala d’audiovisuals.</p>



<p>Donat que és un centre amb molta història anem actualitzant els espais i adaptant-los a les necessitats de cada moment.<strong></strong></p>



<h2 class="wp-block-heading"><strong>COM ÉS L’ESPAI MIGDIA?</strong></h2>



<p>A l’espai del migdia disposem de servei de menjador gestionat per l’empresa <em>La vostra cuina</em>. Els alumnes dinen al menjador de l’escola en diferents torns i gaudeixen d’un temps de lleure acompanyats per un equip d&#8217;educadors i educadores. En el cas d’infantil, disposen d’un menjador diferenciat.<img loading="lazy" decoding="async" src="blob:https://agora.xtec.cat/5a2163d0-76fc-4aef-acca-9dd5e4b6ea1f" width="180" height="180"></p>



<p>L&#8217;empresa la vostra cuina gestiona l&#8217;espai migdia; el projecte que desenvolupa està alineat amb el projecte educatiu del centre.</p>



<p>Podeu saber-ne més en el següent enllaç: la vostra cuina: <a href="https://cateringlavostracuina.com/">LA VOSTRA CUINA.</a></p>



<h2 class="wp-block-heading"><strong>FEU ACTIVITATS EXTERNES?</strong></h2>



<p>El nostre projecte educatiu inclou sortides pedagògiques per a totes les etapes organitzades per entitats externes a l&#8217;institut escola. Aquestes s&#8217;adapten a la proposta pedagògica de cada moment del curs. D’altra banda, a totes les etapes es realitzen activitats i tallers realitzades per entitats externes.</p>



<h2 class="wp-block-heading"><strong>I COLÒNIES ESCOLARS?</strong></h2>



<p>Des d&#8217;I5 fins a 3r d’ESO, tot l’alumnat anem 3 dies de colònies escolars amb l’objectiu de fomentar l’autonomia personal, reforçar les relacions socials, gaudir de l’entorn natural i fer descobertes en un ambient relaxat i ple de complicitats. És una activitat inclusiva i des del centre afavorim la participació de tot l’alumnat.</p>



<p>En els cursos de 6è de primària i 4t d’ESO es realitzen viatges de final d’etapa.</p>



<h2 class="wp-block-heading"><strong>COM PODEM PARTICIPAR LES FAMÍLIES EN EL DIA A DIA DEL CENTRE?</strong></h2>



<p>Les famílies esteu presents en moltes activitats del centre tant dins com fora de l’aula. Podeu venir a explicar-nos un conte, fer-nos un taller d&#8217;aprenentatge, compartir el vostre ofici o les vostres aficions, participar com experts en un projecte, a festes… qualsevol proposta és benvinguda!</p>



<p>Fem servir la plataforma Dinantia per comunicar les informacions d&#8217;interès general.&nbsp;</p>



<p>Al centre hi ha una comissió de docents interetapa que es reuneixen setmanalment per preparar propostes. Cada nivell durant el curs us oferirà diferents propostes per poder participar. Les nostres portes sempre estan obertes per escoltar-vos.&nbsp;</p>



<p><strong>S’HA DE COMPRAR XANDALL DE CENTRE I/O BATA?</strong></p>



<p>Actualment, no cal que l’alumnat porti cap equipació esportiva, bata o motxilla específica. Es recomana que la motxilla sigui de mida petita i adequada a les necessitats de cada etapa.<br><strong></strong></p>



<h2 class="wp-block-heading"><strong>QUINA ÉS LA QUOTA ESCOLAR I A QUÈ ES DESTINA?</strong></h2>



<p>Tenint en compte que el Departament d’Educació no sufraga el 100% del cost de l’educació d’un infant, demanem que cada família faci una aportació anual que va destinada a la compra del material didàctic dels diferents espais d’aprenentatge, la provisió de material fungible per a l’alumnat, la restitució del material de tallers i laboratoris, l&#8217;actualització dels espais&#8230;&nbsp;</p>



<p>La quota de recursos educatius del curs 25/26 ha estat de 180€ anuals per a les famílies d&#8217;infantil i primària i de 190€ anuals per a les famílies de Secundària (aquesta quota es pot fraccionar segons les necessitats de les famílies). Inclou les activitats complementàries, sortides i tallers. En el cas de les colònies es fa un pagament a part.&nbsp;</p>



<h2 class="wp-block-heading"><strong>QUANTES PLACES OFERIU DE CARA EL CURS 2026-2027?</strong></h2>



<p>Per al curs vinent s’ofereixen 19 places a I3, algunes d’elles reservades per alumnes NESE i NEE.&nbsp;</p>



<p>Per a 1r d’ESO s’ofereixen 50 places.&nbsp;</p>



<p>En altres cursos cal consultar les vacants.</p>

<p>QUIN ÉS EL MARC HORARI? Comunitat de petits (Educació Infantil): de 9:30h a 12.55h i de 15:00h a 16:25h. Comunitat de mitjans i grans (Educació Primària): de 8:30h a 13:00h i de 15:00h a 16:30 h. Comunitat de joves (Educació Secundària Obligatòria):&nbsp; dijous i divendres, de 8:00 a 14:30 hores. HI HA SERVEI D’ACOLLIDA? Sí. [&hellip;]</p>
