{"id":3275,"date":"2025-02-12T15:42:10","date_gmt":"2025-02-12T14:42:10","guid":{"rendered":"https:\/\/agora.xtec.cat\/ieteresaaltet-rubi\/?page_id=3275"},"modified":"2026-04-14T12:49:30","modified_gmt":"2026-04-14T10:49:30","slug":"collaboracions-i-programes","status":"publish","type":"page","link":"https:\/\/agora.xtec.cat\/ieteresaaltet-rubi\/collaboracions-i-programes\/","title":{"rendered":"Col\u00b7laboracions i programes"},"content":{"rendered":"<p>Som un centre amb un claustre implicat i inquiet pedag\u00f2gicament. Estem en constant formaci\u00f3 per poder oferir al nostre alumnat i les seves families el millor servei. \u00c9s per aix\u00f2, que estem en xarxa amb diferents organitzacions i entitats que ens fan suport i supervisi\u00f3 de la nostra linia pedag\u00f2gica.<\/p>\n<ul>\n<li><a href=\"https:\/\/agora.xtec.cat\/ieteresaaltet-rubi\/portada\/som-escola-tandem\/\">Projecte d&#8217;innovaci\u00f3 T\u00e0ndem amb l&#8217;ESCAC i la Fundaci\u00f3 Catalunya la Pedrera.<\/a><\/li>\n<li>Som filoescola amb l&#8217;entitat grup IREF.<\/li>\n<li><a href=\"https:\/\/agora.xtec.cat\/ieteresaaltet-rubi\/general\/steam\/\">Som centre STEAM .<\/a><\/li>\n<li>Som centre referent UNICEF reconegut per UNICEF.<\/li>\n<li>Som centre formador MUFPS.<\/li>\n<li><a href=\"https:\/\/agora.xtec.cat\/ieteresaaltet-rubi\/categoria\/biblioteca\/\">Participem amb el PLAMIB, per la millorar del servei de Biblioteca escolar.<\/a><\/li>\n<li>A m\u00e9s del nostre comprom\u00eds amb l&#8217;AV ca&#8217;n Oriol, la Font del ferro, el Pla Educatiu d&#8217;Entorn de Rub\u00ed, la xarxa ACDE i la participaci\u00f3 a la xarxa d&#8217;Instituts escola que impulsa la Generalitat.<\/li>\n<li><a href=\"https:\/\/agora.xtec.cat\/ieteresaaltet-rubi\/general\/radio-altet\/\">Comissi\u00f3 de r\u00e0dio Altet.<\/a><\/li>\n<li><a href=\"https:\/\/drive.google.com\/file\/d\/1qr-H70X9-mwCSTca9zQhDeg1Y1gRD5pd\/view?usp=drive_link\">Programa de T\u00e8cnics\/ques d\u2019Integraci\u00f3 Social i Educadors\/es socials, cofinan\u00e7at per la Uni\u00f3 Europea.<\/a><\/li>\n<\/ul>\n\n\n<p><\/p>\n","protected":false},"excerpt":{"rendered":"<p>Som un centre amb un claustre implicat i inquiet pedag\u00f2gicament. Estem en constant formaci\u00f3 per poder oferir al nostre alumnat i les seves families el millor servei. \u00c9s per aix\u00f2, que estem en xarxa amb diferents organitzacions i entitats que ens fan suport i supervisi\u00f3 de la nostra linia pedag\u00f2gica. Projecte d&#8217;innovaci\u00f3 T\u00e0ndem amb l&#8217;ESCAC [&hellip;]<\/p>\n","protected":false},"author":1,"featured_media":0,"parent":0,"menu_order":0,"comment_status":"closed","ping_status":"closed","template":"","meta":{"_bbp_topic_count":0,"_bbp_reply_count":0,"_bbp_total_topic_count":0,"_bbp_total_reply_count":0,"_bbp_voice_count":0,"_bbp_anonymous_reply_count":0,"_bbp_topic_count_hidden":0,"_bbp_reply_count_hidden":0,"_bbp_forum_subforum_count":0,"site-sidebar-layout":"default","site-content-layout":"","ast-site-content-layout":"default","site-content-style":"default","site-sidebar-style":"default","ast-global-header-display":"","ast-banner-title-visibility":"","ast-main-header-display":"","ast-hfb-above-header-display":"","ast-hfb-below-header-display":"","ast-hfb-mobile-header-display":"","site-post-title":"","ast-breadcrumbs-content":"","ast-featured-img":"","footer-sml-layout":"","theme-transparent-header-meta":"","adv-header-id-meta":"","stick-header-meta":"","header-above-stick-meta":"","header-main-stick-meta":"","header-below-stick-meta":"","astra-migrate-meta-layouts":"set","ast-page-background-enabled":"default","ast-page-background-meta":{"desktop":{"background-color":"var(--ast-global-color-4)","background-image":"","background-repeat":"repeat","background-position":"center center","background-size":"auto","background-attachment":"scroll","background-type":"","background-media":"","overlay-type":"","overlay-color":"","overlay-opacity":"","overlay-gradient":""},"tablet":{"background-color":"","background-image":"","background-repeat":"repeat","background-position":"center center","background-size":"auto","background-attachment":"scroll","background-type":"","background-media":"","overlay-type":"","overlay-color":"","overlay-opacity":"","overlay-gradient":""},"mobile":{"background-color":"","background-image":"","background-repeat":"repeat","background-position":"center center","background-size":"auto","background-attachment":"scroll","background-type":"","background-media":"","overlay-type":"","overlay-color":"","overlay-opacity":"","overlay-gradient":""}},"ast-content-background-meta":{"desktop":{"background-color":"var(--ast-global-color-5)","background-image":"","background-repeat":"repeat","background-position":"center center","background-size":"auto","background-attachment":"scroll","background-type":"","background-media":"","overlay-type":"","overlay-color":"","overlay-opacity":"","overlay-gradient":""},"tablet":{"background-color":"var(--ast-global-color-5)","background-image":"","background-repeat":"repeat","background-position":"center center","background-size":"auto","background-attachment":"scroll","background-type":"","background-media":"","overlay-type":"","overlay-color":"","overlay-opacity":"","overlay-gradient":""},"mobile":{"background-color":"var(--ast-global-color-5)","background-image":"","background-repeat":"repeat","background-position":"center center","background-size":"auto","background-attachment":"scroll","background-type":"","background-media":"","overlay-type":"","overlay-color":"","overlay-opacity":"","overlay-gradient":""}},"footnotes":""},"class_list":["post-3275","page","type-page","status-publish","hentry"],"post_mailing_queue_ids":[],"_links":{"self":[{"href":"https:\/\/agora.xtec.cat\/ieteresaaltet-rubi\/wp-json\/wp\/v2\/pages\/3275","targetHints":{"allow":["GET"]}}],"collection":[{"href":"https:\/\/agora.xtec.cat\/ieteresaaltet-rubi\/wp-json\/wp\/v2\/pages"}],"about":[{"href":"https:\/\/agora.xtec.cat\/ieteresaaltet-rubi\/wp-json\/wp\/v2\/types\/page"}],"author":[{"embeddable":true,"href":"https:\/\/agora.xtec.cat\/ieteresaaltet-rubi\/wp-json\/wp\/v2\/users\/1"}],"replies":[{"embeddable":true,"href":"https:\/\/agora.xtec.cat\/ieteresaaltet-rubi\/wp-json\/wp\/v2\/comments?post=3275"}],"version-history":[{"count":6,"href":"https:\/\/agora.xtec.cat\/ieteresaaltet-rubi\/wp-json\/wp\/v2\/pages\/3275\/revisions"}],"predecessor-version":[{"id":3614,"href":"https:\/\/agora.xtec.cat\/ieteresaaltet-rubi\/wp-json\/wp\/v2\/pages\/3275\/revisions\/3614"}],"wp:attachment":[{"href":"https:\/\/agora.xtec.cat\/ieteresaaltet-rubi\/wp-json\/wp\/v2\/media?parent=3275"}],"curies":[{"name":"wp","href":"https:\/\/api.w.org\/{rel}","templated":true}]}}

<p>Som un centre amb un claustre implicat i inquiet pedagògicament. Estem en constant formació per poder oferir al nostre alumnat i les seves families el millor servei. És per això, que estem en xarxa amb diferents organitzacions i entitats que ens fan suport i supervisió de la nostra linia pedagògica.</p>
<ul>
<li><a href="https://agora.xtec.cat/ieteresaaltet-rubi/portada/som-escola-tandem/">Projecte d&#8217;innovació Tàndem amb l&#8217;ESCAC i la Fundació Catalunya la Pedrera.</a></li>
<li>Som filoescola amb l&#8217;entitat grup IREF.</li>
<li><a href="https://agora.xtec.cat/ieteresaaltet-rubi/general/steam/">Som centre STEAM .</a></li>
<li>Som centre referent UNICEF reconegut per UNICEF.</li>
<li>Som centre formador MUFPS.</li>
<li><a href="https://agora.xtec.cat/ieteresaaltet-rubi/categoria/biblioteca/">Participem amb el PLAMIB, per la millorar del servei de Biblioteca escolar.</a></li>
<li>A més del nostre compromís amb l&#8217;AV ca&#8217;n Oriol, la Font del ferro, el Pla Educatiu d&#8217;Entorn de Rubí, la xarxa ACDE i la participació a la xarxa d&#8217;Instituts escola que impulsa la Generalitat.</li>
<li><a href="https://agora.xtec.cat/ieteresaaltet-rubi/general/radio-altet/">Comissió de ràdio Altet.</a></li>
<li><a href="https://drive.google.com/file/d/1qr-H70X9-mwCSTca9zQhDeg1Y1gRD5pd/view?usp=drive_link">Programa de Tècnics/ques d’Integració Social i Educadors/es socials, cofinançat per la Unió Europea.</a></li>
</ul>


<p></p>

<p>Som un centre amb un claustre implicat i inquiet pedagògicament. Estem en constant formació per poder oferir al nostre alumnat i les seves families el millor servei. És per això, que estem en xarxa amb diferents organitzacions i entitats que ens fan suport i supervisió de la nostra linia pedagògica. Projecte d&#8217;innovació Tàndem amb l&#8217;ESCAC [&hellip;]</p>
