{"id":26,"date":"2014-09-18T12:24:32","date_gmt":"2014-09-18T11:24:32","guid":{"rendered":"http:\/\/agora.xtec.cat\/ieteresaaltet-rubi\/?page_id=26"},"modified":"2025-02-03T13:32:11","modified_gmt":"2025-02-03T12:32:11","slug":"historia","status":"publish","type":"page","link":"https:\/\/agora.xtec.cat\/ieteresaaltet-rubi\/projecte-educatiu\/lescola\/historia\/","title":{"rendered":"Hist\u00f2ria"},"content":{"rendered":"<p><b><a href=\"https:\/\/agora.xtec.cat\/ieteresaaltet-rubi\/wp-content\/uploads\/usu1398\/2024\/12\/maxresdefault-1.jpg\"><img loading=\"lazy\" decoding=\"async\" class=\" wp-image-3099 alignleft\" src=\"https:\/\/agora.xtec.cat\/ieteresaaltet-rubi\/wp-content\/uploads\/usu1398\/2024\/12\/maxresdefault-1.jpg\" alt=\"\" width=\"477\" height=\"334\" srcset=\"https:\/\/agora.xtec.cat\/ieteresaaltet-rubi\/wp-content\/uploads\/usu1398\/2024\/12\/maxresdefault-1.jpg 992w, https:\/\/agora.xtec.cat\/ieteresaaltet-rubi\/wp-content\/uploads\/usu1398\/2024\/12\/maxresdefault-1-300x210.jpg 300w, https:\/\/agora.xtec.cat\/ieteresaaltet-rubi\/wp-content\/uploads\/usu1398\/2024\/12\/maxresdefault-1-768x538.jpg 768w\" sizes=\"auto, (max-width: 477px) 100vw, 477px\" \/><\/a><\/b><span style=\"font-weight: 400;\">L&#8217;escola Teresa Altet es va posar en funcionament l\u2019any 1983. Aquell setembre, gr\u00e0cies a la lluita ve\u00efnal, m\u00e9s de 800 nens i nenes van iniciar el curs a l&#8217;escola del seu barri, Ca n&#8217;Oriol. <\/span><span style=\"font-weight: 400;\">El nom de l&#8217;escola ret homenatge Teresa Altet Roig, mestra de les escoles Ribas durant la rep\u00fablica i la guerra civil.\u00a0 <\/span><span style=\"font-weight: 400;\">\u00a0<\/span><\/p>\n<p>Durant la llarga traject\u00f2ria educativa, el nostre centre ha estat molt actiu pedag\u00f2gicament, impulsant canvis i projectes que han contribu\u00eft al desenvolupament integral de l&#8217;alumnat.<\/p>\n<p><span style=\"font-weight: 400;\">Al curs 2019-2020 el centre es va convertir l&#8217;Institut Escola Teresa Altet, amb un projecte 3-16 p\u00fablic, \u00fanic al municipi.<\/span><\/p>\n<p><span style=\"font-weight: 400;\">Els infants i joves del Teresa Altet gaudeixen d&#8217;un entorn privilegiat del bosc ca n&#8217;Oriol, on experimenten, manipulen, descobreixen, es diverteixen, cooperen i aprenen.<\/span><\/p>\n<p><span style=\"font-weight: 400;\">La nostra comunitat educativa est\u00e0 formada per docents, especialistes externs, personal de suport, fam\u00edlies i alumnes. Treballem conjuntament perqu\u00e8 infants i adolescents aprenguin a con\u00e8ixer, a fer, a ser i a viure junts.<\/span><\/p>\n","protected":false},"excerpt":{"rendered":"<p>L&#8217;escola Teresa Altet es va posar en funcionament l\u2019any 1983. Aquell setembre, gr\u00e0cies a la lluita ve\u00efnal, m\u00e9s de 800 nens i nenes van iniciar el curs a l&#8217;escola del seu barri, Ca n&#8217;Oriol. El nom de l&#8217;escola ret homenatge Teresa Altet Roig, mestra de les escoles Ribas durant la rep\u00fablica i la guerra civil.\u00a0 [&hellip;]<\/p>\n","protected":false},"author":1,"featured_media":0,"parent":22,"menu_order":10,"comment_status":"closed","ping_status":"closed","template":"page-templates\/side-menu.php","meta":{"_bbp_topic_count":0,"_bbp_reply_count":0,"_bbp_total_topic_count":0,"_bbp_total_reply_count":0,"_bbp_voice_count":0,"_bbp_anonymous_reply_count":0,"_bbp_topic_count_hidden":0,"_bbp_reply_count_hidden":0,"_bbp_forum_subforum_count":0,"site-sidebar-layout":"default","site-content-layout":"","ast-site-content-layout":"","site-content-style":"default","site-sidebar-style":"default","ast-global-header-display":"","ast-banner-title-visibility":"","ast-main-header-display":"","ast-hfb-above-header-display":"","ast-hfb-below-header-display":"","ast-hfb-mobile-header-display":"","site-post-title":"","ast-breadcrumbs-content":"","ast-featured-img":"","footer-sml-layout":"","theme-transparent-header-meta":"","adv-header-id-meta":"","stick-header-meta":"","header-above-stick-meta":"","header-main-stick-meta":"","header-below-stick-meta":"","astra-migrate-meta-layouts":"default","ast-page-background-enabled":"default","ast-page-background-meta":{"desktop":{"background-color":"var(--ast-global-color-4)","background-image":"","background-repeat":"repeat","background-position":"center center","background-size":"auto","background-attachment":"scroll","background-type":"","background-media":"","overlay-type":"","overlay-color":"","overlay-opacity":"","overlay-gradient":""},"tablet":{"background-color":"","background-image":"","background-repeat":"repeat","background-position":"center center","background-size":"auto","background-attachment":"scroll","background-type":"","background-media":"","overlay-type":"","overlay-color":"","overlay-opacity":"","overlay-gradient":""},"mobile":{"background-color":"","background-image":"","background-repeat":"repeat","background-position":"center center","background-size":"auto","background-attachment":"scroll","background-type":"","background-media":"","overlay-type":"","overlay-color":"","overlay-opacity":"","overlay-gradient":""}},"ast-content-background-meta":{"desktop":{"background-color":"var(--ast-global-color-5)","background-image":"","background-repeat":"repeat","background-position":"center center","background-size":"auto","background-attachment":"scroll","background-type":"","background-media":"","overlay-type":"","overlay-color":"","overlay-opacity":"","overlay-gradient":""},"tablet":{"background-color":"var(--ast-global-color-5)","background-image":"","background-repeat":"repeat","background-position":"center center","background-size":"auto","background-attachment":"scroll","background-type":"","background-media":"","overlay-type":"","overlay-color":"","overlay-opacity":"","overlay-gradient":""},"mobile":{"background-color":"var(--ast-global-color-5)","background-image":"","background-repeat":"repeat","background-position":"center center","background-size":"auto","background-attachment":"scroll","background-type":"","background-media":"","overlay-type":"","overlay-color":"","overlay-opacity":"","overlay-gradient":""}},"footnotes":""},"class_list":["post-26","page","type-page","status-publish","hentry"],"post_mailing_queue_ids":[],"_links":{"self":[{"href":"https:\/\/agora.xtec.cat\/ieteresaaltet-rubi\/wp-json\/wp\/v2\/pages\/26","targetHints":{"allow":["GET"]}}],"collection":[{"href":"https:\/\/agora.xtec.cat\/ieteresaaltet-rubi\/wp-json\/wp\/v2\/pages"}],"about":[{"href":"https:\/\/agora.xtec.cat\/ieteresaaltet-rubi\/wp-json\/wp\/v2\/types\/page"}],"author":[{"embeddable":true,"href":"https:\/\/agora.xtec.cat\/ieteresaaltet-rubi\/wp-json\/wp\/v2\/users\/1"}],"replies":[{"embeddable":true,"href":"https:\/\/agora.xtec.cat\/ieteresaaltet-rubi\/wp-json\/wp\/v2\/comments?post=26"}],"version-history":[{"count":6,"href":"https:\/\/agora.xtec.cat\/ieteresaaltet-rubi\/wp-json\/wp\/v2\/pages\/26\/revisions"}],"predecessor-version":[{"id":3260,"href":"https:\/\/agora.xtec.cat\/ieteresaaltet-rubi\/wp-json\/wp\/v2\/pages\/26\/revisions\/3260"}],"up":[{"embeddable":true,"href":"https:\/\/agora.xtec.cat\/ieteresaaltet-rubi\/wp-json\/wp\/v2\/pages\/22"}],"wp:attachment":[{"href":"https:\/\/agora.xtec.cat\/ieteresaaltet-rubi\/wp-json\/wp\/v2\/media?parent=26"}],"curies":[{"name":"wp","href":"https:\/\/api.w.org\/{rel}","templated":true}]}}

Història

<p><b><a href="https://agora.xtec.cat/ieteresaaltet-rubi/wp-content/uploads/usu1398/2024/12/maxresdefault-1.jpg"><img loading="lazy" decoding="async" class=" wp-image-3099 alignleft" src="https://agora.xtec.cat/ieteresaaltet-rubi/wp-content/uploads/usu1398/2024/12/maxresdefault-1.jpg" alt="" width="477" height="334" srcset="https://agora.xtec.cat/ieteresaaltet-rubi/wp-content/uploads/usu1398/2024/12/maxresdefault-1.jpg 992w, https://agora.xtec.cat/ieteresaaltet-rubi/wp-content/uploads/usu1398/2024/12/maxresdefault-1-300x210.jpg 300w, https://agora.xtec.cat/ieteresaaltet-rubi/wp-content/uploads/usu1398/2024/12/maxresdefault-1-768x538.jpg 768w" sizes="auto, (max-width: 477px) 100vw, 477px" /></a></b><span style="font-weight: 400;">L&#8217;escola Teresa Altet es va posar en funcionament l’any 1983. Aquell setembre, gràcies a la lluita veïnal, més de 800 nens i nenes van iniciar el curs a l&#8217;escola del seu barri, Ca n&#8217;Oriol. </span><span style="font-weight: 400;">El nom de l&#8217;escola ret homenatge Teresa Altet Roig, mestra de les escoles Ribas durant la república i la guerra civil.  </span><span style="font-weight: 400;"> </span></p>
<p>Durant la llarga trajectòria educativa, el nostre centre ha estat molt actiu pedagògicament, impulsant canvis i projectes que han contribuït al desenvolupament integral de l&#8217;alumnat.</p>
<p><span style="font-weight: 400;">Al curs 2019-2020 el centre es va convertir l&#8217;Institut Escola Teresa Altet, amb un projecte 3-16 públic, únic al municipi.</span></p>
<p><span style="font-weight: 400;">Els infants i joves del Teresa Altet gaudeixen d&#8217;un entorn privilegiat del bosc ca n&#8217;Oriol, on experimenten, manipulen, descobreixen, es diverteixen, cooperen i aprenen.</span></p>
<p><span style="font-weight: 400;">La nostra comunitat educativa està formada per docents, especialistes externs, personal de suport, famílies i alumnes. Treballem conjuntament perquè infants i adolescents aprenguin a conèixer, a fer, a ser i a viure junts.</span></p>

<p>L&#8217;escola Teresa Altet es va posar en funcionament l’any 1983. Aquell setembre, gràcies a la lluita veïnal, més de 800 nens i nenes van iniciar el curs a l&#8217;escola del seu barri, Ca n&#8217;Oriol. El nom de l&#8217;escola ret homenatge Teresa Altet Roig, mestra de les escoles Ribas durant la república i la guerra civil.  [&hellip;]</p>
