{"id":1753,"date":"2021-10-13T17:41:07","date_gmt":"2021-10-13T15:41:07","guid":{"rendered":"https:\/\/agora.xtec.cat\/ieteresaaltet-rubi\/?page_id=1753"},"modified":"2025-02-03T14:03:48","modified_gmt":"2025-02-03T13:03:48","slug":"afa","status":"publish","type":"page","link":"https:\/\/agora.xtec.cat\/ieteresaaltet-rubi\/afa\/","title":{"rendered":"AFA"},"content":{"rendered":"<div class=\"entry-content\">\n<p style=\"text-align: justify;\" data-wp-editing=\"1\">L\u2019AFA, <strong>Assoc<a href=\"https:\/\/agora.xtec.cat\/ieteresaaltet-rubi\/wp-content\/uploads\/usu1398\/2024\/12\/Captura-de-pantalla-2024-12-17-135428.png\"><img loading=\"lazy\" decoding=\"async\" class=\"wp-image-3078 alignleft\" src=\"https:\/\/agora.xtec.cat\/ieteresaaltet-rubi\/wp-content\/uploads\/usu1398\/2024\/12\/Captura-de-pantalla-2024-12-17-135428.png\" alt=\"\" width=\"177\" height=\"158\" \/><\/a>iaci\u00f3 de Fam\u00edlies d\u2019Alumnes<\/strong>, \u00e9s la forma m\u00e9s efectiva que tenen totes les fam\u00edlies d\u2019agrupar-se i organitzar-se dins del Centre Escolar. L\u2019AFA \u00e9s una entitat sense afany de lucre, reconeguda legalment al registre d\u2019associacions i les seves funcions estan regulades per un decret de la Generalitat de Catalunya.<\/p>\n<p style=\"text-align: justify;\">La tasca de les AFA, organitzadora de serveis complementaris, col\u00b7laboradora i vigilant davant les responsabilitats de les administracions, i reivindicativa pel que fa a la qualitat de l\u2019ensenyament, esdev\u00e9\u201a cada cop m\u00e9s important en la nostra societat.<\/p>\n<p style=\"text-align: justify;\">Una bona gesti\u00f3 de l\u2019AFA comporta la participaci\u00f3 i la dinamitzaci\u00f3 global del centre; per obtenir aix\u00f2, cal:<\/p>\n<ul style=\"list-style-type: disc;\">\n<li style=\"text-align: justify;\">Comprom\u00eds per part dels membres actius de la junta directiva.<\/li>\n<li style=\"text-align: justify;\">Col\u00b7laboraci\u00f3 i suport de totes les fam\u00edlies.<\/li>\n<li style=\"text-align: justify;\">Di\u00e0leg i col\u00b7laboraci\u00f3 amb tots els sectors de la comunitat educativa.<\/li>\n<li style=\"text-align: justify;\">Acc\u00e9s a la informaci\u00f3.<\/li>\n<li style=\"text-align: justify;\">El recolzament als mestres i dels mestres.<\/li>\n<li style=\"text-align: justify;\">L\u2019assessorament de federacions i d\u2019altres institucions.<\/li>\n<\/ul>\n<p style=\"text-align: justify;\">A m\u00e9s, l\u2019AFA :<\/p>\n<ul>\n<li style=\"text-align: justify;\">D\u00f3na suport als familiars, mestres i alumnes i tamb\u00e9 als \u00f2rgans de govern del centre en tot all\u00f2 que contribueixi a la millora de la qualitat de l\u2019ensenyament que reben els nois i les noies.<\/li>\n<li style=\"text-align: justify;\">Promou la participaci\u00f3 dels familiars a la comunitat educativa potenciant la seva implicaci\u00f3 en el funcionament del centre.<\/li>\n<li style=\"text-align: justify;\">\u00c9s un espai de reflexi\u00f3 que permet a les fam\u00edlies reflexionar i opinar sobre el funcionament quotidi\u00e0 de l\u2019escola i sobre temes educatius d\u2019abast m\u00e9s general.<\/li>\n<li style=\"text-align: justify;\">\u00c9s el principal interlocutor que tenen els mestres i els equips directius per tractar els temes que afecten a tot el col\u00b7lectiu de fam\u00edlies.<\/li>\n<li style=\"text-align: justify;\">Participa en la pressa de decisions i en el govern del centre mitjan\u00e7ant un representant al consell escolar de centre.<\/li>\n<li style=\"text-align: justify;\">Orienta a les fam\u00edlies en l\u2019exercici dels seus drets i obligacions com a membres d\u2019un centre educatiu sostingut amb fons p\u00fablics.<\/li>\n<li style=\"text-align: justify;\">Administra i gestiona els recursos que s\u2019inverteixen en millores per a l\u2019escola i l\u2019educaci\u00f3 de tots els nens i nenes.<\/li>\n<\/ul>\n<\/div>\n<h4><strong>PARTICIPA A LA NOSTRA AFA! <\/strong><\/h4>\n<p>La quota \u00e9s de nom\u00e9s<strong> 30 euros<\/strong> per fam\u00edlia.<\/p>\n<p>AFA Institut Escola Teresa Altet<\/p>\n","protected":false},"excerpt":{"rendered":"<p>L\u2019AFA, Associaci\u00f3 de Fam\u00edlies d\u2019Alumnes, \u00e9s la forma m\u00e9s efectiva que tenen totes les fam\u00edlies d\u2019agrupar-se i organitzar-se dins del Centre Escolar. L\u2019AFA \u00e9s una entitat sense afany de lucre, reconeguda legalment al registre d\u2019associacions i les seves funcions estan regulades per un decret de la Generalitat de Catalunya. La tasca de les AFA, organitzadora [&hellip;]<\/p>\n","protected":false},"author":4,"featured_media":0,"parent":0,"menu_order":0,"comment_status":"closed","ping_status":"closed","template":"","meta":{"_bbp_topic_count":0,"_bbp_reply_count":0,"_bbp_total_topic_count":0,"_bbp_total_reply_count":0,"_bbp_voice_count":0,"_bbp_anonymous_reply_count":0,"_bbp_topic_count_hidden":0,"_bbp_reply_count_hidden":0,"_bbp_forum_subforum_count":0,"site-sidebar-layout":"default","site-content-layout":"","ast-site-content-layout":"","site-content-style":"default","site-sidebar-style":"default","ast-global-header-display":"","ast-banner-title-visibility":"","ast-main-header-display":"","ast-hfb-above-header-display":"","ast-hfb-below-header-display":"","ast-hfb-mobile-header-display":"","site-post-title":"","ast-breadcrumbs-content":"","ast-featured-img":"","footer-sml-layout":"","theme-transparent-header-meta":"","adv-header-id-meta":"","stick-header-meta":"","header-above-stick-meta":"","header-main-stick-meta":"","header-below-stick-meta":"","astra-migrate-meta-layouts":"default","ast-page-background-enabled":"default","ast-page-background-meta":{"desktop":{"background-color":"var(--ast-global-color-4)","background-image":"","background-repeat":"repeat","background-position":"center center","background-size":"auto","background-attachment":"scroll","background-type":"","background-media":"","overlay-type":"","overlay-color":"","overlay-opacity":"","overlay-gradient":""},"tablet":{"background-color":"","background-image":"","background-repeat":"repeat","background-position":"center center","background-size":"auto","background-attachment":"scroll","background-type":"","background-media":"","overlay-type":"","overlay-color":"","overlay-opacity":"","overlay-gradient":""},"mobile":{"background-color":"","background-image":"","background-repeat":"repeat","background-position":"center center","background-size":"auto","background-attachment":"scroll","background-type":"","background-media":"","overlay-type":"","overlay-color":"","overlay-opacity":"","overlay-gradient":""}},"ast-content-background-meta":{"desktop":{"background-color":"var(--ast-global-color-5)","background-image":"","background-repeat":"repeat","background-position":"center center","background-size":"auto","background-attachment":"scroll","background-type":"","background-media":"","overlay-type":"","overlay-color":"","overlay-opacity":"","overlay-gradient":""},"tablet":{"background-color":"var(--ast-global-color-5)","background-image":"","background-repeat":"repeat","background-position":"center center","background-size":"auto","background-attachment":"scroll","background-type":"","background-media":"","overlay-type":"","overlay-color":"","overlay-opacity":"","overlay-gradient":""},"mobile":{"background-color":"var(--ast-global-color-5)","background-image":"","background-repeat":"repeat","background-position":"center center","background-size":"auto","background-attachment":"scroll","background-type":"","background-media":"","overlay-type":"","overlay-color":"","overlay-opacity":"","overlay-gradient":""}},"footnotes":""},"class_list":["post-1753","page","type-page","status-publish","hentry"],"post_mailing_queue_ids":[],"_links":{"self":[{"href":"https:\/\/agora.xtec.cat\/ieteresaaltet-rubi\/wp-json\/wp\/v2\/pages\/1753","targetHints":{"allow":["GET"]}}],"collection":[{"href":"https:\/\/agora.xtec.cat\/ieteresaaltet-rubi\/wp-json\/wp\/v2\/pages"}],"about":[{"href":"https:\/\/agora.xtec.cat\/ieteresaaltet-rubi\/wp-json\/wp\/v2\/types\/page"}],"author":[{"embeddable":true,"href":"https:\/\/agora.xtec.cat\/ieteresaaltet-rubi\/wp-json\/wp\/v2\/users\/4"}],"replies":[{"embeddable":true,"href":"https:\/\/agora.xtec.cat\/ieteresaaltet-rubi\/wp-json\/wp\/v2\/comments?post=1753"}],"version-history":[{"count":5,"href":"https:\/\/agora.xtec.cat\/ieteresaaltet-rubi\/wp-json\/wp\/v2\/pages\/1753\/revisions"}],"predecessor-version":[{"id":3269,"href":"https:\/\/agora.xtec.cat\/ieteresaaltet-rubi\/wp-json\/wp\/v2\/pages\/1753\/revisions\/3269"}],"wp:attachment":[{"href":"https:\/\/agora.xtec.cat\/ieteresaaltet-rubi\/wp-json\/wp\/v2\/media?parent=1753"}],"curies":[{"name":"wp","href":"https:\/\/api.w.org\/{rel}","templated":true}]}}

<div class="entry-content">
<p style="text-align: justify;" data-wp-editing="1">L’AFA, <strong>Assoc<a href="https://agora.xtec.cat/ieteresaaltet-rubi/wp-content/uploads/usu1398/2024/12/Captura-de-pantalla-2024-12-17-135428.png"><img loading="lazy" decoding="async" class="wp-image-3078 alignleft" src="https://agora.xtec.cat/ieteresaaltet-rubi/wp-content/uploads/usu1398/2024/12/Captura-de-pantalla-2024-12-17-135428.png" alt="" width="177" height="158" /></a>iació de Famílies d’Alumnes</strong>, és la forma més efectiva que tenen totes les famílies d’agrupar-se i organitzar-se dins del Centre Escolar. L’AFA és una entitat sense afany de lucre, reconeguda legalment al registre d’associacions i les seves funcions estan regulades per un decret de la Generalitat de Catalunya.</p>
<p style="text-align: justify;">La tasca de les AFA, organitzadora de serveis complementaris, col·laboradora i vigilant davant les responsabilitats de les administracions, i reivindicativa pel que fa a la qualitat de l’ensenyament, esdevé‚ cada cop més important en la nostra societat.</p>
<p style="text-align: justify;">Una bona gestió de l’AFA comporta la participació i la dinamització global del centre; per obtenir això, cal:</p>
<ul style="list-style-type: disc;">
<li style="text-align: justify;">Compromís per part dels membres actius de la junta directiva.</li>
<li style="text-align: justify;">Col·laboració i suport de totes les famílies.</li>
<li style="text-align: justify;">Diàleg i col·laboració amb tots els sectors de la comunitat educativa.</li>
<li style="text-align: justify;">Accés a la informació.</li>
<li style="text-align: justify;">El recolzament als mestres i dels mestres.</li>
<li style="text-align: justify;">L’assessorament de federacions i d’altres institucions.</li>
</ul>
<p style="text-align: justify;">A més, l’AFA :</p>
<ul>
<li style="text-align: justify;">Dóna suport als familiars, mestres i alumnes i també als òrgans de govern del centre en tot allò que contribueixi a la millora de la qualitat de l’ensenyament que reben els nois i les noies.</li>
<li style="text-align: justify;">Promou la participació dels familiars a la comunitat educativa potenciant la seva implicació en el funcionament del centre.</li>
<li style="text-align: justify;">És un espai de reflexió que permet a les famílies reflexionar i opinar sobre el funcionament quotidià de l’escola i sobre temes educatius d’abast més general.</li>
<li style="text-align: justify;">És el principal interlocutor que tenen els mestres i els equips directius per tractar els temes que afecten a tot el col·lectiu de famílies.</li>
<li style="text-align: justify;">Participa en la pressa de decisions i en el govern del centre mitjançant un representant al consell escolar de centre.</li>
<li style="text-align: justify;">Orienta a les famílies en l’exercici dels seus drets i obligacions com a membres d’un centre educatiu sostingut amb fons públics.</li>
<li style="text-align: justify;">Administra i gestiona els recursos que s’inverteixen en millores per a l’escola i l’educació de tots els nens i nenes.</li>
</ul>
</div>
<h4><strong>PARTICIPA A LA NOSTRA AFA! </strong></h4>
<p>La quota és de només<strong> 30 euros</strong> per família.</p>
<p>AFA Institut Escola Teresa Altet</p>

<p>L’AFA, Associació de Famílies d’Alumnes, és la forma més efectiva que tenen totes les famílies d’agrupar-se i organitzar-se dins del Centre Escolar. L’AFA és una entitat sense afany de lucre, reconeguda legalment al registre d’associacions i les seves funcions estan regulades per un decret de la Generalitat de Catalunya. La tasca de les AFA, organitzadora [&hellip;]</p>
