{"id":1702,"date":"2021-09-07T11:04:46","date_gmt":"2021-09-07T09:04:46","guid":{"rendered":"https:\/\/agora.xtec.cat\/ieteresaaltet-rubi\/?page_id=1702"},"modified":"2025-02-17T09:48:51","modified_gmt":"2025-02-17T08:48:51","slug":"equip-institut-escola-teresa-altet","status":"publish","type":"page","link":"https:\/\/agora.xtec.cat\/ieteresaaltet-rubi\/equip-institut-escola-teresa-altet\/","title":{"rendered":"EQUIP INSTITUT ESCOLA TERESA ALTET"},"content":{"rendered":"<p style=\"text-align: center;\">Som un centre p\u00fablic d\u2019educaci\u00f3 infantil, prim\u00e0ria i secund\u00e0ria, tenim per missi\u00f3 col\u00b7laborar en l&#8217;educaci\u00f3 i formaci\u00f3 dels nens,<br \/>\nnenes adolescents i joves d&#8217;entre<strong> 3 i 16 anys<\/strong>, per tal que esdevinguin ciutadans formats integralment (a nivell personal, social, motriu i intel\u00b7lectual) desenvolupant<br \/>\nles seves capacitats i compet\u00e8ncies tot assolint una base ferma per d\u2019integrar-se en la societat actual com a membres actius, compromesos i cr\u00edtics, amb plens drets i consci\u00e8ncia.<br \/>\nAmb aquest prop\u00f2sit, desenvolupa la seva organitzaci\u00f3 i planificaci\u00f3 d\u2019activitat formativa de forma inclusiva, fomentant i treballant a partir del marc de la cultura i<br \/>\nla llengua catalanes, integrant-se dins un projecte educatiu amb voluntat pluriling\u00fce, on la comunicaci\u00f3 i el treball en xarxa, \u00e9s l\u2019eina b\u00e0sica.<\/p>\n<p style=\"text-align: center;\">Afavoreix l\u2019educaci\u00f3 com a proc\u00e9s integral que afecta a tots els aspectes de la personalitat, potencia una l\u00ednia metodol\u00f2gica diversificada basada en el di\u00e0leg<br \/>\nconstructiu, la cooperaci\u00f3, l\u2019experimentaci\u00f3, l\u2019expressi\u00f3 acurada (usant diferents llenguatges: verbals, gr\u00e0fics, gestuals, audiovisuals&#8230;) i l\u2019autonomia, el lideratge per l\u2019aprenentatge dels qui protagonitzen els processos, la implicaci\u00f3 en el context social, l\u2019an\u00e0lisi de necessitats individuals i el disseny d\u2019un itinerari personal per cada alumne\/a, potenciant els punts forts de cadasc\u00fa, treballant cooperativament i en xarxa amb tots els agents educatius.<br \/>\nPotencia la participaci\u00f3 responsable i constructiva de tots els membres de la comunitat educativa, a trav\u00e9s dels \u00f2rgans de participaci\u00f3 en la gesti\u00f3 institucional, i impulsa la participaci\u00f3 en projectes d\u2019innovaci\u00f3 pedag\u00f2gica o en nous models organitzatius que potenci\u00efn els recursos dels que disposem.<\/p>\n","protected":false},"excerpt":{"rendered":"<p>Som un centre p\u00fablic d\u2019educaci\u00f3 infantil, prim\u00e0ria i secund\u00e0ria, tenim per missi\u00f3 col\u00b7laborar en l&#8217;educaci\u00f3 i formaci\u00f3 dels nens, nenes adolescents i joves d&#8217;entre 3 i 16 anys, per tal que esdevinguin ciutadans formats integralment (a nivell personal, social, motriu i intel\u00b7lectual) desenvolupant les seves capacitats i compet\u00e8ncies tot assolint una base ferma per d\u2019integrar-se [&hellip;]<\/p>\n","protected":false},"author":4,"featured_media":0,"parent":0,"menu_order":0,"comment_status":"closed","ping_status":"closed","template":"","meta":{"_bbp_topic_count":0,"_bbp_reply_count":0,"_bbp_total_topic_count":0,"_bbp_total_reply_count":0,"_bbp_voice_count":0,"_bbp_anonymous_reply_count":0,"_bbp_topic_count_hidden":0,"_bbp_reply_count_hidden":0,"_bbp_forum_subforum_count":0,"site-sidebar-layout":"default","site-content-layout":"","ast-site-content-layout":"","site-content-style":"default","site-sidebar-style":"default","ast-global-header-display":"","ast-banner-title-visibility":"","ast-main-header-display":"","ast-hfb-above-header-display":"","ast-hfb-below-header-display":"","ast-hfb-mobile-header-display":"","site-post-title":"","ast-breadcrumbs-content":"","ast-featured-img":"","footer-sml-layout":"","theme-transparent-header-meta":"","adv-header-id-meta":"","stick-header-meta":"","header-above-stick-meta":"","header-main-stick-meta":"","header-below-stick-meta":"","astra-migrate-meta-layouts":"default","ast-page-background-enabled":"default","ast-page-background-meta":{"desktop":{"background-color":"var(--ast-global-color-4)","background-image":"","background-repeat":"repeat","background-position":"center center","background-size":"auto","background-attachment":"scroll","background-type":"","background-media":"","overlay-type":"","overlay-color":"","overlay-opacity":"","overlay-gradient":""},"tablet":{"background-color":"","background-image":"","background-repeat":"repeat","background-position":"center center","background-size":"auto","background-attachment":"scroll","background-type":"","background-media":"","overlay-type":"","overlay-color":"","overlay-opacity":"","overlay-gradient":""},"mobile":{"background-color":"","background-image":"","background-repeat":"repeat","background-position":"center center","background-size":"auto","background-attachment":"scroll","background-type":"","background-media":"","overlay-type":"","overlay-color":"","overlay-opacity":"","overlay-gradient":""}},"ast-content-background-meta":{"desktop":{"background-color":"var(--ast-global-color-5)","background-image":"","background-repeat":"repeat","background-position":"center center","background-size":"auto","background-attachment":"scroll","background-type":"","background-media":"","overlay-type":"","overlay-color":"","overlay-opacity":"","overlay-gradient":""},"tablet":{"background-color":"var(--ast-global-color-5)","background-image":"","background-repeat":"repeat","background-position":"center center","background-size":"auto","background-attachment":"scroll","background-type":"","background-media":"","overlay-type":"","overlay-color":"","overlay-opacity":"","overlay-gradient":""},"mobile":{"background-color":"var(--ast-global-color-5)","background-image":"","background-repeat":"repeat","background-position":"center center","background-size":"auto","background-attachment":"scroll","background-type":"","background-media":"","overlay-type":"","overlay-color":"","overlay-opacity":"","overlay-gradient":""}},"footnotes":""},"class_list":["post-1702","page","type-page","status-publish","hentry"],"post_mailing_queue_ids":[],"_links":{"self":[{"href":"https:\/\/agora.xtec.cat\/ieteresaaltet-rubi\/wp-json\/wp\/v2\/pages\/1702","targetHints":{"allow":["GET"]}}],"collection":[{"href":"https:\/\/agora.xtec.cat\/ieteresaaltet-rubi\/wp-json\/wp\/v2\/pages"}],"about":[{"href":"https:\/\/agora.xtec.cat\/ieteresaaltet-rubi\/wp-json\/wp\/v2\/types\/page"}],"author":[{"embeddable":true,"href":"https:\/\/agora.xtec.cat\/ieteresaaltet-rubi\/wp-json\/wp\/v2\/users\/4"}],"replies":[{"embeddable":true,"href":"https:\/\/agora.xtec.cat\/ieteresaaltet-rubi\/wp-json\/wp\/v2\/comments?post=1702"}],"version-history":[{"count":7,"href":"https:\/\/agora.xtec.cat\/ieteresaaltet-rubi\/wp-json\/wp\/v2\/pages\/1702\/revisions"}],"predecessor-version":[{"id":3324,"href":"https:\/\/agora.xtec.cat\/ieteresaaltet-rubi\/wp-json\/wp\/v2\/pages\/1702\/revisions\/3324"}],"wp:attachment":[{"href":"https:\/\/agora.xtec.cat\/ieteresaaltet-rubi\/wp-json\/wp\/v2\/media?parent=1702"}],"curies":[{"name":"wp","href":"https:\/\/api.w.org\/{rel}","templated":true}]}}

<p style="text-align: center;">Som un centre públic d’educació infantil, primària i secundària, tenim per missió col·laborar en l&#8217;educació i formació dels nens,<br />
nenes adolescents i joves d&#8217;entre<strong> 3 i 16 anys</strong>, per tal que esdevinguin ciutadans formats integralment (a nivell personal, social, motriu i intel·lectual) desenvolupant<br />
les seves capacitats i competències tot assolint una base ferma per d’integrar-se en la societat actual com a membres actius, compromesos i crítics, amb plens drets i consciència.<br />
Amb aquest propòsit, desenvolupa la seva organització i planificació d’activitat formativa de forma inclusiva, fomentant i treballant a partir del marc de la cultura i<br />
la llengua catalanes, integrant-se dins un projecte educatiu amb voluntat plurilingüe, on la comunicació i el treball en xarxa, és l’eina bàsica.</p>
<p style="text-align: center;">Afavoreix l’educació com a procés integral que afecta a tots els aspectes de la personalitat, potencia una línia metodològica diversificada basada en el diàleg<br />
constructiu, la cooperació, l’experimentació, l’expressió acurada (usant diferents llenguatges: verbals, gràfics, gestuals, audiovisuals&#8230;) i l’autonomia, el lideratge per l’aprenentatge dels qui protagonitzen els processos, la implicació en el context social, l’anàlisi de necessitats individuals i el disseny d’un itinerari personal per cada alumne/a, potenciant els punts forts de cadascú, treballant cooperativament i en xarxa amb tots els agents educatius.<br />
Potencia la participació responsable i constructiva de tots els membres de la comunitat educativa, a través dels òrgans de participació en la gestió institucional, i impulsa la participació en projectes d’innovació pedagògica o en nous models organitzatius que potenciïn els recursos dels que disposem.</p>

<p>Som un centre públic d’educació infantil, primària i secundària, tenim per missió col·laborar en l&#8217;educació i formació dels nens, nenes adolescents i joves d&#8217;entre 3 i 16 anys, per tal que esdevinguin ciutadans formats integralment (a nivell personal, social, motriu i intel·lectual) desenvolupant les seves capacitats i competències tot assolint una base ferma per d’integrar-se [&hellip;]</p>
