{"id":5242,"date":"2017-09-07T06:40:41","date_gmt":"2017-09-07T04:40:41","guid":{"rendered":"http:\/\/agora.xtec.cat\/ietemple\/\/?page_id=5242"},"modified":"2020-09-09T22:03:08","modified_gmt":"2020-09-09T20:03:08","slug":"experts-de-familia","status":"publish","type":"page","link":"https:\/\/agora.xtec.cat\/ietemple\/les-families\/experts-de-familia\/","title":{"rendered":"EXPERTS DE FAM\u00cdLIA"},"content":{"rendered":"<p><span lang=\"CA\"><span style=\"font-family: Calibri;\">La investigaci\u00f3 i la recerca s\u00f3n elements fonamentals del dia a dia dels alumnes. Des d\u2019infantil fins a secund\u00e0ria, es realitzen projectes d\u2019investigaci\u00f3 per entendre i descobrir el m\u00f3n que ens envolta. Tenint en compte la base cient\u00edfica es portaran a terme processos de descoberta de l\u2019entorn mitjan\u00e7ant observacions, experiments, entrevistes, sortides, etc.<a href=\"https:\/\/docs.google.com\/forms\/d\/e\/1FAIpQLSet77_e9jHZI0N1HVAbhtXMjZ4H1cN9OClJY-8Y7MR_3zRBZQ\/viewform\" target=\"_blank\" rel=\"noopener noreferrer\"><img loading=\"lazy\" decoding=\"async\" class=\"alignleft wp-image-5226 size-medium\" src=\"http:\/\/agora.xtec.cat\/ietemple\/\/wp-content\/uploads\/usu352\/2017\/09\/experts-fam\u00edlia-300x225.jpg\" alt=\"\" width=\"300\" height=\"225\" srcset=\"https:\/\/agora.xtec.cat\/ietemple\/wp-content\/uploads\/usu352\/2017\/09\/experts-fam\u00edlia-300x225.jpg 300w, https:\/\/agora.xtec.cat\/ietemple\/wp-content\/uploads\/usu352\/2017\/09\/experts-fam\u00edlia-768x576.jpg 768w, https:\/\/agora.xtec.cat\/ietemple\/wp-content\/uploads\/usu352\/2017\/09\/experts-fam\u00edlia.jpg 1024w, https:\/\/agora.xtec.cat\/ietemple\/wp-content\/uploads\/usu352\/2017\/09\/experts-fam\u00edlia-200x150.jpg 200w\" sizes=\"auto, (max-width: 300px) 100vw, 300px\" \/><\/a><\/span><\/span><\/p>\n<p><span lang=\"CA\"><span style=\"font-family: Calibri;\">El paper de les fam\u00edlies en tot aquest proc\u00e9s d\u2019investigaci\u00f3 ha de ser fonamental ja que poden ser una font de recursos immensa per als nois i noies\u00a0 a l\u2019hora d\u2019entrevistar a persones expertes amb criteri i experi\u00e8ncia suficients per donar resposta a les seves curiositats i necessitats de coneixement. \u00c9s per aix\u00f2 que us demanem, a tots aquells que ho desitgeu, que ens oferiu la possibilitat de comptar amb vosaltres i els vostres coneixements en els diferents camps i \u00e0mbits. Aix\u00f2 s\u00ed, us proposarem venir a l\u2019escola en el moment del curs que sigui necessari per participar en algun projecte d\u2019investigaci\u00f3 i que ho feu en aquell grup o nivell que ho necessiti, deixant de banda si \u00e9s el del vostre fill\/a. Podeu inscriure-vos clicant aquest <a href=\"https:\/\/docs.google.com\/forms\/d\/e\/1FAIpQLSet77_e9jHZI0N1HVAbhtXMjZ4H1cN9OClJY-8Y7MR_3zRBZQ\/viewform\" target=\"_blank\" rel=\"noopener noreferrer\">FORMULARI<\/a><\/span><\/span><\/p>\n","protected":false},"excerpt":{"rendered":"<p>La investigaci\u00f3 i la recerca s\u00f3n elements fonamentals del dia a dia dels alumnes. Des d\u2019infantil fins a secund\u00e0ria, es realitzen projectes d\u2019investigaci\u00f3 per entendre i descobrir el m\u00f3n que ens envolta. Tenint en compte la base cient\u00edfica es portaran a terme processos de descoberta&hellip;  <a href=\"https:\/\/agora.xtec.cat\/ietemple\/les-families\/experts-de-familia\/\" title=\"Read EXPERTS DE FAM\u00cdLIA\">Llegeix m\u00e9s\u00bb<\/a><\/p>\n","protected":false},"author":1,"featured_media":0,"parent":5225,"menu_order":0,"comment_status":"closed","ping_status":"closed","template":"","meta":{"_bbp_topic_count":0,"_bbp_reply_count":0,"_bbp_total_topic_count":0,"_bbp_total_reply_count":0,"_bbp_voice_count":0,"_bbp_anonymous_reply_count":0,"_bbp_topic_count_hidden":0,"_bbp_reply_count_hidden":0,"_bbp_forum_subforum_count":0,"footnotes":""},"class_list":["post-5242","page","type-page","status-publish","hentry"],"post_mailing_queue_ids":[],"_links":{"self":[{"href":"https:\/\/agora.xtec.cat\/ietemple\/wp-json\/wp\/v2\/pages\/5242","targetHints":{"allow":["GET"]}}],"collection":[{"href":"https:\/\/agora.xtec.cat\/ietemple\/wp-json\/wp\/v2\/pages"}],"about":[{"href":"https:\/\/agora.xtec.cat\/ietemple\/wp-json\/wp\/v2\/types\/page"}],"author":[{"embeddable":true,"href":"https:\/\/agora.xtec.cat\/ietemple\/wp-json\/wp\/v2\/users\/1"}],"replies":[{"embeddable":true,"href":"https:\/\/agora.xtec.cat\/ietemple\/wp-json\/wp\/v2\/comments?post=5242"}],"version-history":[{"count":4,"href":"https:\/\/agora.xtec.cat\/ietemple\/wp-json\/wp\/v2\/pages\/5242\/revisions"}],"predecessor-version":[{"id":7891,"href":"https:\/\/agora.xtec.cat\/ietemple\/wp-json\/wp\/v2\/pages\/5242\/revisions\/7891"}],"up":[{"embeddable":true,"href":"https:\/\/agora.xtec.cat\/ietemple\/wp-json\/wp\/v2\/pages\/5225"}],"wp:attachment":[{"href":"https:\/\/agora.xtec.cat\/ietemple\/wp-json\/wp\/v2\/media?parent=5242"}],"curies":[{"name":"wp","href":"https:\/\/api.w.org\/{rel}","templated":true}]}}