{"id":433,"date":"2016-02-15T21:24:14","date_gmt":"2016-02-15T20:24:14","guid":{"rendered":"http:\/\/agora.xtec.cat\/ietemple\/\/?page_id=433"},"modified":"2020-09-09T22:08:35","modified_gmt":"2020-09-09T20:08:35","slug":"activitats-de-familia","status":"publish","type":"page","link":"https:\/\/agora.xtec.cat\/ietemple\/les-families\/activitats-de-familia\/","title":{"rendered":"ACTIVITATS DE FAM\u00cdLIA"},"content":{"rendered":"<p style=\"text-align: justify;\">Entenem les &#8220;<strong>Activitats de fam\u00edlia&#8221;<\/strong> com un espai m\u00e9s per a qu\u00e8 els infants comparteixin a trav\u00e9s d\u2019una activitat concreta, preparada per la mateixa fam\u00edlia, una part del seu <strong>dia a dia<\/strong> al centre. A m\u00e9s, poder participar activament de la vida del centre permet a les fam\u00edlies que ho desitgen tenir una visi\u00f3 m\u00e9s <strong>viva<\/strong> de la vida escolar. De la mateixa manera, <strong>compartir espais<\/strong> educatius\u00a0 amb els fills i filles tamb\u00e9 \u00e9s una bona oportunitat per generar viv\u00e8ncies positives amb els nens i nenes que les comparteixen.<\/p>\n<p style=\"text-align: justify;\"><a href=\"https:\/\/docs.google.com\/forms\/d\/e\/1FAIpQLSf1vzE52q0ebtNrCjNveZATGBF-QecJ-cjfwRxWivVt7fCtmA\/viewform\" target=\"_blank\" rel=\"noopener noreferrer\"><img loading=\"lazy\" decoding=\"async\" class=\"alignleft wp-image-445 size-medium\" src=\"http:\/\/agora.xtec.cat\/ietemple\/\/wp-content\/uploads\/usu352\/2016\/02\/20160129_161710-300x225.jpg\" alt=\"20160129_161710\" width=\"300\" height=\"225\" srcset=\"https:\/\/agora.xtec.cat\/ietemple\/wp-content\/uploads\/usu352\/2016\/02\/20160129_161710-300x225.jpg 300w, https:\/\/agora.xtec.cat\/ietemple\/wp-content\/uploads\/usu352\/2016\/02\/20160129_161710-1024x768.jpg 1024w, https:\/\/agora.xtec.cat\/ietemple\/wp-content\/uploads\/usu352\/2016\/02\/20160129_161710-200x150.jpg 200w\" sizes=\"auto, (max-width: 300px) 100vw, 300px\" \/><\/a>I qu\u00e8 vol dir que el centre est\u00e0 <strong>obert<\/strong>\u00a0a les fam\u00edlies? Doncs aix\u00f2, que <strong>tothom<\/strong> qui ho desitgi pot venir\u00a0 i realitzar activitats pr\u00e8viament acordades amb docents. Podr\u00e0 fer-ho a les aules dels seus fills o filles per\u00f2 tamb\u00e9 a les d&#8217;altres grups que ho desitgin. Tot plegat, amb l&#8217;objectiu de compartir el dia a dia de l&#8217;escola amb l&#8217;entorn m\u00e9s pr\u00f2xim dels nens i establir una relaci\u00f3 de <strong>confian\u00e7a<\/strong> tan necess\u00e0ria per <strong>acompanyar<\/strong> els infants en el seu proc\u00e9s educatiu.<\/p>\n<p style=\"text-align: justify;\">Aix\u00f2 s\u00ed, per tal de no interferir en el desenvolupament normal de les aules, us demanem que vingueu preferiblement a les tardes per a realizar aquestes activitats preparades per vosaltres. Nom\u00e9s cal que contacteu amb els tutors o ompliu el seg\u00fcent <a href=\"https:\/\/docs.google.com\/forms\/d\/e\/1FAIpQLSf1vzE52q0ebtNrCjNveZATGBF-QecJ-cjfwRxWivVt7fCtmA\/viewform\" target=\"_blank\" rel=\"noopener noreferrer\">FORMULARI<\/a><\/p>\n","protected":false},"excerpt":{"rendered":"<p>Entenem les &#8220;Activitats de fam\u00edlia&#8221; com un espai m\u00e9s per a qu\u00e8 els infants comparteixin a trav\u00e9s d\u2019una activitat concreta, preparada per la mateixa fam\u00edlia, una part del seu dia a dia al centre. A m\u00e9s, poder participar activament de la vida del centre permet&hellip;  <a href=\"https:\/\/agora.xtec.cat\/ietemple\/les-families\/activitats-de-familia\/\" title=\"Read ACTIVITATS DE FAM\u00cdLIA\">Llegeix m\u00e9s\u00bb<\/a><\/p>\n","protected":false},"author":1,"featured_media":0,"parent":5225,"menu_order":0,"comment_status":"closed","ping_status":"closed","template":"","meta":{"_bbp_topic_count":0,"_bbp_reply_count":0,"_bbp_total_topic_count":0,"_bbp_total_reply_count":0,"_bbp_voice_count":0,"_bbp_anonymous_reply_count":0,"_bbp_topic_count_hidden":0,"_bbp_reply_count_hidden":0,"_bbp_forum_subforum_count":0,"footnotes":""},"class_list":["post-433","page","type-page","status-publish","hentry"],"post_mailing_queue_ids":[],"_links":{"self":[{"href":"https:\/\/agora.xtec.cat\/ietemple\/wp-json\/wp\/v2\/pages\/433","targetHints":{"allow":["GET"]}}],"collection":[{"href":"https:\/\/agora.xtec.cat\/ietemple\/wp-json\/wp\/v2\/pages"}],"about":[{"href":"https:\/\/agora.xtec.cat\/ietemple\/wp-json\/wp\/v2\/types\/page"}],"author":[{"embeddable":true,"href":"https:\/\/agora.xtec.cat\/ietemple\/wp-json\/wp\/v2\/users\/1"}],"replies":[{"embeddable":true,"href":"https:\/\/agora.xtec.cat\/ietemple\/wp-json\/wp\/v2\/comments?post=433"}],"version-history":[{"count":4,"href":"https:\/\/agora.xtec.cat\/ietemple\/wp-json\/wp\/v2\/pages\/433\/revisions"}],"predecessor-version":[{"id":7892,"href":"https:\/\/agora.xtec.cat\/ietemple\/wp-json\/wp\/v2\/pages\/433\/revisions\/7892"}],"up":[{"embeddable":true,"href":"https:\/\/agora.xtec.cat\/ietemple\/wp-json\/wp\/v2\/pages\/5225"}],"wp:attachment":[{"href":"https:\/\/agora.xtec.cat\/ietemple\/wp-json\/wp\/v2\/media?parent=433"}],"curies":[{"name":"wp","href":"https:\/\/api.w.org\/{rel}","templated":true}]}}

ACTIVITATS DE FAMÍLIA

<p style="text-align: justify;">Entenem les &#8220;<strong>Activitats de família&#8221;</strong> com un espai més per a què els infants comparteixin a través d’una activitat concreta, preparada per la mateixa família, una part del seu <strong>dia a dia</strong> al centre. A més, poder participar activament de la vida del centre permet a les famílies que ho desitgen tenir una visió més <strong>viva</strong> de la vida escolar. De la mateixa manera, <strong>compartir espais</strong> educatius  amb els fills i filles també és una bona oportunitat per generar vivències positives amb els nens i nenes que les comparteixen.</p>
<p style="text-align: justify;"><a href="https://docs.google.com/forms/d/e/1FAIpQLSf1vzE52q0ebtNrCjNveZATGBF-QecJ-cjfwRxWivVt7fCtmA/viewform" target="_blank" rel="noopener noreferrer"><img loading="lazy" decoding="async" class="alignleft wp-image-445 size-medium" src="http://agora.xtec.cat/ietemple//wp-content/uploads/usu352/2016/02/20160129_161710-300x225.jpg" alt="20160129_161710" width="300" height="225" srcset="https://agora.xtec.cat/ietemple/wp-content/uploads/usu352/2016/02/20160129_161710-300x225.jpg 300w, https://agora.xtec.cat/ietemple/wp-content/uploads/usu352/2016/02/20160129_161710-1024x768.jpg 1024w, https://agora.xtec.cat/ietemple/wp-content/uploads/usu352/2016/02/20160129_161710-200x150.jpg 200w" sizes="auto, (max-width: 300px) 100vw, 300px" /></a>I què vol dir que el centre està <strong>obert</strong> a les famílies? Doncs això, que <strong>tothom</strong> qui ho desitgi pot venir  i realitzar activitats prèviament acordades amb docents. Podrà fer-ho a les aules dels seus fills o filles però també a les d&#8217;altres grups que ho desitgin. Tot plegat, amb l&#8217;objectiu de compartir el dia a dia de l&#8217;escola amb l&#8217;entorn més pròxim dels nens i establir una relació de <strong>confiança</strong> tan necessària per <strong>acompanyar</strong> els infants en el seu procés educatiu.</p>
<p style="text-align: justify;">Això sí, per tal de no interferir en el desenvolupament normal de les aules, us demanem que vingueu preferiblement a les tardes per a realizar aquestes activitats preparades per vosaltres. Només cal que contacteu amb els tutors o ompliu el següent <a href="https://docs.google.com/forms/d/e/1FAIpQLSf1vzE52q0ebtNrCjNveZATGBF-QecJ-cjfwRxWivVt7fCtmA/viewform" target="_blank" rel="noopener noreferrer">FORMULARI</a></p>

<p>Entenem les &#8220;Activitats de família&#8221; com un espai més per a què els infants comparteixin a través d’una activitat concreta, preparada per la mateixa família, una part del seu dia a dia al centre. A més, poder participar activament de la vida del centre permet&hellip;  <a href="https://agora.xtec.cat/ietemple/les-families/activitats-de-familia/" title="Read ACTIVITATS DE FAMÍLIA">Llegeix més»</a></p>
