{"id":893,"date":"2025-06-16T13:18:07","date_gmt":"2025-06-16T11:18:07","guid":{"rendered":"https:\/\/agora.xtec.cat\/iet\/?page_id=893"},"modified":"2025-06-17T12:29:38","modified_gmt":"2025-06-17T10:29:38","slug":"linstitut-2","status":"publish","type":"page","link":"https:\/\/agora.xtec.cat\/iet\/linstitut-2\/","title":{"rendered":"L&#8217;institut"},"content":{"rendered":"\n<div class=\"wp-block-columns is-layout-flex wp-container-core-columns-is-layout-1 wp-block-columns-is-layout-flex\">\n<div class=\"wp-block-column is-layout-flow wp-block-column-is-layout-flow\">\n<figure class=\"wp-block-image size-full\"><a href=\"https:\/\/agora.xtec.cat\/iet\/wp-content\/uploads\/usu3484\/2025\/06\/MANIFEST-CANET-1.png\"><img loading=\"lazy\" decoding=\"async\" width=\"599\" height=\"843\" src=\"https:\/\/agora.xtec.cat\/iet\/wp-content\/uploads\/usu3484\/2025\/06\/MANIFEST-CANET-1.png\" alt=\"\" class=\"wp-image-895\" srcset=\"https:\/\/agora.xtec.cat\/iet\/wp-content\/uploads\/usu3484\/2025\/06\/MANIFEST-CANET-1.png 599w, https:\/\/agora.xtec.cat\/iet\/wp-content\/uploads\/usu3484\/2025\/06\/MANIFEST-CANET-1-213x300.png 213w\" sizes=\"auto, (max-width: 599px) 100vw, 599px\" \/><\/a><\/figure>\n<\/div>\n\n\n\n<div class=\"wp-block-column is-layout-flow wp-block-column-is-layout-flow\">\n<h2 class=\"wp-block-heading\">Per qu\u00e8 escollir l&#8217;Institut Escola de Teixits?<\/h2>\n\n\n\n<p>A l\u2019<strong>Institut Escola de Teixits de Canet de Mar<\/strong> formem persones amb passi\u00f3, t\u00e8cnica i visi\u00f3. Som molt m\u00e9s que un centre educatiu: som una comunitat compromesa amb la <strong>formaci\u00f3 de qualitat<\/strong>, l\u2019<strong>acompanyament a l\u2019alumnat<\/strong> i la <strong>innovaci\u00f3 en el sector t\u00e8xtil i de la moda<\/strong>.<\/p>\n\n\n\n<p>Creiem en una educaci\u00f3 que transforma, que connecta l\u2019<strong>ofici i la creativitat<\/strong>, la <strong>tecnologia i la tradici\u00f3<\/strong>, l\u2019<strong>esfor\u00e7 i l\u2019expressi\u00f3 personal<\/strong>.<\/p>\n\n\n\n<p>Els nostres valors es filen com un teixit viu:<\/p>\n\n\n\n<ul class=\"wp-block-list\">\n<li>Som <strong>formaci\u00f3 especialitzada<\/strong> i enfocada al m\u00f3n real.<\/li>\n\n\n\n<li>Som <strong>teixit social i familiar<\/strong>, perqu\u00e8 acompanyem cada alumne en el seu cam\u00ed.<\/li>\n\n\n\n<li>Som <strong>innovaci\u00f3<\/strong>, perqu\u00e8 mirem endavant sense oblidar d\u2019on venim.<\/li>\n\n\n\n<li>Som <strong>confecci\u00f3 i patronatge<\/strong>, perqu\u00e8 entenem l\u2019ofici des de dins.<\/li>\n\n\n\n<li>Som <strong>creaci\u00f3 i passi\u00f3<\/strong>, perqu\u00e8 aprendre tamb\u00e9 \u00e9s imaginar.<\/li>\n\n\n\n<li>I som <strong>Canet de Mar<\/strong>, un poble amb una llarga tradici\u00f3 t\u00e8xtil que avui continua viu dins les nostres aules.<\/li>\n<\/ul>\n\n\n\n<p>Escollir-nos \u00e9s apostar per una FP especialitzada, propera, amb resultats i amb \u00e0nima.<\/p>\n<\/div>\n<\/div>\n","protected":false},"excerpt":{"rendered":"<p>Per qu\u00e8 escollir l&#8217;Institut Escola de Teixits? A l\u2019Institut Escola de Teixits de Canet de Mar formem persones amb passi\u00f3, t\u00e8cnica i visi\u00f3. Som molt m\u00e9s que un centre educatiu: som una comunitat compromesa amb la formaci\u00f3 de qualitat, l\u2019acompanyament a l\u2019alumnat i la innovaci\u00f3 en el sector t\u00e8xtil i de la moda. Creiem en [&hellip;]<\/p>\n","protected":false},"author":1,"featured_media":0,"parent":0,"menu_order":0,"comment_status":"closed","ping_status":"close","template":"","meta":{"site-sidebar-layout":"no-sidebar","site-content-layout":"","ast-site-content-layout":"full-width-container","site-content-style":"default","site-sidebar-style":"default","ast-global-header-display":"","ast-banner-title-visibility":"","ast-main-header-display":"","ast-hfb-above-header-display":"","ast-hfb-below-header-display":"","ast-hfb-mobile-header-display":"","site-post-title":"","ast-breadcrumbs-content":"","ast-featured-img":"","footer-sml-layout":"","theme-transparent-header-meta":"","adv-header-id-meta":"","stick-header-meta":"","header-above-stick-meta":"","header-main-stick-meta":"","header-below-stick-meta":"","astra-migrate-meta-layouts":"set","ast-page-background-enabled":"default","ast-page-background-meta":{"desktop":{"background-color":"var(--ast-global-color-4)","background-image":"","background-repeat":"repeat","background-position":"center center","background-size":"auto","background-attachment":"scroll","background-type":"","background-media":"","overlay-type":"","overlay-color":"","overlay-opacity":"","overlay-gradient":""},"tablet":{"background-color":"","background-image":"","background-repeat":"repeat","background-position":"center center","background-size":"auto","background-attachment":"scroll","background-type":"","background-media":"","overlay-type":"","overlay-color":"","overlay-opacity":"","overlay-gradient":""},"mobile":{"background-color":"","background-image":"","background-repeat":"repeat","background-position":"center center","background-size":"auto","background-attachment":"scroll","background-type":"","background-media":"","overlay-type":"","overlay-color":"","overlay-opacity":"","overlay-gradient":""}},"ast-content-background-meta":{"desktop":{"background-color":"var(--ast-global-color-5)","background-image":"","background-repeat":"repeat","background-position":"center center","background-size":"auto","background-attachment":"scroll","background-type":"","background-media":"","overlay-type":"","overlay-color":"","overlay-opacity":"","overlay-gradient":""},"tablet":{"background-color":"var(--ast-global-color-5)","background-image":"","background-repeat":"repeat","background-position":"center center","background-size":"auto","background-attachment":"scroll","background-type":"","background-media":"","overlay-type":"","overlay-color":"","overlay-opacity":"","overlay-gradient":""},"mobile":{"background-color":"var(--ast-global-color-5)","background-image":"","background-repeat":"repeat","background-position":"center center","background-size":"auto","background-attachment":"scroll","background-type":"","background-media":"","overlay-type":"","overlay-color":"","overlay-opacity":"","overlay-gradient":""}},"footnotes":""},"class_list":["post-893","page","type-page","status-publish","hentry"],"post_mailing_queue_ids":[],"_links":{"self":[{"href":"https:\/\/agora.xtec.cat\/iet\/wp-json\/wp\/v2\/pages\/893","targetHints":{"allow":["GET"]}}],"collection":[{"href":"https:\/\/agora.xtec.cat\/iet\/wp-json\/wp\/v2\/pages"}],"about":[{"href":"https:\/\/agora.xtec.cat\/iet\/wp-json\/wp\/v2\/types\/page"}],"author":[{"embeddable":true,"href":"https:\/\/agora.xtec.cat\/iet\/wp-json\/wp\/v2\/users\/1"}],"replies":[{"embeddable":true,"href":"https:\/\/agora.xtec.cat\/iet\/wp-json\/wp\/v2\/comments?post=893"}],"version-history":[{"count":5,"href":"https:\/\/agora.xtec.cat\/iet\/wp-json\/wp\/v2\/pages\/893\/revisions"}],"predecessor-version":[{"id":900,"href":"https:\/\/agora.xtec.cat\/iet\/wp-json\/wp\/v2\/pages\/893\/revisions\/900"}],"wp:attachment":[{"href":"https:\/\/agora.xtec.cat\/iet\/wp-json\/wp\/v2\/media?parent=893"}],"curies":[{"name":"wp","href":"https:\/\/api.w.org\/{rel}","templated":true}]}}