{"id":872,"date":"2025-06-16T13:11:44","date_gmt":"2025-06-16T11:11:44","guid":{"rendered":"https:\/\/agora.xtec.cat\/iet\/?page_id=872"},"modified":"2025-07-10T18:09:11","modified_gmt":"2025-07-10T16:09:11","slug":"fp-dual","status":"publish","type":"page","link":"https:\/\/agora.xtec.cat\/iet\/fp-dual\/","title":{"rendered":"FP DUAL"},"content":{"rendered":"\n<h3 class=\"wp-block-heading\">Sol\u00b7licitud del N\u00famero de la Seguretat Social (NUSS) per a l&#8217;alumnat de FP Dual<\/h3>\n\n\n\n<p>Per poder realitzar les pr\u00e0ctiques formatives de la modalitat Dual, \u00e9s obligatori que cada alumne\/a disposi del seu propi <strong>N\u00famero de la Seguretat Social (NUSS)<\/strong>.<\/p>\n\n\n\n<p>\ud83d\udc49 En aquest document trobar\u00e0s <strong>les instruccions detallades<\/strong> sobre com fer la sol\u00b7licitud, tant si ets major com menor d\u2019edat, aix\u00ed com la documentaci\u00f3 necess\u00e0ria i les diferents opcions per tramitar-ho (en l\u00ednia, sense identificaci\u00f3 electr\u00f2nica o presencialment).<\/p>\n\n\n\n<div class=\"wp-block-file\"><a id=\"wp-block-file--media-e27d7ea4-b704-4d0d-bea5-585d0ea64d83\" href=\"https:\/\/agora.xtec.cat\/iet\/wp-content\/uploads\/usu3484\/2025\/07\/Instruccions_Sollicitud_NUSS.pdf\">Descarrega aqu\u00ed les Instruccions per a la Sol\u00b7licitud del NUSS (PDF)<\/a><a href=\"https:\/\/agora.xtec.cat\/iet\/wp-content\/uploads\/usu3484\/2025\/07\/Instruccions_Sollicitud_NUSS.pdf\" class=\"wp-block-file__button wp-element-button\" download aria-describedby=\"wp-block-file--media-e27d7ea4-b704-4d0d-bea5-585d0ea64d83\">Baixa<\/a><\/div>\n\n\n\n<p>\u26a0\ufe0f <strong>\u00c9s important fer aquesta gesti\u00f3 amb antelaci\u00f3<\/strong> per evitar retards en la tramitaci\u00f3 de les pr\u00e0ctiques.<\/p>\n\n\n\n<p><\/p>\n","protected":false},"excerpt":{"rendered":"<p>Sol\u00b7licitud del N\u00famero de la Seguretat Social (NUSS) per a l&#8217;alumnat de FP Dual Per poder realitzar les pr\u00e0ctiques formatives de la modalitat Dual, \u00e9s obligatori que cada alumne\/a disposi del seu propi N\u00famero de la Seguretat Social (NUSS). \ud83d\udc49 En aquest document trobar\u00e0s les instruccions detallades sobre com fer la sol\u00b7licitud, tant si ets [&hellip;]<\/p>\n","protected":false},"author":1,"featured_media":0,"parent":0,"menu_order":0,"comment_status":"closed","ping_status":"close","template":"","meta":{"site-sidebar-layout":"default","site-content-layout":"","ast-site-content-layout":"default","site-content-style":"default","site-sidebar-style":"default","ast-global-header-display":"","ast-banner-title-visibility":"","ast-main-header-display":"","ast-hfb-above-header-display":"","ast-hfb-below-header-display":"","ast-hfb-mobile-header-display":"","site-post-title":"","ast-breadcrumbs-content":"","ast-featured-img":"","footer-sml-layout":"","theme-transparent-header-meta":"","adv-header-id-meta":"","stick-header-meta":"","header-above-stick-meta":"","header-main-stick-meta":"","header-below-stick-meta":"","astra-migrate-meta-layouts":"set","ast-page-background-enabled":"default","ast-page-background-meta":{"desktop":{"background-color":"var(--ast-global-color-4)","background-image":"","background-repeat":"repeat","background-position":"center center","background-size":"auto","background-attachment":"scroll","background-type":"","background-media":"","overlay-type":"","overlay-color":"","overlay-opacity":"","overlay-gradient":""},"tablet":{"background-color":"","background-image":"","background-repeat":"repeat","background-position":"center center","background-size":"auto","background-attachment":"scroll","background-type":"","background-media":"","overlay-type":"","overlay-color":"","overlay-opacity":"","overlay-gradient":""},"mobile":{"background-color":"","background-image":"","background-repeat":"repeat","background-position":"center center","background-size":"auto","background-attachment":"scroll","background-type":"","background-media":"","overlay-type":"","overlay-color":"","overlay-opacity":"","overlay-gradient":""}},"ast-content-background-meta":{"desktop":{"background-color":"var(--ast-global-color-5)","background-image":"","background-repeat":"repeat","background-position":"center center","background-size":"auto","background-attachment":"scroll","background-type":"","background-media":"","overlay-type":"","overlay-color":"","overlay-opacity":"","overlay-gradient":""},"tablet":{"background-color":"var(--ast-global-color-5)","background-image":"","background-repeat":"repeat","background-position":"center center","background-size":"auto","background-attachment":"scroll","background-type":"","background-media":"","overlay-type":"","overlay-color":"","overlay-opacity":"","overlay-gradient":""},"mobile":{"background-color":"var(--ast-global-color-5)","background-image":"","background-repeat":"repeat","background-position":"center center","background-size":"auto","background-attachment":"scroll","background-type":"","background-media":"","overlay-type":"","overlay-color":"","overlay-opacity":"","overlay-gradient":""}},"footnotes":""},"class_list":["post-872","page","type-page","status-publish","hentry"],"post_mailing_queue_ids":[],"_links":{"self":[{"href":"https:\/\/agora.xtec.cat\/iet\/wp-json\/wp\/v2\/pages\/872","targetHints":{"allow":["GET"]}}],"collection":[{"href":"https:\/\/agora.xtec.cat\/iet\/wp-json\/wp\/v2\/pages"}],"about":[{"href":"https:\/\/agora.xtec.cat\/iet\/wp-json\/wp\/v2\/types\/page"}],"author":[{"embeddable":true,"href":"https:\/\/agora.xtec.cat\/iet\/wp-json\/wp\/v2\/users\/1"}],"replies":[{"embeddable":true,"href":"https:\/\/agora.xtec.cat\/iet\/wp-json\/wp\/v2\/comments?post=872"}],"version-history":[{"count":4,"href":"https:\/\/agora.xtec.cat\/iet\/wp-json\/wp\/v2\/pages\/872\/revisions"}],"predecessor-version":[{"id":1367,"href":"https:\/\/agora.xtec.cat\/iet\/wp-json\/wp\/v2\/pages\/872\/revisions\/1367"}],"wp:attachment":[{"href":"https:\/\/agora.xtec.cat\/iet\/wp-json\/wp\/v2\/media?parent=872"}],"curies":[{"name":"wp","href":"https:\/\/api.w.org\/{rel}","templated":true}]}}