{"id":81,"date":"2014-09-18T10:38:05","date_gmt":"2014-09-18T10:38:05","guid":{"rendered":"http:\/\/agora.xtec.cat\/iet\/?page_id=81"},"modified":"2025-06-20T12:02:40","modified_gmt":"2025-06-20T10:02:40","slug":"secretaria","status":"publish","type":"page","link":"https:\/\/agora.xtec.cat\/iet\/secretaria\/","title":{"rendered":"Secretaria"},"content":{"rendered":"\n<p>En aquest espai trobareu tota la informaci\u00f3 i els tr\u00e0mits relacionats amb la gesti\u00f3 acad\u00e8mica i administrativa del centre. Podeu consultar  horaris, documentaci\u00f3 i procediments habituals com la preinscripci\u00f3, la matr\u00edcula o la sol\u00b7licitud de certificats.<\/p>\n\n\n\n<div class=\"wp-block-columns is-layout-flex wp-container-core-columns-is-layout-1 wp-block-columns-is-layout-flex\">\n<div class=\"wp-block-column has-ast-global-color-1-background-color has-background has-small-font-size is-layout-flow wp-container-core-column-is-layout-1 wp-block-column-is-layout-flow\" style=\"border-style:none;border-width:0px;border-radius:13px;padding-top:0;padding-right:0;padding-bottom:0;padding-left:0\">\n<p class=\"has-text-align-center {text-decoration: none;} has-white-color has-text-color has-link-color has-medium-font-size wp-elements-4852fed9cc4cb487b306acdd41bcc2d9\"><a style=\"text-decoration: none; color: inherit; text-transform: uppercase;\" href=\"https:\/\/agora.xtec.cat\/iet\/horari-datencio\/\" data-type=\"page\" data-id=\"713\"><br>    <strong>Horari d\u2019atenci\u00d3<\/strong><\/a><\/p>\n\n\n\n<figure class=\"wp-block-image aligncenter size-large is-style-default wp-duotone-unset-1\"><a href=\"https:\/\/agora.xtec.cat\/iet\/horari-datencio\/\"><img loading=\"lazy\" decoding=\"async\" width=\"768\" height=\"1024\" src=\"https:\/\/agora.xtec.cat\/iet\/wp-content\/uploads\/usu3484\/2025\/06\/pexels-abid-udoy-2148819280-30289789-3-768x1024.jpg\" alt=\"\" class=\"wp-image-1047\" style=\"aspect-ratio:1;object-fit:cover\" srcset=\"https:\/\/agora.xtec.cat\/iet\/wp-content\/uploads\/usu3484\/2025\/06\/pexels-abid-udoy-2148819280-30289789-3-768x1024.jpg 768w, https:\/\/agora.xtec.cat\/iet\/wp-content\/uploads\/usu3484\/2025\/06\/pexels-abid-udoy-2148819280-30289789-3-225x300.jpg 225w, https:\/\/agora.xtec.cat\/iet\/wp-content\/uploads\/usu3484\/2025\/06\/pexels-abid-udoy-2148819280-30289789-3-1152x1536.jpg 1152w, https:\/\/agora.xtec.cat\/iet\/wp-content\/uploads\/usu3484\/2025\/06\/pexels-abid-udoy-2148819280-30289789-3-1536x2048.jpg 1536w, https:\/\/agora.xtec.cat\/iet\/wp-content\/uploads\/usu3484\/2025\/06\/pexels-abid-udoy-2148819280-30289789-3-scaled.jpg 1920w\" sizes=\"auto, (max-width: 768px) 100vw, 768px\" \/><\/a><\/figure>\n<\/div>\n\n\n\n<div class=\"wp-block-column has-ast-global-color-1-background-color has-background has-small-font-size is-layout-flow wp-container-core-column-is-layout-2 wp-block-column-is-layout-flow\" style=\"border-style:none;border-width:0px;border-radius:13px;padding-top:0;padding-right:0;padding-bottom:0;padding-left:0\">\n<p class=\"has-text-align-center has-white-color has-text-color has-link-color has-medium-font-size wp-elements-4f3d79cb112061cf6a6ad8241dec7837\"><a style=\"text-decoration: none; color: inherit; text-transform: uppercase;\" href=\"https:\/\/agora.xtec.cat\/iet\/tramits\/\" data-type=\"page\" data-id=\"714\"><br>    <strong>TR\u00c0MITS<\/strong>  <\/a><\/p>\n\n\n\n<figure class=\"wp-block-image aligncenter size-large is-style-default\"><a href=\"https:\/\/agora.xtec.cat\/iet\/tramits\/\"><img loading=\"lazy\" decoding=\"async\" width=\"1024\" height=\"683\" src=\"https:\/\/agora.xtec.cat\/iet\/wp-content\/uploads\/usu3484\/2025\/06\/pexels-olly-3760067-1024x683.jpg\" alt=\"\" class=\"wp-image-1059\" style=\"aspect-ratio:1;object-fit:cover\" srcset=\"https:\/\/agora.xtec.cat\/iet\/wp-content\/uploads\/usu3484\/2025\/06\/pexels-olly-3760067-1024x683.jpg 1024w, https:\/\/agora.xtec.cat\/iet\/wp-content\/uploads\/usu3484\/2025\/06\/pexels-olly-3760067-300x200.jpg 300w, https:\/\/agora.xtec.cat\/iet\/wp-content\/uploads\/usu3484\/2025\/06\/pexels-olly-3760067-768x512.jpg 768w, https:\/\/agora.xtec.cat\/iet\/wp-content\/uploads\/usu3484\/2025\/06\/pexels-olly-3760067-1536x1024.jpg 1536w, https:\/\/agora.xtec.cat\/iet\/wp-content\/uploads\/usu3484\/2025\/06\/pexels-olly-3760067-2048x1365.jpg 2048w\" sizes=\"auto, (max-width: 1024px) 100vw, 1024px\" \/><\/a><\/figure>\n<\/div>\n\n\n\n<div class=\"wp-block-column has-ast-global-color-1-background-color has-background has-small-font-size is-layout-flow wp-container-core-column-is-layout-3 wp-block-column-is-layout-flow\" style=\"border-style:none;border-width:0px;border-radius:13px;padding-top:0;padding-right:0;padding-bottom:0;padding-left:0\">\n<p class=\"has-text-align-center has-white-color has-text-color has-link-color has-medium-font-size wp-elements-fcc50084f887d701d99bbbac347a630f\"><a style=\"text-decoration: none; color: inherit; text-transform: uppercase;\" href=\"https:\/\/agora.xtec.cat\/iet\/preinscripcioimatricula\/\" data-type=\"page\" data-id=\"715\"><br>    <strong>PREINSCRIPCI\u00d3 i matr\u00edcula<\/strong> <\/a><\/p>\n\n\n\n<figure class=\"wp-block-image aligncenter size-large is-style-default\"><a href=\"https:\/\/agora.xtec.cat\/iet\/preinscripcioimatricula\/\"><img loading=\"lazy\" decoding=\"async\" width=\"1024\" height=\"689\" src=\"https:\/\/agora.xtec.cat\/iet\/wp-content\/uploads\/usu3484\/2025\/06\/pexels-andy-barbour-6683440-1024x689.jpg\" alt=\"\" class=\"wp-image-1058\" style=\"aspect-ratio:1;object-fit:cover\" srcset=\"https:\/\/agora.xtec.cat\/iet\/wp-content\/uploads\/usu3484\/2025\/06\/pexels-andy-barbour-6683440-1024x689.jpg 1024w, https:\/\/agora.xtec.cat\/iet\/wp-content\/uploads\/usu3484\/2025\/06\/pexels-andy-barbour-6683440-300x202.jpg 300w, https:\/\/agora.xtec.cat\/iet\/wp-content\/uploads\/usu3484\/2025\/06\/pexels-andy-barbour-6683440-768x517.jpg 768w, https:\/\/agora.xtec.cat\/iet\/wp-content\/uploads\/usu3484\/2025\/06\/pexels-andy-barbour-6683440-1536x1033.jpg 1536w, https:\/\/agora.xtec.cat\/iet\/wp-content\/uploads\/usu3484\/2025\/06\/pexels-andy-barbour-6683440-2048x1378.jpg 2048w\" sizes=\"auto, (max-width: 1024px) 100vw, 1024px\" \/><\/a><\/figure>\n<\/div>\n\n\n\n<div class=\"wp-block-column has-ast-global-color-1-background-color has-background has-small-font-size is-layout-flow wp-container-core-column-is-layout-4 wp-block-column-is-layout-flow\" style=\"border-style:none;border-width:0px;border-radius:13px;padding-top:0;padding-right:0;padding-bottom:0;padding-left:0\">\n<p class=\"has-text-align-center has-white-color has-text-color has-link-color has-medium-font-size wp-elements-02d5730de0fa00260e10417aa27cd3b7\"><a style=\"text-decoration: none; color: inherit; text-transform: uppercase;\" href=\"https:\/\/agora.xtec.cat\/iet\/provesacces\/\" data-type=\"page\" data-id=\"716\"><br>    <strong>proves d&#8217;acc\u00e9s<\/strong><\/a><\/p>\n\n\n\n<figure class=\"wp-block-image aligncenter size-full is-style-default\"><a href=\"https:\/\/agora.xtec.cat\/iet\/provesacces\/\"><img loading=\"lazy\" decoding=\"async\" width=\"720\" height=\"300\" src=\"https:\/\/agora.xtec.cat\/iet\/wp-content\/uploads\/usu3484\/2025\/06\/consejos-para-hacer-un-examen-720x300-1.jpg\" alt=\"\" class=\"wp-image-1063\" style=\"aspect-ratio:1;object-fit:cover\" srcset=\"https:\/\/agora.xtec.cat\/iet\/wp-content\/uploads\/usu3484\/2025\/06\/consejos-para-hacer-un-examen-720x300-1.jpg 720w, https:\/\/agora.xtec.cat\/iet\/wp-content\/uploads\/usu3484\/2025\/06\/consejos-para-hacer-un-examen-720x300-1-300x125.jpg 300w\" sizes=\"auto, (max-width: 720px) 100vw, 720px\" \/><\/a><\/figure>\n<\/div>\n<\/div>\n\n\n\n<div class=\"wp-block-columns is-layout-flex wp-container-core-columns-is-layout-2 wp-block-columns-is-layout-flex\">\n<div class=\"wp-block-column has-ast-global-color-1-background-color has-background has-small-font-size is-layout-flow wp-container-core-column-is-layout-5 wp-block-column-is-layout-flow\" style=\"border-style:none;border-width:0px;border-radius:13px;padding-top:0;padding-right:0;padding-bottom:0;padding-left:0\">\n<p class=\"has-text-align-center has-white-color has-text-color has-link-color has-medium-font-size wp-elements-71417d94b1bfec0cc9c46d06762d13f5\"><a style=\"text-decoration: none; color: inherit; text-transform: uppercase;\" href=\"https:\/\/agora.xtec.cat\/iet\/beques-i-ajuts\/\" data-type=\"page\" data-id=\"717\"><br>    <strong>beques i ajuts<\/strong><\/a><\/p>\n\n\n\n<figure class=\"wp-block-image aligncenter size-full is-style-default\"><a href=\"https:\/\/agora.xtec.cat\/iet\/beques-i-ajuts\/\"><img loading=\"lazy\" decoding=\"async\" width=\"615\" height=\"466\" src=\"https:\/\/agora.xtec.cat\/iet\/wp-content\/uploads\/usu3484\/2025\/06\/Captura-de-pantalla-2025-06-17-094656.png\" alt=\"\" class=\"wp-image-1069\" style=\"aspect-ratio:1;object-fit:cover\" srcset=\"https:\/\/agora.xtec.cat\/iet\/wp-content\/uploads\/usu3484\/2025\/06\/Captura-de-pantalla-2025-06-17-094656.png 615w, https:\/\/agora.xtec.cat\/iet\/wp-content\/uploads\/usu3484\/2025\/06\/Captura-de-pantalla-2025-06-17-094656-300x227.png 300w\" sizes=\"auto, (max-width: 615px) 100vw, 615px\" \/><\/a><\/figure>\n<\/div>\n\n\n\n<div class=\"wp-block-column has-ast-global-color-1-background-color has-background has-small-font-size is-layout-flow wp-container-core-column-is-layout-6 wp-block-column-is-layout-flow\" style=\"border-style:none;border-width:0px;border-radius:13px;padding-top:0;padding-right:0;padding-bottom:0;padding-left:0\">\n<p class=\"has-text-align-center has-white-color has-text-color has-link-color has-medium-font-size wp-elements-5fbb6852e6c43498de951d9de2120577\"><a style=\"text-decoration: none; color: inherit; text-transform: uppercase;\" href=\"https:\/\/agora.xtec.cat\/iet\/documents\/\" data-type=\"page\" data-id=\"718\"><br>    <strong>documents<\/strong> <\/a><\/p>\n\n\n\n<figure class=\"wp-block-image aligncenter size-full is-style-default\"><a href=\"https:\/\/agora.xtec.cat\/iet\/documents\/\"><img loading=\"lazy\" decoding=\"async\" width=\"1120\" height=\"1120\" src=\"https:\/\/agora.xtec.cat\/iet\/wp-content\/uploads\/usu3484\/2025\/06\/documento-que-ponga-plantilla-3.jpg\" alt=\"\" class=\"wp-image-1116\" style=\"aspect-ratio:1;object-fit:cover\" srcset=\"https:\/\/agora.xtec.cat\/iet\/wp-content\/uploads\/usu3484\/2025\/06\/documento-que-ponga-plantilla-3.jpg 1120w, https:\/\/agora.xtec.cat\/iet\/wp-content\/uploads\/usu3484\/2025\/06\/documento-que-ponga-plantilla-3-300x300.jpg 300w, https:\/\/agora.xtec.cat\/iet\/wp-content\/uploads\/usu3484\/2025\/06\/documento-que-ponga-plantilla-3-1024x1024.jpg 1024w, https:\/\/agora.xtec.cat\/iet\/wp-content\/uploads\/usu3484\/2025\/06\/documento-que-ponga-plantilla-3-150x150.jpg 150w, https:\/\/agora.xtec.cat\/iet\/wp-content\/uploads\/usu3484\/2025\/06\/documento-que-ponga-plantilla-3-768x768.jpg 768w\" sizes=\"auto, (max-width: 1120px) 100vw, 1120px\" \/><\/a><\/figure>\n<\/div>\n\n\n\n<div class=\"wp-block-column has-ast-global-color-1-background-color has-background has-small-font-size is-layout-flow wp-container-core-column-is-layout-7 wp-block-column-is-layout-flow\" style=\"border-style:none;border-width:0px;border-radius:13px;padding-top:0;padding-right:0;padding-bottom:0;padding-left:0\">\n<p class=\"has-text-align-center has-white-color has-text-color has-link-color has-medium-font-size wp-elements-52168b57fe298a6cc5b914c365418743\"><a style=\"text-decoration: none; color: inherit; text-transform: uppercase;\" href=\"https:\/\/agora.xtec.cat\/iet\/convalidacions\/\" data-type=\"page\" data-id=\"718\"><br>    <strong>convalidacions<\/strong> <\/a><\/p>\n\n\n\n<figure class=\"wp-block-image aligncenter size-full is-style-default\"><a href=\"https:\/\/agora.xtec.cat\/iet\/convalidacions\/\"><img loading=\"lazy\" decoding=\"async\" width=\"2560\" height=\"1708\" src=\"https:\/\/agora.xtec.cat\/iet\/wp-content\/uploads\/usu3484\/2025\/06\/pexels-pixabay-289737-scaled.jpg\" alt=\"\" class=\"wp-image-1274\" style=\"aspect-ratio:1;object-fit:cover\" srcset=\"https:\/\/agora.xtec.cat\/iet\/wp-content\/uploads\/usu3484\/2025\/06\/pexels-pixabay-289737-scaled.jpg 2560w, https:\/\/agora.xtec.cat\/iet\/wp-content\/uploads\/usu3484\/2025\/06\/pexels-pixabay-289737-300x200.jpg 300w, https:\/\/agora.xtec.cat\/iet\/wp-content\/uploads\/usu3484\/2025\/06\/pexels-pixabay-289737-1024x683.jpg 1024w, https:\/\/agora.xtec.cat\/iet\/wp-content\/uploads\/usu3484\/2025\/06\/pexels-pixabay-289737-768x512.jpg 768w, https:\/\/agora.xtec.cat\/iet\/wp-content\/uploads\/usu3484\/2025\/06\/pexels-pixabay-289737-1536x1025.jpg 1536w, https:\/\/agora.xtec.cat\/iet\/wp-content\/uploads\/usu3484\/2025\/06\/pexels-pixabay-289737-2048x1366.jpg 2048w\" sizes=\"auto, (max-width: 2560px) 100vw, 2560px\" \/><\/a><\/figure>\n<\/div>\n\n\n\n<div class=\"wp-block-column has-white-background-color has-background has-small-font-size is-layout-flow wp-container-core-column-is-layout-8 wp-block-column-is-layout-flow\" style=\"border-style:none;border-width:0px;border-radius:13px;padding-top:0;padding-right:0;padding-bottom:0;padding-left:0\"><\/div>\n<\/div>\n\n\n\n<p><\/p>\n","protected":false},"excerpt":{"rendered":"<p>En aquest espai trobareu tota la informaci\u00f3 i els tr\u00e0mits relacionats amb la gesti\u00f3 acad\u00e8mica i administrativa del centre. Podeu consultar horaris, documentaci\u00f3 i procediments habituals com la preinscripci\u00f3, la matr\u00edcula o la sol\u00b7licitud de certificats. Horari d\u2019atenci\u00d3 TR\u00c0MITS PREINSCRIPCI\u00d3 i matr\u00edcula proves d&#8217;acc\u00e9s beques i ajuts documents convalidacions<\/p>\n","protected":false},"author":1,"featured_media":0,"parent":0,"menu_order":0,"comment_status":"closed","ping_status":"closed","template":"","meta":{"site-sidebar-layout":"no-sidebar","site-content-layout":"","ast-site-content-layout":"default","site-content-style":"default","site-sidebar-style":"default","ast-global-header-display":"","ast-banner-title-visibility":"","ast-main-header-display":"","ast-hfb-above-header-display":"","ast-hfb-below-header-display":"","ast-hfb-mobile-header-display":"","site-post-title":"","ast-breadcrumbs-content":"","ast-featured-img":"","footer-sml-layout":"","theme-transparent-header-meta":"","adv-header-id-meta":"","stick-header-meta":"","header-above-stick-meta":"","header-main-stick-meta":"","header-below-stick-meta":"","astra-migrate-meta-layouts":"set","ast-page-background-enabled":"default","ast-page-background-meta":{"desktop":{"background-color":"var(--ast-global-color-4)","background-image":"","background-repeat":"repeat","background-position":"center center","background-size":"auto","background-attachment":"scroll","background-type":"","background-media":"","overlay-type":"","overlay-color":"","overlay-opacity":"","overlay-gradient":""},"tablet":{"background-color":"","background-image":"","background-repeat":"repeat","background-position":"center center","background-size":"auto","background-attachment":"scroll","background-type":"","background-media":"","overlay-type":"","overlay-color":"","overlay-opacity":"","overlay-gradient":""},"mobile":{"background-color":"","background-image":"","background-repeat":"repeat","background-position":"center center","background-size":"auto","background-attachment":"scroll","background-type":"","background-media":"","overlay-type":"","overlay-color":"","overlay-opacity":"","overlay-gradient":""}},"ast-content-background-meta":{"desktop":{"background-color":"var(--ast-global-color-5)","background-image":"","background-repeat":"repeat","background-position":"center center","background-size":"auto","background-attachment":"scroll","background-type":"","background-media":"","overlay-type":"","overlay-color":"","overlay-opacity":"","overlay-gradient":""},"tablet":{"background-color":"var(--ast-global-color-5)","background-image":"","background-repeat":"repeat","background-position":"center center","background-size":"auto","background-attachment":"scroll","background-type":"","background-media":"","overlay-type":"","overlay-color":"","overlay-opacity":"","overlay-gradient":""},"mobile":{"background-color":"var(--ast-global-color-5)","background-image":"","background-repeat":"repeat","background-position":"center center","background-size":"auto","background-attachment":"scroll","background-type":"","background-media":"","overlay-type":"","overlay-color":"","overlay-opacity":"","overlay-gradient":""}},"footnotes":""},"class_list":["post-81","page","type-page","status-publish","hentry"],"post_mailing_queue_ids":[],"_links":{"self":[{"href":"https:\/\/agora.xtec.cat\/iet\/wp-json\/wp\/v2\/pages\/81","targetHints":{"allow":["GET"]}}],"collection":[{"href":"https:\/\/agora.xtec.cat\/iet\/wp-json\/wp\/v2\/pages"}],"about":[{"href":"https:\/\/agora.xtec.cat\/iet\/wp-json\/wp\/v2\/types\/page"}],"author":[{"embeddable":true,"href":"https:\/\/agora.xtec.cat\/iet\/wp-json\/wp\/v2\/users\/1"}],"replies":[{"embeddable":true,"href":"https:\/\/agora.xtec.cat\/iet\/wp-json\/wp\/v2\/comments?post=81"}],"version-history":[{"count":6,"href":"https:\/\/agora.xtec.cat\/iet\/wp-json\/wp\/v2\/pages\/81\/revisions"}],"predecessor-version":[{"id":1292,"href":"https:\/\/agora.xtec.cat\/iet\/wp-json\/wp\/v2\/pages\/81\/revisions\/1292"}],"wp:attachment":[{"href":"https:\/\/agora.xtec.cat\/iet\/wp-json\/wp\/v2\/media?parent=81"}],"curies":[{"name":"wp","href":"https:\/\/api.w.org\/{rel}","templated":true}]}}