{"id":766,"date":"2025-06-11T08:52:05","date_gmt":"2025-06-11T06:52:05","guid":{"rendered":"https:\/\/agora.xtec.cat\/iet\/?page_id=766"},"modified":"2025-06-20T18:52:52","modified_gmt":"2025-06-20T16:52:52","slug":"cfas-art-textil","status":"publish","type":"page","link":"https:\/\/agora.xtec.cat\/iet\/cfas-art-textil\/","title":{"rendered":"CFAS &#8211; Art T\u00e8xtil"},"content":{"rendered":"\n<div class=\"wp-block-columns is-layout-flex wp-container-core-columns-is-layout-1 wp-block-columns-is-layout-flex\">\n<div class=\"wp-block-column is-layout-flow wp-block-column-is-layout-flow\">\n<p>El cicle d&#8217;Art t\u00e8xtil \u00e9s molt m\u00e9s que experimentar amb fils i teixits. \u00c9s una experi\u00e8ncia creativa on descobrir\u00e0s diferents t\u00e8cniques transformadores, amb estampaci\u00f3, tintatge, brodats i textures per crear dissenys, combinant artesania i innovaci\u00f3.<\/p>\n\n\n\n<ul class=\"wp-block-list\">\n<li>Mitjans Inform\u00e0tics <\/li>\n\n\n\n<li>Formaci\u00f3 i Orientaci\u00f3 Laboral <\/li>\n\n\n\n<li>Hist\u00f2ria de T\u00e8xtils Art\u00edstics<\/li>\n\n\n\n<li>Projectes: Art T\u00e8xtil <\/li>\n\n\n\n<li>Projecte Final <\/li>\n\n\n\n<li>Gesti\u00f3 de Projectes Professionals <\/li>\n\n\n\n<li>Dibuix Art\u00edstic <\/li>\n\n\n\n<li>Color <\/li>\n\n\n\n<li>Taller d&#8217;Estampaci\u00f3 i Tintatge de Teles <\/li>\n\n\n\n<li>Taller d&#8217;Art T\u00e8xtil <\/li>\n\n\n\n<li>Taller de Teixits de Baix Lli\u00e7 <\/li>\n\n\n\n<li>Taller de Brodats i Puntes <\/li>\n\n\n\n<li>Taller de Tapissos i Catifes <\/li>\n\n\n\n<li>Fase de Pr\u00e0ctiques en Empreses, Estudis o Tallers <\/li>\n\n\n\n<li>Hores de lliure disposici\u00f3 del centre <\/li>\n<\/ul>\n<\/div>\n\n\n\n<div class=\"wp-block-column is-layout-flow wp-block-column-is-layout-flow\">\n<figure class=\"wp-block-image aligncenter size-full is-resized\"><a href=\"https:\/\/agora.xtec.cat\/iet\/wp-content\/uploads\/usu3484\/2025\/06\/emojis-6-1-1.png\"><img loading=\"lazy\" decoding=\"async\" width=\"562\" height=\"470\" src=\"https:\/\/agora.xtec.cat\/iet\/wp-content\/uploads\/usu3484\/2025\/06\/emojis-6-1-1.png\" alt=\"\" class=\"wp-image-829\" style=\"width:127px;height:auto\" srcset=\"https:\/\/agora.xtec.cat\/iet\/wp-content\/uploads\/usu3484\/2025\/06\/emojis-6-1-1.png 562w, https:\/\/agora.xtec.cat\/iet\/wp-content\/uploads\/usu3484\/2025\/06\/emojis-6-1-1-300x251.png 300w\" sizes=\"auto, (max-width: 562px) 100vw, 562px\" \/><\/a><\/figure>\n\n\n\n<p class=\"has-text-align-center\"><br><strong>Tria educativa:<\/strong> Cicle LOGSE<br><strong>Durada:<\/strong> 1950 hores<br><strong>Horari:<\/strong> Primer curs al mat\u00ed i segon curs a la tarda<br><\/p>\n\n\n\n<figure class=\"wp-block-image size-large\"><a href=\"https:\/\/agora.xtec.cat\/iet\/wp-content\/uploads\/usu3484\/2025\/06\/escola_teixits_canet-38-2-scaled.jpg\"><img loading=\"lazy\" decoding=\"async\" width=\"1024\" height=\"683\" src=\"https:\/\/agora.xtec.cat\/iet\/wp-content\/uploads\/usu3484\/2025\/06\/escola_teixits_canet-38-2-1024x683.jpg\" alt=\"\" class=\"wp-image-818\" srcset=\"https:\/\/agora.xtec.cat\/iet\/wp-content\/uploads\/usu3484\/2025\/06\/escola_teixits_canet-38-2-1024x683.jpg 1024w, https:\/\/agora.xtec.cat\/iet\/wp-content\/uploads\/usu3484\/2025\/06\/escola_teixits_canet-38-2-300x200.jpg 300w, https:\/\/agora.xtec.cat\/iet\/wp-content\/uploads\/usu3484\/2025\/06\/escola_teixits_canet-38-2-768x512.jpg 768w, https:\/\/agora.xtec.cat\/iet\/wp-content\/uploads\/usu3484\/2025\/06\/escola_teixits_canet-38-2-1536x1024.jpg 1536w, https:\/\/agora.xtec.cat\/iet\/wp-content\/uploads\/usu3484\/2025\/06\/escola_teixits_canet-38-2-2048x1365.jpg 2048w\" sizes=\"auto, (max-width: 1024px) 100vw, 1024px\" \/><\/a><\/figure>\n\n\n\n<p>Amb aquest cicle, tindr\u00e0s l\u2019oportunitat de fer pr\u00e0ctiques a les empreses del sector, per preparar-te per a una incorporaci\u00f3 r\u00e0pida al mercat laboral.<\/p>\n\n\n\n<p>Per a m\u00e9s informaci\u00f3 sobre aquest cicle, consulta la fitxa oficial a <strong>Tria Educativa<\/strong> de la Generalitat:<br><a href=\"https:\/\/triaeducativa.gencat.cat\/ca\/estudis\/?art-textil&amp;p_id=43\">Accedir a Tria Educativa<\/a><\/p>\n<\/div>\n<\/div>\n","protected":false},"excerpt":{"rendered":"<p>El cicle d&#8217;Art t\u00e8xtil \u00e9s molt m\u00e9s que experimentar amb fils i teixits. \u00c9s una experi\u00e8ncia creativa on descobrir\u00e0s diferents t\u00e8cniques transformadores, amb estampaci\u00f3, tintatge, brodats i textures per crear dissenys, combinant artesania i innovaci\u00f3. Tria educativa: Cicle LOGSEDurada: 1950 horesHorari: Primer curs al mat\u00ed i segon curs a la tarda Amb aquest cicle, tindr\u00e0s [&hellip;]<\/p>\n","protected":false},"author":1,"featured_media":0,"parent":0,"menu_order":0,"comment_status":"closed","ping_status":"close","template":"","meta":{"site-sidebar-layout":"no-sidebar","site-content-layout":"","ast-site-content-layout":"full-width-container","site-content-style":"default","site-sidebar-style":"default","ast-global-header-display":"","ast-banner-title-visibility":"","ast-main-header-display":"","ast-hfb-above-header-display":"","ast-hfb-below-header-display":"","ast-hfb-mobile-header-display":"","site-post-title":"","ast-breadcrumbs-content":"","ast-featured-img":"","footer-sml-layout":"","theme-transparent-header-meta":"","adv-header-id-meta":"","stick-header-meta":"","header-above-stick-meta":"","header-main-stick-meta":"","header-below-stick-meta":"","astra-migrate-meta-layouts":"set","ast-page-background-enabled":"default","ast-page-background-meta":{"desktop":{"background-color":"var(--ast-global-color-4)","background-image":"","background-repeat":"repeat","background-position":"center center","background-size":"auto","background-attachment":"scroll","background-type":"","background-media":"","overlay-type":"","overlay-color":"","overlay-opacity":"","overlay-gradient":""},"tablet":{"background-color":"","background-image":"","background-repeat":"repeat","background-position":"center center","background-size":"auto","background-attachment":"scroll","background-type":"","background-media":"","overlay-type":"","overlay-color":"","overlay-opacity":"","overlay-gradient":""},"mobile":{"background-color":"","background-image":"","background-repeat":"repeat","background-position":"center center","background-size":"auto","background-attachment":"scroll","background-type":"","background-media":"","overlay-type":"","overlay-color":"","overlay-opacity":"","overlay-gradient":""}},"ast-content-background-meta":{"desktop":{"background-color":"var(--ast-global-color-5)","background-image":"","background-repeat":"repeat","background-position":"center center","background-size":"auto","background-attachment":"scroll","background-type":"","background-media":"","overlay-type":"","overlay-color":"","overlay-opacity":"","overlay-gradient":""},"tablet":{"background-color":"var(--ast-global-color-5)","background-image":"","background-repeat":"repeat","background-position":"center center","background-size":"auto","background-attachment":"scroll","background-type":"","background-media":"","overlay-type":"","overlay-color":"","overlay-opacity":"","overlay-gradient":""},"mobile":{"background-color":"var(--ast-global-color-5)","background-image":"","background-repeat":"repeat","background-position":"center center","background-size":"auto","background-attachment":"scroll","background-type":"","background-media":"","overlay-type":"","overlay-color":"","overlay-opacity":"","overlay-gradient":""}},"footnotes":""},"class_list":["post-766","page","type-page","status-publish","hentry"],"post_mailing_queue_ids":[],"_links":{"self":[{"href":"https:\/\/agora.xtec.cat\/iet\/wp-json\/wp\/v2\/pages\/766","targetHints":{"allow":["GET"]}}],"collection":[{"href":"https:\/\/agora.xtec.cat\/iet\/wp-json\/wp\/v2\/pages"}],"about":[{"href":"https:\/\/agora.xtec.cat\/iet\/wp-json\/wp\/v2\/types\/page"}],"author":[{"embeddable":true,"href":"https:\/\/agora.xtec.cat\/iet\/wp-json\/wp\/v2\/users\/1"}],"replies":[{"embeddable":true,"href":"https:\/\/agora.xtec.cat\/iet\/wp-json\/wp\/v2\/comments?post=766"}],"version-history":[{"count":6,"href":"https:\/\/agora.xtec.cat\/iet\/wp-json\/wp\/v2\/pages\/766\/revisions"}],"predecessor-version":[{"id":1302,"href":"https:\/\/agora.xtec.cat\/iet\/wp-json\/wp\/v2\/pages\/766\/revisions\/1302"}],"wp:attachment":[{"href":"https:\/\/agora.xtec.cat\/iet\/wp-json\/wp\/v2\/media?parent=766"}],"curies":[{"name":"wp","href":"https:\/\/api.w.org\/{rel}","templated":true}]}}