{"id":762,"date":"2025-06-11T08:52:05","date_gmt":"2025-06-11T06:52:05","guid":{"rendered":"https:\/\/agora.xtec.cat\/iet\/?page_id=762"},"modified":"2025-06-20T18:51:14","modified_gmt":"2025-06-20T16:51:14","slug":"cfgm-fabricacio-i-ennobliment-de-productes-textils","status":"publish","type":"page","link":"https:\/\/agora.xtec.cat\/iet\/cfgm-fabricacio-i-ennobliment-de-productes-textils\/","title":{"rendered":"CFGM &#8211; Fabricaci\u00f3 i Ennobliment de Productes T\u00e8xtils"},"content":{"rendered":"\n<p><\/p>\n\n\n\n<div class=\"wp-block-columns is-layout-flex wp-container-core-columns-is-layout-1 wp-block-columns-is-layout-flex\">\n<div class=\"wp-block-column is-layout-flow wp-block-column-is-layout-flow\">\n<p>El cicle de <strong>Fabricaci\u00f3 i Ennobliment de Productes T\u00e8xtils <\/strong>\u00e9s molt m\u00e9s que con\u00e8ixer els teixits. T\u2019ensenyar\u00e0 des de la selecci\u00f3 dels materials fins a la transformaci\u00f3 final: com es tenyeixen, s\u2019estampen i s\u2019acaben per obtenir productes t\u00e8xtils d\u2019alta qualitat.<\/p>\n\n\n\n<p>Aquesta formaci\u00f3 et prepara per ser un professional complet, amb coneixements te\u00f2rics i pr\u00e0ctics en:<\/p>\n\n\n\n<ul class=\"wp-block-list\">\n<li>Pr\u00e0ctiques a les empreses<\/li>\n\n\n\n<li>Estampaci\u00f3<\/li>\n\n\n\n<li>Tecnologia del color i la moda<\/li>\n\n\n\n<li>Acabats t\u00e8xtils<\/li>\n\n\n\n<li>Aplicaci\u00f3 d&#8217;aprestos<\/li>\n\n\n\n<li>Fabricaci\u00f3 de filatura<\/li>\n\n\n\n<li>Mat\u00e8ries t\u00e8xtils i pell<\/li>\n\n\n\n<li>Preparaci\u00f3 i tintura<\/li>\n\n\n\n<li>T\u00e8cniques de teixiduria de calada<\/li>\n\n\n\n<li>T\u00e8cniques de teixiduria de punt per recollida<\/li>\n\n\n\n<li>Fabricaci\u00f3 de mat\u00e8ries t\u00e8xtils i pell<\/li>\n\n\n\n<li>T\u00e8cniques de teixiduria de punt per ordit<\/li>\n\n\n\n<li>Principi de manteniment electromec\u00e0nic<\/li>\n\n\n\n<li>Digitalitzaci\u00f3<\/li>\n\n\n\n<li>Sostenibilitat<\/li>\n\n\n\n<li>Ocupabilitat I i II<\/li>\n\n\n\n<li>Angl\u00e8s T\u00e8cnic<\/li>\n\n\n\n<li>Projecte integrat<\/li>\n<\/ul>\n\n\n\n<p><\/p>\n\n\n\n<p><\/p>\n<\/div>\n\n\n\n<div class=\"wp-block-column is-layout-flow wp-block-column-is-layout-flow\">\n<figure class=\"wp-block-image aligncenter size-full is-resized\"><a href=\"https:\/\/agora.xtec.cat\/iet\/wp-content\/uploads\/usu3484\/2025\/06\/emojis-2.png\"><img loading=\"lazy\" decoding=\"async\" width=\"611\" height=\"638\" src=\"https:\/\/agora.xtec.cat\/iet\/wp-content\/uploads\/usu3484\/2025\/06\/emojis-2.png\" alt=\"\" class=\"wp-image-1240\" style=\"width:98px;height:auto\" srcset=\"https:\/\/agora.xtec.cat\/iet\/wp-content\/uploads\/usu3484\/2025\/06\/emojis-2.png 611w, https:\/\/agora.xtec.cat\/iet\/wp-content\/uploads\/usu3484\/2025\/06\/emojis-2-287x300.png 287w\" sizes=\"auto, (max-width: 611px) 100vw, 611px\" \/><\/a><\/figure>\n\n\n\n<p class=\"has-text-align-center\"><br><strong>Tria educativa:<\/strong>&nbsp;Cicle LOE Dual<br><strong>Durada:<\/strong>&nbsp;2000 hores<br><strong>Horari:<\/strong>&nbsp;Primer curs al mat\u00ed i segon curs a la tarda<br><\/p>\n\n\n\n<figure class=\"wp-block-image size-large\"><a href=\"https:\/\/agora.xtec.cat\/iet\/wp-content\/uploads\/usu3484\/2025\/06\/escola_teixits_canet-35-2-scaled.jpg\"><img loading=\"lazy\" decoding=\"async\" width=\"1024\" height=\"683\" src=\"https:\/\/agora.xtec.cat\/iet\/wp-content\/uploads\/usu3484\/2025\/06\/escola_teixits_canet-35-2-1024x683.jpg\" alt=\"\" class=\"wp-image-832\" srcset=\"https:\/\/agora.xtec.cat\/iet\/wp-content\/uploads\/usu3484\/2025\/06\/escola_teixits_canet-35-2-1024x683.jpg 1024w, https:\/\/agora.xtec.cat\/iet\/wp-content\/uploads\/usu3484\/2025\/06\/escola_teixits_canet-35-2-300x200.jpg 300w, https:\/\/agora.xtec.cat\/iet\/wp-content\/uploads\/usu3484\/2025\/06\/escola_teixits_canet-35-2-768x512.jpg 768w, https:\/\/agora.xtec.cat\/iet\/wp-content\/uploads\/usu3484\/2025\/06\/escola_teixits_canet-35-2-1536x1024.jpg 1536w, https:\/\/agora.xtec.cat\/iet\/wp-content\/uploads\/usu3484\/2025\/06\/escola_teixits_canet-35-2-2048x1365.jpg 2048w\" sizes=\"auto, (max-width: 1024px) 100vw, 1024px\" \/><\/a><\/figure>\n\n\n\n<p>Amb aquest cicle, tindr\u00e0s l\u2019oportunitat de fer pr\u00e0ctiques a les empreses del sector, per preparar-te per a una incorporaci\u00f3 r\u00e0pida al mercat laboral.<\/p>\n\n\n\n<p>Per a m\u00e9s informaci\u00f3 sobre aquest cicle, consulta la fitxa oficial a <strong>Tria Educativa<\/strong> de la Generalitat:<br><a class=\"\" href=\"https:\/\/triaeducativa.gencat.cat\/ca\/estudis\/?fabricacio-ennobliment-productes-textils&amp;p_id=1550\">Accedir a Tria Educativa<\/a><\/p>\n<\/div>\n<\/div>\n","protected":false},"excerpt":{"rendered":"<p>El cicle de Fabricaci\u00f3 i Ennobliment de Productes T\u00e8xtils \u00e9s molt m\u00e9s que con\u00e8ixer els teixits. T\u2019ensenyar\u00e0 des de la selecci\u00f3 dels materials fins a la transformaci\u00f3 final: com es tenyeixen, s\u2019estampen i s\u2019acaben per obtenir productes t\u00e8xtils d\u2019alta qualitat. Aquesta formaci\u00f3 et prepara per ser un professional complet, amb coneixements te\u00f2rics i pr\u00e0ctics en: [&hellip;]<\/p>\n","protected":false},"author":1,"featured_media":0,"parent":0,"menu_order":0,"comment_status":"closed","ping_status":"close","template":"","meta":{"site-sidebar-layout":"no-sidebar","site-content-layout":"","ast-site-content-layout":"full-width-container","site-content-style":"default","site-sidebar-style":"default","ast-global-header-display":"","ast-banner-title-visibility":"","ast-main-header-display":"","ast-hfb-above-header-display":"","ast-hfb-below-header-display":"","ast-hfb-mobile-header-display":"","site-post-title":"","ast-breadcrumbs-content":"","ast-featured-img":"","footer-sml-layout":"","theme-transparent-header-meta":"","adv-header-id-meta":"","stick-header-meta":"","header-above-stick-meta":"","header-main-stick-meta":"","header-below-stick-meta":"","astra-migrate-meta-layouts":"set","ast-page-background-enabled":"default","ast-page-background-meta":{"desktop":{"background-color":"var(--ast-global-color-4)","background-image":"","background-repeat":"repeat","background-position":"center center","background-size":"auto","background-attachment":"scroll","background-type":"","background-media":"","overlay-type":"","overlay-color":"","overlay-opacity":"","overlay-gradient":""},"tablet":{"background-color":"","background-image":"","background-repeat":"repeat","background-position":"center center","background-size":"auto","background-attachment":"scroll","background-type":"","background-media":"","overlay-type":"","overlay-color":"","overlay-opacity":"","overlay-gradient":""},"mobile":{"background-color":"","background-image":"","background-repeat":"repeat","background-position":"center center","background-size":"auto","background-attachment":"scroll","background-type":"","background-media":"","overlay-type":"","overlay-color":"","overlay-opacity":"","overlay-gradient":""}},"ast-content-background-meta":{"desktop":{"background-color":"var(--ast-global-color-5)","background-image":"","background-repeat":"repeat","background-position":"center center","background-size":"auto","background-attachment":"scroll","background-type":"","background-media":"","overlay-type":"","overlay-color":"","overlay-opacity":"","overlay-gradient":""},"tablet":{"background-color":"var(--ast-global-color-5)","background-image":"","background-repeat":"repeat","background-position":"center center","background-size":"auto","background-attachment":"scroll","background-type":"","background-media":"","overlay-type":"","overlay-color":"","overlay-opacity":"","overlay-gradient":""},"mobile":{"background-color":"var(--ast-global-color-5)","background-image":"","background-repeat":"repeat","background-position":"center center","background-size":"auto","background-attachment":"scroll","background-type":"","background-media":"","overlay-type":"","overlay-color":"","overlay-opacity":"","overlay-gradient":""}},"footnotes":""},"class_list":["post-762","page","type-page","status-publish","hentry"],"post_mailing_queue_ids":[],"_links":{"self":[{"href":"https:\/\/agora.xtec.cat\/iet\/wp-json\/wp\/v2\/pages\/762","targetHints":{"allow":["GET"]}}],"collection":[{"href":"https:\/\/agora.xtec.cat\/iet\/wp-json\/wp\/v2\/pages"}],"about":[{"href":"https:\/\/agora.xtec.cat\/iet\/wp-json\/wp\/v2\/types\/page"}],"author":[{"embeddable":true,"href":"https:\/\/agora.xtec.cat\/iet\/wp-json\/wp\/v2\/users\/1"}],"replies":[{"embeddable":true,"href":"https:\/\/agora.xtec.cat\/iet\/wp-json\/wp\/v2\/comments?post=762"}],"version-history":[{"count":6,"href":"https:\/\/agora.xtec.cat\/iet\/wp-json\/wp\/v2\/pages\/762\/revisions"}],"predecessor-version":[{"id":1298,"href":"https:\/\/agora.xtec.cat\/iet\/wp-json\/wp\/v2\/pages\/762\/revisions\/1298"}],"wp:attachment":[{"href":"https:\/\/agora.xtec.cat\/iet\/wp-json\/wp\/v2\/media?parent=762"}],"curies":[{"name":"wp","href":"https:\/\/api.w.org\/{rel}","templated":true}]}}