{"id":57,"date":"2014-09-17T17:01:07","date_gmt":"2014-09-17T17:01:07","guid":{"rendered":"http:\/\/agora.xtec.cat\/iet\/?page_id=57"},"modified":"2025-06-16T18:16:11","modified_gmt":"2025-06-16T16:16:11","slug":"projecte-educatiu","status":"publish","type":"page","link":"https:\/\/agora.xtec.cat\/iet\/projecte-educatiu\/","title":{"rendered":"Projecte educatiu"},"content":{"rendered":"\n<p>En aquest espai trobareu els documents fonamentals que defineixen el funcionament, l\u2019organitzaci\u00f3 i els valors del nostre centre educatiu. Aquests documents s\u00f3n el resultat del treball conjunt de la comunitat educativa i representen el marc de refer\u00e8ncia que guia totes les accions pedag\u00f2giques, organitzatives i de conviv\u00e8ncia.<\/p>\n\n\n\n<p>Hi trobareu:<\/p>\n\n\n\n<ul class=\"wp-block-list\">\n<li><strong>El Projecte Educatiu de Centre (PEC)<\/strong>, que estableix la nostra identitat, objectius i l\u00ednies pedag\u00f2giques.<\/li>\n\n\n\n<li><strong>Les Normes d\u2019Organitzaci\u00f3 i Funcionament de Centre (NOFC)<\/strong>, que regulen la vida interna i la conviv\u00e8ncia.<\/li>\n\n\n\n<li><strong>El Pla Anual i la Mem\u00f2ria<\/strong>, que recullen la planificaci\u00f3 i l\u2019avaluaci\u00f3 del curs.<\/li>\n\n\n\n<li><strong>Altres documents oficials i de gesti\u00f3<\/strong>, com el Pla de Conviv\u00e8ncia, el Pla d\u2019Inclusi\u00f3, protocols, etc.<\/li>\n<\/ul>\n\n\n\n<p>Aquest apartat vol oferir transpar\u00e8ncia i facilitar l\u2019acc\u00e9s a tota la informaci\u00f3 rellevant sobre el nostre projecte educatiu i l\u2019organitzaci\u00f3 interna del centre.<\/p>\n","protected":false},"excerpt":{"rendered":"<p>En aquest espai trobareu els documents fonamentals que defineixen el funcionament, l\u2019organitzaci\u00f3 i els valors del nostre centre educatiu. Aquests documents s\u00f3n el resultat del treball conjunt de la comunitat educativa i representen el marc de refer\u00e8ncia que guia totes les accions pedag\u00f2giques, organitzatives i de conviv\u00e8ncia. Hi trobareu: Aquest apartat vol oferir transpar\u00e8ncia i [&hellip;]<\/p>\n","protected":false},"author":1,"featured_media":0,"parent":0,"menu_order":0,"comment_status":"closed","ping_status":"closed","template":"","meta":{"site-sidebar-layout":"left-sidebar","site-content-layout":"","ast-site-content-layout":"default","site-content-style":"default","site-sidebar-style":"default","ast-global-header-display":"","ast-banner-title-visibility":"","ast-main-header-display":"","ast-hfb-above-header-display":"","ast-hfb-below-header-display":"","ast-hfb-mobile-header-display":"","site-post-title":"","ast-breadcrumbs-content":"","ast-featured-img":"","footer-sml-layout":"","theme-transparent-header-meta":"","adv-header-id-meta":"","stick-header-meta":"","header-above-stick-meta":"","header-main-stick-meta":"","header-below-stick-meta":"","astra-migrate-meta-layouts":"set","ast-page-background-enabled":"default","ast-page-background-meta":{"desktop":{"background-color":"var(--ast-global-color-4)","background-image":"","background-repeat":"repeat","background-position":"center center","background-size":"auto","background-attachment":"scroll","background-type":"","background-media":"","overlay-type":"","overlay-color":"","overlay-opacity":"","overlay-gradient":""},"tablet":{"background-color":"","background-image":"","background-repeat":"repeat","background-position":"center center","background-size":"auto","background-attachment":"scroll","background-type":"","background-media":"","overlay-type":"","overlay-color":"","overlay-opacity":"","overlay-gradient":""},"mobile":{"background-color":"","background-image":"","background-repeat":"repeat","background-position":"center center","background-size":"auto","background-attachment":"scroll","background-type":"","background-media":"","overlay-type":"","overlay-color":"","overlay-opacity":"","overlay-gradient":""}},"ast-content-background-meta":{"desktop":{"background-color":"var(--ast-global-color-5)","background-image":"","background-repeat":"repeat","background-position":"center center","background-size":"auto","background-attachment":"scroll","background-type":"","background-media":"","overlay-type":"","overlay-color":"","overlay-opacity":"","overlay-gradient":""},"tablet":{"background-color":"var(--ast-global-color-5)","background-image":"","background-repeat":"repeat","background-position":"center center","background-size":"auto","background-attachment":"scroll","background-type":"","background-media":"","overlay-type":"","overlay-color":"","overlay-opacity":"","overlay-gradient":""},"mobile":{"background-color":"var(--ast-global-color-5)","background-image":"","background-repeat":"repeat","background-position":"center center","background-size":"auto","background-attachment":"scroll","background-type":"","background-media":"","overlay-type":"","overlay-color":"","overlay-opacity":"","overlay-gradient":""}},"footnotes":""},"class_list":["post-57","page","type-page","status-publish","hentry"],"post_mailing_queue_ids":[],"_links":{"self":[{"href":"https:\/\/agora.xtec.cat\/iet\/wp-json\/wp\/v2\/pages\/57","targetHints":{"allow":["GET"]}}],"collection":[{"href":"https:\/\/agora.xtec.cat\/iet\/wp-json\/wp\/v2\/pages"}],"about":[{"href":"https:\/\/agora.xtec.cat\/iet\/wp-json\/wp\/v2\/types\/page"}],"author":[{"embeddable":true,"href":"https:\/\/agora.xtec.cat\/iet\/wp-json\/wp\/v2\/users\/1"}],"replies":[{"embeddable":true,"href":"https:\/\/agora.xtec.cat\/iet\/wp-json\/wp\/v2\/comments?post=57"}],"version-history":[{"count":3,"href":"https:\/\/agora.xtec.cat\/iet\/wp-json\/wp\/v2\/pages\/57\/revisions"}],"predecessor-version":[{"id":953,"href":"https:\/\/agora.xtec.cat\/iet\/wp-json\/wp\/v2\/pages\/57\/revisions\/953"}],"wp:attachment":[{"href":"https:\/\/agora.xtec.cat\/iet\/wp-json\/wp\/v2\/media?parent=57"}],"curies":[{"name":"wp","href":"https:\/\/api.w.org\/{rel}","templated":true}]}}