{"id":1579,"date":"2026-03-10T10:37:02","date_gmt":"2026-03-10T09:37:02","guid":{"rendered":"https:\/\/agora.xtec.cat\/iet\/?page_id=1579"},"modified":"2026-03-10T10:41:38","modified_gmt":"2026-03-10T09:41:38","slug":"jornada-de-portes-obertes-institut-escola-de-teixits","status":"publish","type":"page","link":"https:\/\/agora.xtec.cat\/iet\/jornada-de-portes-obertes-institut-escola-de-teixits\/","title":{"rendered":"Jornada de Portes Obertes \u2013 Institut Escola de Teixits"},"content":{"rendered":"\n<h2 class=\"wp-block-heading\"><\/h2>\n\n\n\n<p>L\u2019<strong>Institut Escola de Teixits de Canet de Mar<\/strong> obrir\u00e0 les seves portes el pr\u00f2xim <strong>11 d\u2019abril de 10:00 a 13:00<\/strong> perqu\u00e8 totes les persones interessades puguin con\u00e8ixer el centre, les instal\u00b7lacions i els estudis que s\u2019hi imparteixen.<\/p>\n\n\n\n<p>Durant la jornada, els visitants podran descobrir els diferents espais del centre, con\u00e8ixer el professorat i rebre informaci\u00f3 sobre els estudis relacionats amb el sector t\u00e8xtil, la moda i el disseny.<\/p>\n\n\n\n<p>\u00c9s una oportunitat ideal per con\u00e8ixer de primera m\u00e0 el projecte educatiu del centre i resoldre dubtes sobre l\u2019oferta formativa.<\/p>\n\n\n\n<p>\ud83d\udccd <strong>Data:<\/strong> 11 d\u2019abril<br>\ud83d\udd59 <strong>Hora:<\/strong> de 10 h a 13 h<br>\ud83d\udccd <strong>Lloc:<\/strong> <\/p>\n\n\n\n<p>Institut Escola de Teixits de Canet de Mar<br>Pla\u00e7a Ind\u00fastria, 1<br>08360 Canet de Mar (Barcelona)<\/p>\n\n\n\n<p>\ud83d\udccd <strong>Com arribar:<\/strong> <a href=\"https:\/\/maps.app.goo.gl\/UD2PAgQQgFui2hLT6\">Ubicaci\u00f3 Google Maps<\/a><\/p>\n\n\n\n<p><\/p>\n","protected":false},"excerpt":{"rendered":"<p>L\u2019Institut Escola de Teixits de Canet de Mar obrir\u00e0 les seves portes el pr\u00f2xim 11 d\u2019abril de 10:00 a 13:00 perqu\u00e8 totes les persones interessades puguin con\u00e8ixer el centre, les instal\u00b7lacions i els estudis que s\u2019hi imparteixen. Durant la jornada, els visitants podran descobrir els diferents espais del centre, con\u00e8ixer el professorat i rebre informaci\u00f3 [&hellip;]<\/p>\n","protected":false},"author":1,"featured_media":0,"parent":0,"menu_order":0,"comment_status":"closed","ping_status":"close","template":"","meta":{"site-sidebar-layout":"no-sidebar","site-content-layout":"","ast-site-content-layout":"normal-width-container","site-content-style":"default","site-sidebar-style":"default","ast-global-header-display":"","ast-banner-title-visibility":"","ast-main-header-display":"","ast-hfb-above-header-display":"","ast-hfb-below-header-display":"","ast-hfb-mobile-header-display":"","site-post-title":"","ast-breadcrumbs-content":"","ast-featured-img":"","footer-sml-layout":"","theme-transparent-header-meta":"","adv-header-id-meta":"","stick-header-meta":"","header-above-stick-meta":"","header-main-stick-meta":"","header-below-stick-meta":"","astra-migrate-meta-layouts":"set","ast-page-background-enabled":"default","ast-page-background-meta":{"desktop":{"background-color":"var(--ast-global-color-4)","background-image":"","background-repeat":"repeat","background-position":"center center","background-size":"auto","background-attachment":"scroll","background-type":"","background-media":"","overlay-type":"","overlay-color":"","overlay-opacity":"","overlay-gradient":""},"tablet":{"background-color":"","background-image":"","background-repeat":"repeat","background-position":"center center","background-size":"auto","background-attachment":"scroll","background-type":"","background-media":"","overlay-type":"","overlay-color":"","overlay-opacity":"","overlay-gradient":""},"mobile":{"background-color":"","background-image":"","background-repeat":"repeat","background-position":"center center","background-size":"auto","background-attachment":"scroll","background-type":"","background-media":"","overlay-type":"","overlay-color":"","overlay-opacity":"","overlay-gradient":""}},"ast-content-background-meta":{"desktop":{"background-color":"var(--ast-global-color-5)","background-image":"","background-repeat":"repeat","background-position":"center center","background-size":"auto","background-attachment":"scroll","background-type":"","background-media":"","overlay-type":"","overlay-color":"","overlay-opacity":"","overlay-gradient":""},"tablet":{"background-color":"var(--ast-global-color-5)","background-image":"","background-repeat":"repeat","background-position":"center center","background-size":"auto","background-attachment":"scroll","background-type":"","background-media":"","overlay-type":"","overlay-color":"","overlay-opacity":"","overlay-gradient":""},"mobile":{"background-color":"var(--ast-global-color-5)","background-image":"","background-repeat":"repeat","background-position":"center center","background-size":"auto","background-attachment":"scroll","background-type":"","background-media":"","overlay-type":"","overlay-color":"","overlay-opacity":"","overlay-gradient":""}},"footnotes":""},"class_list":["post-1579","page","type-page","status-publish","hentry"],"post_mailing_queue_ids":[],"_links":{"self":[{"href":"https:\/\/agora.xtec.cat\/iet\/wp-json\/wp\/v2\/pages\/1579","targetHints":{"allow":["GET"]}}],"collection":[{"href":"https:\/\/agora.xtec.cat\/iet\/wp-json\/wp\/v2\/pages"}],"about":[{"href":"https:\/\/agora.xtec.cat\/iet\/wp-json\/wp\/v2\/types\/page"}],"author":[{"embeddable":true,"href":"https:\/\/agora.xtec.cat\/iet\/wp-json\/wp\/v2\/users\/1"}],"replies":[{"embeddable":true,"href":"https:\/\/agora.xtec.cat\/iet\/wp-json\/wp\/v2\/comments?post=1579"}],"version-history":[{"count":5,"href":"https:\/\/agora.xtec.cat\/iet\/wp-json\/wp\/v2\/pages\/1579\/revisions"}],"predecessor-version":[{"id":1584,"href":"https:\/\/agora.xtec.cat\/iet\/wp-json\/wp\/v2\/pages\/1579\/revisions\/1584"}],"wp:attachment":[{"href":"https:\/\/agora.xtec.cat\/iet\/wp-json\/wp\/v2\/media?parent=1579"}],"curies":[{"name":"wp","href":"https:\/\/api.w.org\/{rel}","templated":true}]}}