{"id":1355,"date":"2025-07-10T10:46:50","date_gmt":"2025-07-10T08:46:50","guid":{"rendered":"https:\/\/agora.xtec.cat\/iet\/?page_id=1355"},"modified":"2025-07-10T11:07:27","modified_gmt":"2025-07-10T09:07:27","slug":"com-fer-la-matricula-cfgm","status":"publish","type":"page","link":"https:\/\/agora.xtec.cat\/iet\/com-fer-la-matricula-cfgm\/","title":{"rendered":"COM FER LA MATR\u00cdCULA"},"content":{"rendered":"\n<p class=\"has-medium-font-size\"><strong>1 pas: Confirmar matr\u00edcula online.&nbsp;<\/strong><\/p>\n\n\n\n<p class=\"has-vivid-red-color has-text-color has-link-color wp-elements-2991198337f0e772b778dbff180d73e1\"><strong>Del 11 al 14 de juliol de 2025<\/strong><\/p>\n\n\n\n<p>Si has obtingut pla\u00e7a, rebr\u00e0s un SMS i un correu electr\u00f2nic amb l\u2019enlla\u00e7 a una declaraci\u00f3 responsable on haur\u00e0s d\u2019acceptar la pla\u00e7a.<\/p>\n\n\n\n<p class=\"has-medium-font-size\"><strong>2 pas: Formalitzar la matr\u00edcula. Entregar la documentaci\u00f3 al centre<\/strong><\/p>\n\n\n\n<p class=\"has-vivid-red-color has-text-color has-link-color wp-elements-990c9118293d951f287e80a40939dfa3\"><strong>Del 11 al 23 de juliol de 2025. Cita pr\u00e8via fins el 18 de juliol.<\/strong><\/p>\n\n\n\n<p>Un cop confirmada la pla\u00e7a per online, haur\u00e0s de venir al centre a presentar la documentaci\u00f3.&nbsp;<\/p>\n\n\n\n<p>Rebreu per correu electr\u00f2nic del centre amb els passos que heu de seguir.<\/p>\n\n\n\n<ol class=\"wp-block-list\">\n<li>Contesteu el formulari de dades que heu rebut.<\/li>\n\n\n\n<li>Feu el pagament de l\u2019asseguran\u00e7a escolar obligat\u00f2ria i material per transfer\u00e8ncia banc\u00e0ria. El n\u00famero de compte us l\u2019enviem amb el correu electr\u00f2nic.<\/li>\n\n\n\n<li>Demaneu cita pr\u00e8via a l\u2019enlla\u00e7 que rebreu per correu electr\u00f2nic.<\/li>\n\n\n\n<li>Documentaci\u00f3 que heu de presentar el dia de la cita (originals) i fotoc\u00f2pia:<\/li>\n<\/ol>\n\n\n\n<ul class=\"wp-block-list\">\n<li>DNI de l\u2019alumne\/a&nbsp;<\/li>\n\n\n\n<li>T\u00edtol o resguard del t\u00edtol d\u2019ESO o equivalent<\/li>\n\n\n\n<li>Full d\u2019autoritzaci\u00f3 drets imatge\u00a0<\/li>\n\n\n\n<li>Carta de comprom\u00eds educatiu<\/li>\n\n\n\n<li>Resguard pagament de l\u2019asseguran\u00e7a escolar obligat\u00f2ria i material<\/li>\n<\/ul>\n\n\n\n<div class=\"wp-block-file\"><a id=\"wp-block-file--media-158e91b5-f796-413c-8194-bf7a2286f4d9\" href=\"https:\/\/agora.xtec.cat\/iet\/wp-content\/uploads\/usu3484\/2025\/07\/carta-de-compromis.pdf\">Carta de comprom\u00eds educatiu<\/a><a href=\"https:\/\/agora.xtec.cat\/iet\/wp-content\/uploads\/usu3484\/2025\/07\/carta-de-compromis.pdf\" class=\"wp-block-file__button wp-element-button\" download aria-describedby=\"wp-block-file--media-158e91b5-f796-413c-8194-bf7a2286f4d9\">Baixa<\/a><\/div>\n\n\n\n<div class=\"wp-block-file\"><a id=\"wp-block-file--media-58e0b09b-50a4-4f11-977a-78d6285d17be\" href=\"https:\/\/agora.xtec.cat\/iet\/wp-content\/uploads\/usu3484\/2025\/07\/Autoritzacio-dus-dimatges-majors-14anys.pdf\">Full d&#8217;autoritzaci\u00f3 drets d&#8217;\u00fas d&#8217;imatges<\/a><a href=\"https:\/\/agora.xtec.cat\/iet\/wp-content\/uploads\/usu3484\/2025\/07\/Autoritzacio-dus-dimatges-majors-14anys.pdf\" class=\"wp-block-file__button wp-element-button\" download aria-describedby=\"wp-block-file--media-58e0b09b-50a4-4f11-977a-78d6285d17be\">Baixa<\/a><\/div>\n\n\n\n<p>Si l\u2019alumne\/a \u00e9s menor d\u2019edat, a m\u00e9s de la documentaci\u00f3 pr\u00e8via:<\/p>\n\n\n\n<ul class=\"wp-block-list\">\n<li>DNI del tutor\/a<\/li>\n\n\n\n<li>Llibre de fam\u00edlia<\/li>\n<\/ul>\n\n\n\n<ol start=\"5\" class=\"wp-block-list\">\n<li>Un cop formalitzada la matr\u00edcula i abonada la quota d\u2019asseguran\u00e7a escolar obligat\u00f2ria i material, us farem arribar el resguard de matr\u00edcula.<\/li>\n<\/ol>\n\n\n\n<p><\/p>\n","protected":false},"excerpt":{"rendered":"<p>1 pas: Confirmar matr\u00edcula online.&nbsp; Del 11 al 14 de juliol de 2025 Si has obtingut pla\u00e7a, rebr\u00e0s un SMS i un correu electr\u00f2nic amb l\u2019enlla\u00e7 a una declaraci\u00f3 responsable on haur\u00e0s d\u2019acceptar la pla\u00e7a. 2 pas: Formalitzar la matr\u00edcula. Entregar la documentaci\u00f3 al centre Del 11 al 23 de juliol de 2025. Cita pr\u00e8via [&hellip;]<\/p>\n","protected":false},"author":1,"featured_media":0,"parent":0,"menu_order":0,"comment_status":"closed","ping_status":"close","template":"","meta":{"site-sidebar-layout":"no-sidebar","site-content-layout":"","ast-site-content-layout":"normal-width-container","site-content-style":"default","site-sidebar-style":"default","ast-global-header-display":"","ast-banner-title-visibility":"","ast-main-header-display":"","ast-hfb-above-header-display":"","ast-hfb-below-header-display":"","ast-hfb-mobile-header-display":"","site-post-title":"","ast-breadcrumbs-content":"","ast-featured-img":"","footer-sml-layout":"","theme-transparent-header-meta":"","adv-header-id-meta":"","stick-header-meta":"","header-above-stick-meta":"","header-main-stick-meta":"","header-below-stick-meta":"","astra-migrate-meta-layouts":"set","ast-page-background-enabled":"default","ast-page-background-meta":{"desktop":{"background-color":"var(--ast-global-color-4)","background-image":"","background-repeat":"repeat","background-position":"center center","background-size":"auto","background-attachment":"scroll","background-type":"","background-media":"","overlay-type":"","overlay-color":"","overlay-opacity":"","overlay-gradient":""},"tablet":{"background-color":"","background-image":"","background-repeat":"repeat","background-position":"center center","background-size":"auto","background-attachment":"scroll","background-type":"","background-media":"","overlay-type":"","overlay-color":"","overlay-opacity":"","overlay-gradient":""},"mobile":{"background-color":"","background-image":"","background-repeat":"repeat","background-position":"center center","background-size":"auto","background-attachment":"scroll","background-type":"","background-media":"","overlay-type":"","overlay-color":"","overlay-opacity":"","overlay-gradient":""}},"ast-content-background-meta":{"desktop":{"background-color":"var(--ast-global-color-5)","background-image":"","background-repeat":"repeat","background-position":"center center","background-size":"auto","background-attachment":"scroll","background-type":"","background-media":"","overlay-type":"","overlay-color":"","overlay-opacity":"","overlay-gradient":""},"tablet":{"background-color":"var(--ast-global-color-5)","background-image":"","background-repeat":"repeat","background-position":"center center","background-size":"auto","background-attachment":"scroll","background-type":"","background-media":"","overlay-type":"","overlay-color":"","overlay-opacity":"","overlay-gradient":""},"mobile":{"background-color":"var(--ast-global-color-5)","background-image":"","background-repeat":"repeat","background-position":"center center","background-size":"auto","background-attachment":"scroll","background-type":"","background-media":"","overlay-type":"","overlay-color":"","overlay-opacity":"","overlay-gradient":""}},"footnotes":""},"class_list":["post-1355","page","type-page","status-publish","hentry"],"post_mailing_queue_ids":[],"_links":{"self":[{"href":"https:\/\/agora.xtec.cat\/iet\/wp-json\/wp\/v2\/pages\/1355","targetHints":{"allow":["GET"]}}],"collection":[{"href":"https:\/\/agora.xtec.cat\/iet\/wp-json\/wp\/v2\/pages"}],"about":[{"href":"https:\/\/agora.xtec.cat\/iet\/wp-json\/wp\/v2\/types\/page"}],"author":[{"embeddable":true,"href":"https:\/\/agora.xtec.cat\/iet\/wp-json\/wp\/v2\/users\/1"}],"replies":[{"embeddable":true,"href":"https:\/\/agora.xtec.cat\/iet\/wp-json\/wp\/v2\/comments?post=1355"}],"version-history":[{"count":5,"href":"https:\/\/agora.xtec.cat\/iet\/wp-json\/wp\/v2\/pages\/1355\/revisions"}],"predecessor-version":[{"id":1364,"href":"https:\/\/agora.xtec.cat\/iet\/wp-json\/wp\/v2\/pages\/1355\/revisions\/1364"}],"wp:attachment":[{"href":"https:\/\/agora.xtec.cat\/iet\/wp-json\/wp\/v2\/media?parent=1355"}],"curies":[{"name":"wp","href":"https:\/\/api.w.org\/{rel}","templated":true}]}}