{"id":1248,"date":"2025-06-20T09:09:05","date_gmt":"2025-06-20T07:09:05","guid":{"rendered":"https:\/\/agora.xtec.cat\/iet\/?page_id=1248"},"modified":"2026-04-14T13:34:09","modified_gmt":"2026-04-14T11:34:09","slug":"preinscripcio-i-matricula-de-cicle-formatiu-de-grau-superior","status":"publish","type":"page","link":"https:\/\/agora.xtec.cat\/iet\/preinscripcio-i-matricula-de-cicle-formatiu-de-grau-superior\/","title":{"rendered":"Preinscripci\u00f3 i Matr\u00edcula de Cicle Formatiu de Grau Superior"},"content":{"rendered":"\n<p>Els cicles formatius de Grau Superior que impartim al Institut Escola de Teixits s\u00f3n:<\/p>\n\n\n\n<ul class=\"wp-block-list\">\n<li><a href=\"https:\/\/agora.xtec.cat\/iet\/cfgs-patronatge-i-moda\/\" data-type=\"page\" data-id=\"764\">CFGS &#8211; Patronatge i Moda<\/a><\/li>\n<\/ul>\n\n\n\n<p>Estigues pendent del calendari de preinscripci\u00f3 per al curs 2026 &#8211; 2027<\/p>\n\n\n\n<div class=\"wp-block-buttons is-layout-flex wp-block-buttons-is-layout-flex\">\n<div class=\"wp-block-button\"><a class=\"wp-block-button__link has-white-color has-text-color has-link-color wp-element-button\" href=\"https:\/\/preinscripcio.gencat.cat\/ca\/estudis\/fp-grau-mitja\/informat\/calendari\/\" target=\"_blank\" rel=\"noreferrer noopener\"><strong>CONSULTAR CALENDARI<\/strong><\/a><\/div>\n<\/div>\n\n\n\n<p class=\"has-text-align-center has-vivid-cyan-blue-color has-text-color has-link-color has-large-font-size wp-elements-1a1325f35e167a1fb468322be12dad2e\" style=\"line-height:1.3\"><br><strong>DATES IMPORTANTS<\/strong><\/p>\n\n\n\n<p class=\"has-text-align-left has-border-color has-white-background-color has-background\" style=\"border-color:var(--ast-global-color-1);border-width:3px;border-radius:20px;padding-top:var(--wp--preset--spacing--20);padding-bottom:var(--wp--preset--spacing--20);font-size:15px\"><strong>22  de Maig de 2026<\/strong><br><strong>Oferta inicial de places: <\/strong>Publicaci\u00f3 del nombre de places escolars per centre i curs.<\/p>\n\n\n\n<p class=\"has-text-align-left has-border-color has-white-background-color has-background\" style=\"border-color:var(--ast-global-color-1);border-width:3px;border-radius:20px;padding-top:var(--wp--preset--spacing--20);padding-bottom:var(--wp--preset--spacing--20);font-size:15px\"><strong><strong>Del 26 de Maig a l&#8217;1 de Juny de 202<\/strong>6<\/strong><br><strong>Presentaci\u00f3 de sol\u00b7licituds:<\/strong> S&#8217;obra el termini per fer la preinscripci\u00f3 de manera telem\u00e0tica. No s&#8217;accepten sol\u00b7licituds fora de termini.<\/p>\n\n\n\n<p class=\"has-text-align-left has-border-color has-ast-global-color-8-background-color has-background\" style=\"border-color:var(--ast-global-color-1);border-width:3px;border-radius:20px;padding-top:var(--wp--preset--spacing--20);padding-bottom:var(--wp--preset--spacing--20);font-size:15px\"><strong>29 de Juny de 2026<\/strong><br><strong>Llista provisional de sol\u00b7licituds: <\/strong>Es publiquen les sol\u00b7licituds amb la puntuaci\u00f3 assignada segons el barem.<\/p>\n\n\n\n<p class=\"has-text-align-left has-border-color has-vivid-red-border-color has-vivid-red-color has-ast-global-color-8-background-color has-text-color has-background has-link-color wp-elements-decb688a826469a4d3376724e0b054e8\" style=\"border-width:3px;border-radius:20px;padding-top:var(--wp--preset--spacing--20);padding-bottom:var(--wp--preset--spacing--20);font-size:15px\">LLISTA PROVISIONAL DE SOL\u00b7LICITUDS<\/p>\n\n\n\n<p class=\"has-text-align-left has-border-color has-ast-global-color-8-background-color has-background\" style=\"border-color:var(--ast-global-color-1);border-width:3px;border-radius:20px;padding-top:var(--wp--preset--spacing--20);padding-bottom:var(--wp--preset--spacing--20);font-size:15px\"><strong>Del 29 de Juny al 2 de Juliol de 2026<\/strong><br><strong>Reclamacions al barem: <\/strong>Si hi ha errors en la puntuaci\u00f3, es poden presentar reclamacions.<\/p>\n\n\n\n<p class=\"has-text-align-left has-border-color has-ast-global-color-8-background-color has-background\" style=\"border-color:var(--ast-global-color-1);border-width:3px;border-radius:20px;padding-top:var(--wp--preset--spacing--20);padding-bottom:var(--wp--preset--spacing--20);font-size:15px\"><strong>7 de Juliol de 2026<\/strong><br><strong>Llista definitiva: <\/strong>Publicaci\u00f3 de la llista definitiva, amb puntuaci\u00f3 i n\u00famero de desempat.<\/p>\n\n\n\n<p class=\"has-text-align-left has-border-color has-vivid-red-border-color has-vivid-red-color has-ast-global-color-8-background-color has-text-color has-background has-link-color wp-elements-0157ad3c9cccf79b7a14a204015c4503\" style=\"border-width:3px;border-radius:20px;padding-top:var(--wp--preset--spacing--20);padding-bottom:var(--wp--preset--spacing--20);font-size:15px\">PUBLICACI\u00d3 LLISTA AMB RECLAMACIONS RESOLTES<\/p>\n\n\n\n<p class=\"has-text-align-left has-border-color has-ast-global-color-8-background-color has-background\" style=\"border-color:var(--ast-global-color-1);border-width:3px;border-radius:20px;padding-top:var(--wp--preset--spacing--20);padding-bottom:var(--wp--preset--spacing--20);font-size:15px\"><strong>10 de Juliol de 2026<\/strong><br><strong>Assignaci\u00f3 de places &#8211; 1a tanda<\/strong>: Consulta la pla\u00e7a assignada segons sol\u00b7licitud.<\/p>\n\n\n\n<p class=\"has-text-align-left has-border-color has-vivid-red-border-color has-vivid-red-color has-ast-global-color-8-background-color has-text-color has-background has-link-color wp-elements-b6687687887066833e0acd33b09d8740\" style=\"border-width:3px;border-radius:20px;padding-top:var(--wp--preset--spacing--20);padding-bottom:var(--wp--preset--spacing--20);font-size:15px\">INFORME ALUMNES ASSIGNATS AL CENTRE &#8211; 1a TANDA<\/p>\n\n\n\n<p class=\"has-text-align-left has-border-color has-ast-global-color-8-background-color has-background\" style=\"border-color:var(--ast-global-color-1);border-width:3px;border-radius:20px;padding-top:var(--wp--preset--spacing--20);padding-bottom:var(--wp--preset--spacing--20);font-size:15px\"><strong>Del 10 al 14 de Juliol 2025<\/strong><br><strong>Confirmaci\u00f3 de matr\u00edcula &#8211; 1a tanda<\/strong>: Cal confirmar o renunciar a la pla\u00e7a assignada. <br><br>\u200b\u200bEn aquest per\u00edode pots:<br>      &#8211; \u200bConfirmar la matr\u00edcula en l\u00ednea si tens assignada la teva primera opci\u00f3, o<br>      &#8211; Millorar l&#8217;assignaci\u00f3 en la 2a tanda<br>      &#8211; Renunciar a la pla\u00e7a assignada<br>Has de tenir en compte que si renuncies o no fas la confirmaci\u00f3 de matr\u00edcula en l\u00ednia, perdr\u00e0s la pla\u00e7a assignada i quedar\u00e0s excl\u00f2s del proc\u00e9s. Tot i haver confirmat la matr\u00edcula en l\u00ednia has de completar la matr\u00edcula adre\u00e7ant-te al centre assignat.<\/p>\n\n\n\n<p class=\"has-text-align-left has-border-color has-vivid-green-cyan-border-color has-ast-global-color-8-background-color has-background\" style=\"border-width:3px;border-radius:20px;padding-top:var(--wp--preset--spacing--20);padding-bottom:var(--wp--preset--spacing--20);font-size:15px\"><strong>Del 10 i 14 de Juliol 2026<\/strong><br>MATR\u00cdCULA 1a tanda. \u00c9s imprescindible adre\u00e7ar-se a l&#8217;Institut per formalitzar la matr\u00edcula.<\/p>\n\n\n\n<p class=\"has-text-align-left has-border-color has-vivid-green-cyan-border-color has-vivid-green-cyan-color has-ast-global-color-8-background-color has-text-color has-background has-link-color wp-elements-7f67babc2d861dc12ccfabc5a1507785\" style=\"border-width:3px;border-radius:20px;padding-top:var(--wp--preset--spacing--20);padding-bottom:var(--wp--preset--spacing--20);font-size:24px\"><strong><a href=\"https:\/\/agora.xtec.cat\/iet\/com-fer-la-matricula-cfgm\/\" data-type=\"page\" data-id=\"1355\" target=\"_blank\" rel=\"noreferrer noopener\">COM FER LA MATR\u00cdCULA<\/a><\/strong> &#8211; 1a TANDA<\/p>\n\n\n\n<p class=\"has-text-align-left has-border-color has-ast-global-color-8-background-color has-background\" style=\"border-color:var(--ast-global-color-1);border-width:3px;border-radius:20px;padding-top:var(--wp--preset--spacing--20);padding-bottom:var(--wp--preset--spacing--20);font-size:15px\"><strong>24 de Juliol 2026<\/strong><br><strong>Assignaci\u00f3 de places &#8211; 2a tanda<\/strong>: Consulta la pla\u00e7a assignada segons sol\u00b7licitud.<\/p>\n\n\n\n<p class=\"has-text-align-left has-border-color has-ast-global-color-8-background-color has-background\" style=\"border-color:var(--ast-global-color-1);border-width:3px;border-radius:20px;padding-top:var(--wp--preset--spacing--20);padding-bottom:var(--wp--preset--spacing--20);font-size:15px\"><strong>Del 24 Juliol 2026<\/strong><br><strong>Confirmaci\u00f3 de matr\u00edcula &#8211; 2a tanda<\/strong>: Cal confirmar o renunciar a la pla\u00e7a assignada. <\/p>\n\n\n\n<p class=\"has-text-align-left has-border-color has-vivid-green-cyan-border-color has-ast-global-color-8-background-color has-background\" style=\"border-width:3px;border-radius:20px;padding-top:var(--wp--preset--spacing--20);padding-bottom:var(--wp--preset--spacing--20);font-size:15px\"><strong>24 i 28 de Juliol 2026<\/strong><br>MATR\u00cdCULA 2a tanda.  \u00c9s imprescindible adre\u00e7ar-se a l&#8217;Institut per formalitzar la matr\u00edcula.<\/p>\n\n\n\n<p><\/p>\n","protected":false},"excerpt":{"rendered":"<p>Els cicles formatius de Grau Superior que impartim al Institut Escola de Teixits s\u00f3n: Estigues pendent del calendari de preinscripci\u00f3 per al curs 2026 &#8211; 2027 DATES IMPORTANTS 22 de Maig de 2026Oferta inicial de places: Publicaci\u00f3 del nombre de places escolars per centre i curs. Del 26 de Maig a l&#8217;1 de Juny de [&hellip;]<\/p>\n","protected":false},"author":1,"featured_media":0,"parent":0,"menu_order":0,"comment_status":"closed","ping_status":"close","template":"","meta":{"site-sidebar-layout":"default","site-content-layout":"","ast-site-content-layout":"default","site-content-style":"default","site-sidebar-style":"default","ast-global-header-display":"","ast-banner-title-visibility":"","ast-main-header-display":"","ast-hfb-above-header-display":"","ast-hfb-below-header-display":"","ast-hfb-mobile-header-display":"","site-post-title":"","ast-breadcrumbs-content":"","ast-featured-img":"","footer-sml-layout":"","theme-transparent-header-meta":"","adv-header-id-meta":"","stick-header-meta":"","header-above-stick-meta":"","header-main-stick-meta":"","header-below-stick-meta":"","astra-migrate-meta-layouts":"set","ast-page-background-enabled":"default","ast-page-background-meta":{"desktop":{"background-color":"var(--ast-global-color-4)","background-image":"","background-repeat":"repeat","background-position":"center center","background-size":"auto","background-attachment":"scroll","background-type":"","background-media":"","overlay-type":"","overlay-color":"","overlay-opacity":"","overlay-gradient":""},"tablet":{"background-color":"","background-image":"","background-repeat":"repeat","background-position":"center center","background-size":"auto","background-attachment":"scroll","background-type":"","background-media":"","overlay-type":"","overlay-color":"","overlay-opacity":"","overlay-gradient":""},"mobile":{"background-color":"","background-image":"","background-repeat":"repeat","background-position":"center center","background-size":"auto","background-attachment":"scroll","background-type":"","background-media":"","overlay-type":"","overlay-color":"","overlay-opacity":"","overlay-gradient":""}},"ast-content-background-meta":{"desktop":{"background-color":"var(--ast-global-color-5)","background-image":"","background-repeat":"repeat","background-position":"center center","background-size":"auto","background-attachment":"scroll","background-type":"","background-media":"","overlay-type":"","overlay-color":"","overlay-opacity":"","overlay-gradient":""},"tablet":{"background-color":"var(--ast-global-color-5)","background-image":"","background-repeat":"repeat","background-position":"center center","background-size":"auto","background-attachment":"scroll","background-type":"","background-media":"","overlay-type":"","overlay-color":"","overlay-opacity":"","overlay-gradient":""},"mobile":{"background-color":"var(--ast-global-color-5)","background-image":"","background-repeat":"repeat","background-position":"center center","background-size":"auto","background-attachment":"scroll","background-type":"","background-media":"","overlay-type":"","overlay-color":"","overlay-opacity":"","overlay-gradient":""}},"footnotes":""},"class_list":["post-1248","page","type-page","status-publish","hentry"],"post_mailing_queue_ids":[],"_links":{"self":[{"href":"https:\/\/agora.xtec.cat\/iet\/wp-json\/wp\/v2\/pages\/1248","targetHints":{"allow":["GET"]}}],"collection":[{"href":"https:\/\/agora.xtec.cat\/iet\/wp-json\/wp\/v2\/pages"}],"about":[{"href":"https:\/\/agora.xtec.cat\/iet\/wp-json\/wp\/v2\/types\/page"}],"author":[{"embeddable":true,"href":"https:\/\/agora.xtec.cat\/iet\/wp-json\/wp\/v2\/users\/1"}],"replies":[{"embeddable":true,"href":"https:\/\/agora.xtec.cat\/iet\/wp-json\/wp\/v2\/comments?post=1248"}],"version-history":[{"count":6,"href":"https:\/\/agora.xtec.cat\/iet\/wp-json\/wp\/v2\/pages\/1248\/revisions"}],"predecessor-version":[{"id":1656,"href":"https:\/\/agora.xtec.cat\/iet\/wp-json\/wp\/v2\/pages\/1248\/revisions\/1656"}],"wp:attachment":[{"href":"https:\/\/agora.xtec.cat\/iet\/wp-json\/wp\/v2\/media?parent=1248"}],"curies":[{"name":"wp","href":"https:\/\/api.w.org\/{rel}","templated":true}]}}