{"id":1152,"date":"2021-08-05T23:49:41","date_gmt":"2021-08-05T21:49:41","guid":{"rendered":"https:\/\/agora.xtec.cat\/iesvv\/?page_id=1152"},"modified":"2021-08-11T21:54:34","modified_gmt":"2021-08-11T19:54:34","slug":"impuls-de-la-lectura","status":"publish","type":"page","link":"https:\/\/agora.xtec.cat\/iesvv\/projectes\/impuls-de-la-lectura\/","title":{"rendered":"IMPULS DE LA LECTURA"},"content":{"rendered":"<table style=\"width: 100%; border-collapse: collapse;\">\n<tbody>\n<tr>\n<td style=\"width: 100%; background-color: #96fa96;\">\n<h3 style=\"text-align: center;\">L&#8217;INSTITUT VINYES VELLES, CENTRE IMPULSOR DE LA LECTURA<\/h3>\n<h3 style=\"text-align: center;\"><em>(clica a les seg\u00fcents seccions per saber-ne m\u00e9s)<\/em>:<\/h3>\n<\/td>\n<\/tr>\n<tr>\n<td style=\"width: 100%; text-align: left;\">\n<pre style=\"text-align: center;\"><\/pre>\n<\/td>\n<\/tr>\n<tr>\n<td style=\"width: 100%; background-color: #96fa96; text-align: left;\">\n<h3><a href=\"https:\/\/drive.google.com\/file\/d\/1bkJ80iLT-S8ti8a7c_z1l-MvEbPnzVGz\/view?ths=true\" target=\"_blank\" rel=\"noopener\">EL PROGRAMA IMPULS DE LA LECTURA<\/a><\/h3>\n<\/td>\n<\/tr>\n<tr>\n<td style=\"width: 100%; text-align: left;\">\n<pre style=\"text-align: center;\"><\/pre>\n<\/td>\n<\/tr>\n<tr>\n<td style=\"width: 100%; background-color: #96fa96; text-align: left;\">\n<h3><a href=\"https:\/\/drive.google.com\/file\/d\/1x33cILwdcPAgXrDxzvAS-RvZhP_V0rVz\/view?ths=true\" target=\"_blank\" rel=\"noopener\">PLA DE LECTURA DE L&#8217;INSTITUT<\/a><\/h3>\n<\/td>\n<\/tr>\n<tr>\n<td style=\"width: 100%; text-align: left;\">\n<pre><\/pre>\n<\/td>\n<\/tr>\n<tr>\n<td style=\"width: 100%; background-color: #96fa96; text-align: left;\">\n<h3>PARTICIPACI\u00d3 EN CERT\u00c0MENS DE LECTURA EN VEU ALTA:<\/h3>\n<p>El Certamen Nacional Infantil i Juvenil de Lectura en Veu Alta (CLVA) \u00e9s una iniciativa de la Fundaci\u00f3 Enciclop\u00e8dia Catalana.<\/p>\n<p>La Fundaci\u00f3 vol contribuir a la creaci\u00f3 d\u2019eines, camins i escenaris per a la cultura i l\u2019educaci\u00f3. En aquesta l\u00ednia una de les apostes m\u00e9s fermes \u00e9s l\u2019esmentat certamen, dirigit a alumnes de tot Catalunya.<\/p>\n<p>La Fundaci\u00f3 Enciclop\u00e8dia Catalana i la Generalitat de Catalunya tenen un acord de col\u00b7laboraci\u00f3 per a l\u2019organitzaci\u00f3 del certamen. Aquest acord neix de l\u2019inter\u00e8s d\u2019ambdues entitats per la promoci\u00f3 de la lectura.<\/p>\n<table style=\"border-collapse: collapse; width: 100%;\">\n<tbody>\n<tr>\n<td style=\"width: 16.6667%; text-align: center;\">\n<h4><a href=\"https:\/\/drive.google.com\/file\/d\/1tdGm4WFkP3PPqVNxdpPjTG_jo5Ae_xfc\/view?ths=true\" target=\"_blank\" rel=\"noopener\">2014<\/a><\/h4>\n<\/td>\n<td style=\"width: 16.6667%; text-align: center;\">\n<h4><a href=\"https:\/\/drive.google.com\/file\/d\/1K7-QnO-f-9nRhA3MjtU7_FUZ6WLBw_dw\/view?ths=true\" target=\"_blank\" rel=\"noopener\">2015<\/a><\/h4>\n<\/td>\n<td style=\"width: 16.6667%; text-align: center;\">\n<h4><a href=\"https:\/\/drive.google.com\/file\/d\/1n1p19iKFIdsdXn60EZ9raxr0yFKKpkPo\/view?ths=true\" target=\"_blank\" rel=\"noopener\">2016<\/a><\/h4>\n<\/td>\n<td style=\"width: 16.6667%; text-align: center;\">\n<h4><a href=\"https:\/\/drive.google.com\/file\/d\/17LjQC5vDsercuGHBrb5bM_rDLOdW4Icc\/view?ths=true\" target=\"_blank\" rel=\"noopener\">2017<\/a><\/h4>\n<\/td>\n<td style=\"width: 16.6667%; text-align: center;\">\n<h4><a href=\"https:\/\/drive.google.com\/file\/d\/1592aLqTLC56zL1XDudzkFus07GG-TrPI\/view?ths=true\" target=\"_blank\" rel=\"noopener\">2018<\/a><\/h4>\n<\/td>\n<td style=\"width: 16.6667%; text-align: center;\">\n<h4><a href=\"https:\/\/drive.google.com\/file\/d\/1h7_hxx63Ni3XMivsT2scA2acwrKaaQSz\/view?ths=true\" target=\"_blank\" rel=\"noopener\">2019<\/a><\/h4>\n<\/td>\n<\/tr>\n<\/tbody>\n<\/table>\n<h4><strong><em>LECTURA DESTACADA EN VEU ALTA A 1r DE BATXILLERAT (EL PEND\u00cdS):<a href=\"https:\/\/drive.google.com\/file\/d\/1D-BODMy5WhJKhsyF84PAtQAnHoG5BNkL\/view?ths=true\" target=\"_blank\" rel=\"noopener\"><img loading=\"lazy\" decoding=\"async\" class=\"alignnone wp-image-1224\" src=\"https:\/\/agora.xtec.cat\/iesvv\/wp-content\/uploads\/usu1112\/2021\/08\/Logo-Play.png\" alt=\"\" width=\"68\" height=\"68\" srcset=\"https:\/\/agora.xtec.cat\/iesvv\/wp-content\/uploads\/usu1112\/2021\/08\/Logo-Play.png 225w, https:\/\/agora.xtec.cat\/iesvv\/wp-content\/uploads\/usu1112\/2021\/08\/Logo-Play-150x150.png 150w\" sizes=\"auto, (max-width: 68px) 100vw, 68px\" \/><\/a><\/em><\/strong><\/h4>\n<\/td>\n<\/tr>\n<tr>\n<td style=\"width: 100%; text-align: left;\">\n<pre><\/pre>\n<\/td>\n<\/tr>\n<tr>\n<td style=\"width: 100%; background-color: #96fa96; text-align: left;\">\n<h3><a href=\"https:\/\/drive.google.com\/file\/d\/1fWCCEy7U7FABHANbZ6FwR7eE6tsO7NJe\/view?ths=true\" target=\"_blank\" rel=\"noopener\">V\u00cdDEORECOMANACIONS DE LECTURES<\/a><\/h3>\n<\/td>\n<\/tr>\n<tr>\n<td style=\"width: 100%; text-align: left;\">\n<pre><\/pre>\n<\/td>\n<\/tr>\n<tr>\n<td style=\"width: 100%; background-color: #96fa96; text-align: left;\">\n<h3>ENS VISITEN ELS AUTORS I LES AUTORES<\/h3>\n<ul>\n<li>\n<h4>RODOLFO DEL HOYO.<\/h4>\n<\/li>\n<li>\n<h4>HERM\u00cdNIA MAS.<\/h4>\n<\/li>\n<li>\n<h4>ARTURO PADILLA.<\/h4>\n<\/li>\n<li>\n<h4>JOAN DE D\u00c9U PRATS.<\/h4>\n<\/li>\n<li>\n<h4>JAUME COPONS.<\/h4>\n<\/li>\n<\/ul>\n<\/td>\n<\/tr>\n<tr>\n<td style=\"width: 100%; text-align: left;\">\n<pre><\/pre>\n<\/td>\n<\/tr>\n<tr>\n<td style=\"width: 100%; background-color: #96fa96; text-align: left;\">\n<h3><a href=\"https:\/\/drive.google.com\/file\/d\/1V7QPvfocEorENAjlFb98kCHdRvn-QG3y\/view?ths=true\" target=\"_blank\" rel=\"noopener\">BOOKTASTING A LA BIBLIOTECA<\/a><\/h3>\n<\/td>\n<\/tr>\n<\/tbody>\n<\/table>\n<h3 style=\"text-align: center;\"><\/h3>\n","protected":false},"excerpt":{"rendered":"<p>L&#8217;INSTITUT VINYES VELLES, CENTRE IMPULSOR DE LA LECTURA (clica a les seg\u00fcents seccions per saber-ne m\u00e9s): EL PROGRAMA IMPULS DE [&hellip;]<\/p>\n","protected":false},"author":4,"featured_media":0,"parent":840,"menu_order":0,"comment_status":"closed","ping_status":"closed","template":"","meta":{"_bbp_topic_count":0,"_bbp_reply_count":0,"_bbp_total_topic_count":0,"_bbp_total_reply_count":0,"_bbp_voice_count":0,"_bbp_anonymous_reply_count":0,"_bbp_topic_count_hidden":0,"_bbp_reply_count_hidden":0,"_bbp_forum_subforum_count":0,"site-sidebar-layout":"default","site-content-layout":"","ast-site-content-layout":"","site-content-style":"default","site-sidebar-style":"default","ast-global-header-display":"","ast-banner-title-visibility":"","ast-main-header-display":"","ast-hfb-above-header-display":"","ast-hfb-below-header-display":"","ast-hfb-mobile-header-display":"","site-post-title":"","ast-breadcrumbs-content":"","ast-featured-img":"","footer-sml-layout":"","theme-transparent-header-meta":"","adv-header-id-meta":"","stick-header-meta":"","header-above-stick-meta":"","header-main-stick-meta":"","header-below-stick-meta":"","astra-migrate-meta-layouts":"default","ast-page-background-enabled":"default","ast-page-background-meta":{"desktop":{"background-color":"var(--ast-global-color-4)","background-image":"","background-repeat":"repeat","background-position":"center center","background-size":"auto","background-attachment":"scroll","background-type":"","background-media":"","overlay-type":"","overlay-color":"","overlay-opacity":"","overlay-gradient":""},"tablet":{"background-color":"","background-image":"","background-repeat":"repeat","background-position":"center center","background-size":"auto","background-attachment":"scroll","background-type":"","background-media":"","overlay-type":"","overlay-color":"","overlay-opacity":"","overlay-gradient":""},"mobile":{"background-color":"","background-image":"","background-repeat":"repeat","background-position":"center center","background-size":"auto","background-attachment":"scroll","background-type":"","background-media":"","overlay-type":"","overlay-color":"","overlay-opacity":"","overlay-gradient":""}},"ast-content-background-meta":{"desktop":{"background-color":"var(--ast-global-color-5)","background-image":"","background-repeat":"repeat","background-position":"center center","background-size":"auto","background-attachment":"scroll","background-type":"","background-media":"","overlay-type":"","overlay-color":"","overlay-opacity":"","overlay-gradient":""},"tablet":{"background-color":"var(--ast-global-color-5)","background-image":"","background-repeat":"repeat","background-position":"center center","background-size":"auto","background-attachment":"scroll","background-type":"","background-media":"","overlay-type":"","overlay-color":"","overlay-opacity":"","overlay-gradient":""},"mobile":{"background-color":"var(--ast-global-color-5)","background-image":"","background-repeat":"repeat","background-position":"center center","background-size":"auto","background-attachment":"scroll","background-type":"","background-media":"","overlay-type":"","overlay-color":"","overlay-opacity":"","overlay-gradient":""}},"footnotes":""},"class_list":["post-1152","page","type-page","status-publish","hentry"],"post_mailing_queue_ids":[],"_links":{"self":[{"href":"https:\/\/agora.xtec.cat\/iesvv\/wp-json\/wp\/v2\/pages\/1152","targetHints":{"allow":["GET"]}}],"collection":[{"href":"https:\/\/agora.xtec.cat\/iesvv\/wp-json\/wp\/v2\/pages"}],"about":[{"href":"https:\/\/agora.xtec.cat\/iesvv\/wp-json\/wp\/v2\/types\/page"}],"author":[{"embeddable":true,"href":"https:\/\/agora.xtec.cat\/iesvv\/wp-json\/wp\/v2\/users\/4"}],"replies":[{"embeddable":true,"href":"https:\/\/agora.xtec.cat\/iesvv\/wp-json\/wp\/v2\/comments?post=1152"}],"version-history":[{"count":3,"href":"https:\/\/agora.xtec.cat\/iesvv\/wp-json\/wp\/v2\/pages\/1152\/revisions"}],"predecessor-version":[{"id":1420,"href":"https:\/\/agora.xtec.cat\/iesvv\/wp-json\/wp\/v2\/pages\/1152\/revisions\/1420"}],"up":[{"embeddable":true,"href":"https:\/\/agora.xtec.cat\/iesvv\/wp-json\/wp\/v2\/pages\/840"}],"wp:attachment":[{"href":"https:\/\/agora.xtec.cat\/iesvv\/wp-json\/wp\/v2\/media?parent=1152"}],"curies":[{"name":"wp","href":"https:\/\/api.w.org\/{rel}","templated":true}]}}