{"id":7461,"date":"2021-09-29T20:02:17","date_gmt":"2021-09-29T18:02:17","guid":{"rendered":"https:\/\/agora.xtec.cat\/iesvplantada\/?page_id=7461"},"modified":"2024-09-27T09:21:24","modified_gmt":"2024-09-27T07:21:24","slug":"vaga-dalumnes","status":"publish","type":"page","link":"https:\/\/agora.xtec.cat\/iesvplantada\/secretaria\/vaga-dalumnes\/","title":{"rendered":"VAGA D\u2019ALUMNES"},"content":{"rendered":"<p>\u00c9s important que abans de sol\u00b7licitar i\/o comunicar\u00a0 la intenci\u00f3 de secundar una vaga d&#8217;estudiants llegiu amb atenci\u00f3 el protocol de vagues del centre que el trobareu en el seg\u00fcent enlla\u00e7:<\/p>\n<h4 style=\"text-align: center;\"><a href=\"https:\/\/agora.xtec.cat\/iesvplantada\/wp-content\/uploads\/usu537\/bp-attachments\/1070\/7.19.Projecte_NOFC_protocol_de_vaga-actualitzacio.pdf\" target=\"_blank\" rel=\"noopener\">NOFC Protocol de vagues<\/a><\/h4>\n<p><strong><u>ALUMNES DE POSTOBLIGAT\u00d2RIA (BATX \u2013 C.F.)<\/u><\/strong><\/p>\n<p><strong>\u00a0<\/strong><strong>PER NOTIFICAR QUE ES PARTICIPA EN UNA CONVOCAT\u00d2RIA DE VAGA:<\/strong><\/p>\n<p>Escrit adre\u00e7at a la directora on ha de constar (<a href=\"https:\/\/agora.xtec.cat\/iesvplantada\/wp-content\/uploads\/usu537\/2021\/09\/7.19.4.1.Notificacio-Vaga.pdf\" target=\"_blank\" rel=\"noopener\">Model Notificaci\u00f3 Vaga<\/a>):<\/p>\n<ul>\n<li>Dia\/dies de la convocat\u00f2ria (en cas de m\u00e9s d\u2019una jornada, especificar en quines s\u2019hi\u00a0 participa)<\/li>\n<li>Sindicat o entitats convocants<\/li>\n<li>Motiu de la vaga<\/li>\n<li>Resultat de la votaci\u00f3 del grup\/classe<\/li>\n<\/ul>\n<p>Cal adjuntar (<a href=\"https:\/\/agora.xtec.cat\/iesvplantada\/wp-content\/uploads\/usu537\/2021\/09\/7.19.4.2.Llista-Vaga.pdf\" target=\"_blank\" rel=\"noopener\">Model Llista Vaga<\/a>):<\/p>\n<ul>\n<li>Relaci\u00f3 dels alumnes participants a la vaga amb el nom, cognom i DNI<\/li>\n<li>C\u00f2pia de la convocat\u00f2ria (publicitat sindical o similar)<\/li>\n<\/ul>\n<p><em>AQUEST ESCRIT ES FAR\u00c0 PER CADA GRUP\/CLASSE I ES LLIURAR\u00c0 F\u00cdSICAMENT A LA SECRETARIA DEL CENTRE DURANT L&#8217;HORARI D&#8217;ATENCI\u00d3 A L&#8217;ALUMNAT (<strong>11 a 11:30h<\/strong>) AMB 48 HORES<a href=\"#_ftn1\" name=\"_ftnref1\"><strong>[1]<\/strong><\/a> D\u2019ANTEL<\/em><em>ACI\u00d3<\/em><em> RESPECTE A LA DATA DEL PRIMER DIA DE LA CONVOCAT\u00d2RIA<\/em><\/p>\n<p>&nbsp;<\/p>\n<p><strong><u>ALUMNES D\u2019OBLIGAT\u00d2RIA (ESO)<\/u><\/strong><\/p>\n<p><strong>ELS ALUMNES DE TERCER I QUART HAN DE SOL\u00b7LICITAR PERM\u00cdS AL CONSELL ESCOLAR:<\/strong><\/p>\n<p>Escrit adre\u00e7at a la presidenta del Consell Escolar on ha de constar (<a href=\"https:\/\/agora.xtec.cat\/iesvplantada\/wp-content\/uploads\/usu537\/2021\/09\/7.19.4.3.Permis-Vaga.pdf\" target=\"_blank\" rel=\"noopener\">Model Perm\u00eds Vaga<\/a>):<\/p>\n<p>:<span style=\"font-family: inherit; font-size: 1em;\">Dia\/dies de la convocat\u00f2ria (en cas de m\u00e9s d\u2019una jornada, especificar en quines s\u2019hi\u00a0 participa)<\/span><\/p>\n<ul>\n<li>Sindicat o entitats convocants<\/li>\n<li>Motiu de la vaga<\/li>\n<li>Resultat de la votaci\u00f3 del grup\/classe<\/li>\n<\/ul>\n<p>Cal adjuntar (<a href=\"https:\/\/agora.xtec.cat\/iesvplantada\/wp-content\/uploads\/usu537\/2021\/09\/7.19.4.2.Llista-Vaga.pdf\" target=\"_blank\" rel=\"noopener\">Model Llista Vaga<\/a>):<\/p>\n<ul>\n<li>Relaci\u00f3 dels alumnes participants a la vaga amb el nom, cognom i DNI<\/li>\n<li>C\u00f2pia de la convocat\u00f2ria (publicitat sindical o similar)<\/li>\n<\/ul>\n<p><em>AQUEST ESCRIT ES FAR\u00c0 PER CADA GRUP\/CLASSE I ES LLIURAR\u00c0 F\u00cdSICAMENT A LA SECRETARIA DEL CENTRE DURANT L&#8217;HORARI D&#8217;ATENCI\u00d3 A L&#8217;ALUMNAT (<strong>11 a 11:30h<\/strong>) AMB 48 HORES<a href=\"#_ftn1\" name=\"_ftnref1\"><strong>[1]<\/strong><\/a> D\u2019ANTEL<\/em><em>ACI\u00d3<\/em><em> RESPECTE A LA DATA DEL PRIMER DIA DE LA CONVOCAT\u00d2RIA<\/em><\/p>\n<p>&nbsp;<\/p>\n<p><a href=\"#_ftnref1\" name=\"_ftn1\">[1]<\/a> La convocat\u00f2ria comen\u00e7a a les 0:00h del primer dia de vaga.<\/p>\n","protected":false},"excerpt":{"rendered":"<p>\u00c9s important que abans de sol\u00b7licitar i\/o comunicar\u00a0 la intenci\u00f3 de secundar una vaga d&#8217;estudiants llegiu amb atenci\u00f3 el protocol de vagues del centre que el trobareu en el seg\u00fcent enlla\u00e7:<br \/>\n<a href=\"https:\/\/agora.xtec.cat\/iesvplantada\/wp-content\/uploads\/usu537\/bp-attachments\/1070\/7.19.Projecte_NOFC_protocol_de_vaga-actualitzacio.pdf\" target=\"_blank\" rel=\"noopener\">NOFC Protocol de vagues<\/a><br \/>\nALUMNES DE POSTOBLIGAT\u00d2RIA (BATX \u2013 C.F.)<br \/>\n\u00a0PER NOTIFICAR QUE ES&hellip;  <a href=\"https:\/\/agora.xtec.cat\/iesvplantada\/secretaria\/vaga-dalumnes\/\" title=\"Read VAGA D\u2019ALUMNES\">Llegeix m\u00e9s\u00bb<\/a><\/p>\n","protected":false},"author":7,"featured_media":0,"parent":1207,"menu_order":110,"comment_status":"closed","ping_status":"closed","template":"page-templates\/side-menu.php","meta":{"_bbp_topic_count":0,"_bbp_reply_count":0,"_bbp_total_topic_count":0,"_bbp_total_reply_count":0,"_bbp_voice_count":0,"_bbp_anonymous_reply_count":0,"_bbp_topic_count_hidden":0,"_bbp_reply_count_hidden":0,"_bbp_forum_subforum_count":0,"footnotes":""},"class_list":["post-7461","page","type-page","status-publish","hentry"],"post_mailing_queue_ids":[],"_links":{"self":[{"href":"https:\/\/agora.xtec.cat\/iesvplantada\/wp-json\/wp\/v2\/pages\/7461","targetHints":{"allow":["GET"]}}],"collection":[{"href":"https:\/\/agora.xtec.cat\/iesvplantada\/wp-json\/wp\/v2\/pages"}],"about":[{"href":"https:\/\/agora.xtec.cat\/iesvplantada\/wp-json\/wp\/v2\/types\/page"}],"author":[{"embeddable":true,"href":"https:\/\/agora.xtec.cat\/iesvplantada\/wp-json\/wp\/v2\/users\/7"}],"replies":[{"embeddable":true,"href":"https:\/\/agora.xtec.cat\/iesvplantada\/wp-json\/wp\/v2\/comments?post=7461"}],"version-history":[{"count":4,"href":"https:\/\/agora.xtec.cat\/iesvplantada\/wp-json\/wp\/v2\/pages\/7461\/revisions"}],"predecessor-version":[{"id":10186,"href":"https:\/\/agora.xtec.cat\/iesvplantada\/wp-json\/wp\/v2\/pages\/7461\/revisions\/10186"}],"up":[{"embeddable":true,"href":"https:\/\/agora.xtec.cat\/iesvplantada\/wp-json\/wp\/v2\/pages\/1207"}],"wp:attachment":[{"href":"https:\/\/agora.xtec.cat\/iesvplantada\/wp-json\/wp\/v2\/media?parent=7461"}],"curies":[{"name":"wp","href":"https:\/\/api.w.org\/{rel}","templated":true}]}}