{"id":6534,"date":"2020-09-02T10:08:07","date_gmt":"2020-09-02T08:08:07","guid":{"rendered":"http:\/\/agora.xtec.cat\/iesvplantada\/?page_id=6534"},"modified":"2021-09-02T12:19:39","modified_gmt":"2021-09-02T10:19:39","slug":"titols-de-postobligatoria","status":"publish","type":"page","link":"https:\/\/agora.xtec.cat\/iesvplantada\/secretaria\/tramitacio-de-titols\/titols-de-postobligatoria\/","title":{"rendered":"T\u00edtols de postobligat\u00f2ria"},"content":{"rendered":"<h3>Tramitaci\u00f3 de t\u00edtol de postobligat\u00f2ria<\/h3>\n<h5>Batxillerat, CAFEMN i EASE<\/h5>\n<p>S&#8217;ha de demanar cit\u00e0 pr\u00e8via al correu <a href=\"mailto:secretariacitaprevia@insvplantada.cat\">secretariacitaprevia@insvplantada.cat<\/a>\u00a0 per passar a recollir la documentaci\u00f3 necess\u00e0ria per recollir el t\u00edtol.<\/p>\n","protected":false},"excerpt":{"rendered":"<p>Tramitaci\u00f3 de t\u00edtol de postobligat\u00f2ria<br \/>\nBatxillerat, CAFEMN i EASE<br \/>\nS&#8217;ha de demanar cit\u00e0 pr\u00e8via al correu <a href=\"mailto:secretariacitaprevia@insvplantada.cat\">secretariacitaprevia@insvplantada.cat<\/a>\u00a0 per passar a recollir la documentaci\u00f3 necess\u00e0ria per recollir el t\u00edtol.<\/p>\n","protected":false},"author":7,"featured_media":0,"parent":6530,"menu_order":20,"comment_status":"closed","ping_status":"closed","template":"page-templates\/side-menu.php","meta":{"_bbp_topic_count":0,"_bbp_reply_count":0,"_bbp_total_topic_count":0,"_bbp_total_reply_count":0,"_bbp_voice_count":0,"_bbp_anonymous_reply_count":0,"_bbp_topic_count_hidden":0,"_bbp_reply_count_hidden":0,"_bbp_forum_subforum_count":0,"footnotes":""},"class_list":["post-6534","page","type-page","status-publish","hentry"],"post_mailing_queue_ids":[],"_links":{"self":[{"href":"https:\/\/agora.xtec.cat\/iesvplantada\/wp-json\/wp\/v2\/pages\/6534","targetHints":{"allow":["GET"]}}],"collection":[{"href":"https:\/\/agora.xtec.cat\/iesvplantada\/wp-json\/wp\/v2\/pages"}],"about":[{"href":"https:\/\/agora.xtec.cat\/iesvplantada\/wp-json\/wp\/v2\/types\/page"}],"author":[{"embeddable":true,"href":"https:\/\/agora.xtec.cat\/iesvplantada\/wp-json\/wp\/v2\/users\/7"}],"replies":[{"embeddable":true,"href":"https:\/\/agora.xtec.cat\/iesvplantada\/wp-json\/wp\/v2\/comments?post=6534"}],"version-history":[{"count":2,"href":"https:\/\/agora.xtec.cat\/iesvplantada\/wp-json\/wp\/v2\/pages\/6534\/revisions"}],"predecessor-version":[{"id":7352,"href":"https:\/\/agora.xtec.cat\/iesvplantada\/wp-json\/wp\/v2\/pages\/6534\/revisions\/7352"}],"up":[{"embeddable":true,"href":"https:\/\/agora.xtec.cat\/iesvplantada\/wp-json\/wp\/v2\/pages\/6530"}],"wp:attachment":[{"href":"https:\/\/agora.xtec.cat\/iesvplantada\/wp-json\/wp\/v2\/media?parent=6534"}],"curies":[{"name":"wp","href":"https:\/\/api.w.org\/{rel}","templated":true}]}}