{"id":6030,"date":"2020-03-30T12:04:53","date_gmt":"2020-03-30T10:04:53","guid":{"rendered":"http:\/\/agora.xtec.cat\/iesvplantada\/?page_id=6030"},"modified":"2020-03-30T12:04:53","modified_gmt":"2020-03-30T10:04:53","slug":"novetats-en-epoca-de-confinament","status":"publish","type":"page","link":"https:\/\/agora.xtec.cat\/iesvplantada\/novetats-en-epoca-de-confinament\/","title":{"rendered":"Novetats en \u00e8poca de confinament"},"content":{"rendered":"<p>En aquests dies de confinament, en els que ens hem de quedar a casa, volem estar al vostre costat m\u00e9s que mai. Per aquest motiu estem portat al web molts dels recursos que en condicions normals utilitzar\u00edem a l&#8217;aula, perqu\u00e8 creiem que podem servir donar una mica de tranquilitat.<\/p>\n<p>En aquesta p\u00e0gina anirem actualitzant els diferents recursos habilitats al web:<\/p>\n<ul>\n<li><a href=\"http:\/\/agora.xtec.cat\/iesvplantada\/orientacio\/\">ORIENTACI\u00d3<\/a>, recull d&#8217;una s\u00e8rie de documents que poden ser \u00fatils per ajudar a les fam\u00edlies dels alumnes de 4t d&#8217;ESO.<\/li>\n<\/ul>\n<ul>\n<li><a href=\"http:\/\/agora.xtec.cat\/iesvplantada\/suport-die-a-les-families\/\">Suport DIE a les fam\u00edlies<\/a>, recull d&#8217;una s\u00e8rie de documents que poden ser \u00fatils a les fam\u00edlies per aquesta situaci\u00f3 de confinament.<\/li>\n<\/ul>\n<ul>\n<li><a href=\"http:\/\/agora.xtec.cat\/iesvplantada\/portes-obertes-virtual-2020\/\">Portes Obertes Virtuals ESO<\/a>, per a les fam\u00edlies que tinguin inter\u00e9s en con\u00e8ixer el nostre projecte educatiu<\/li>\n<\/ul>\n<p>A m\u00e9s us recordem que els nostres alumnes tenen habilitat un curs especial al moodle, on els professors de les diferents mat\u00e8ries els deixem activitats per a treballar durant aquests dies: <a href=\"https:\/\/agora.xtec.cat\/iesvplantada\/moodle\/course\/index.php?categoryid=544\" target=\"_blank\" rel=\"noopener noreferrer\">\u00a0Moodle\/Tancament de centre: propostes de feines<\/a> (s&#8217;han d&#8217;identificar amb l&#8217;usuari de sempre)<\/p>\n","protected":false},"excerpt":{"rendered":"<p>En aquests dies de confinament, en els que ens hem de quedar a casa, volem estar al vostre costat m\u00e9s que mai. Per aquest motiu estem portat al web molts dels recursos que en condicions normals utilitzar\u00edem a l&#8217;aula, perqu\u00e8 creiem que podem servir donar&hellip;  <a href=\"https:\/\/agora.xtec.cat\/iesvplantada\/novetats-en-epoca-de-confinament\/\" title=\"Read Novetats en \u00e8poca de confinament\">Llegeix m\u00e9s\u00bb<\/a><\/p>\n","protected":false},"author":7,"featured_media":0,"parent":0,"menu_order":0,"comment_status":"closed","ping_status":"closed","template":"","meta":{"_bbp_topic_count":0,"_bbp_reply_count":0,"_bbp_total_topic_count":0,"_bbp_total_reply_count":0,"_bbp_voice_count":0,"_bbp_anonymous_reply_count":0,"_bbp_topic_count_hidden":0,"_bbp_reply_count_hidden":0,"_bbp_forum_subforum_count":0,"footnotes":""},"class_list":["post-6030","page","type-page","status-publish","hentry"],"post_mailing_queue_ids":[],"_links":{"self":[{"href":"https:\/\/agora.xtec.cat\/iesvplantada\/wp-json\/wp\/v2\/pages\/6030","targetHints":{"allow":["GET"]}}],"collection":[{"href":"https:\/\/agora.xtec.cat\/iesvplantada\/wp-json\/wp\/v2\/pages"}],"about":[{"href":"https:\/\/agora.xtec.cat\/iesvplantada\/wp-json\/wp\/v2\/types\/page"}],"author":[{"embeddable":true,"href":"https:\/\/agora.xtec.cat\/iesvplantada\/wp-json\/wp\/v2\/users\/7"}],"replies":[{"embeddable":true,"href":"https:\/\/agora.xtec.cat\/iesvplantada\/wp-json\/wp\/v2\/comments?post=6030"}],"version-history":[{"count":1,"href":"https:\/\/agora.xtec.cat\/iesvplantada\/wp-json\/wp\/v2\/pages\/6030\/revisions"}],"predecessor-version":[{"id":6032,"href":"https:\/\/agora.xtec.cat\/iesvplantada\/wp-json\/wp\/v2\/pages\/6030\/revisions\/6032"}],"wp:attachment":[{"href":"https:\/\/agora.xtec.cat\/iesvplantada\/wp-json\/wp\/v2\/media?parent=6030"}],"curies":[{"name":"wp","href":"https:\/\/api.w.org\/{rel}","templated":true}]}}