{"id":5997,"date":"2020-03-26T21:58:46","date_gmt":"2020-03-26T20:58:46","guid":{"rendered":"http:\/\/agora.xtec.cat\/iesvplantada\/?page_id=5997"},"modified":"2020-05-10T17:19:02","modified_gmt":"2020-05-10T15:19:02","slug":"orientacio","status":"publish","type":"page","link":"https:\/\/agora.xtec.cat\/iesvplantada\/orientacio\/","title":{"rendered":"Orientaci\u00f3"},"content":{"rendered":"<h2 id=\"portal\">Un portal<\/h2>\n<p>A continuaci\u00f3 us deixem l&#8217;enlla\u00e7 al web &#8220;Unportal&#8221;, on trobem especialment interessant per a vosaltres l&#8217;apartat dedicat a cicles de grau mitj\u00e0.<\/p>\n<p style=\"text-align: center;\"><a href=\"https:\/\/cfgs.unportal.net\/wb\/cfgs\/ca\/cfgm\/cercador\/index.html\" target=\"_blank\" rel=\"noopener noreferrer\">https:\/\/cfgs.unportal.net\/wb\/cfgs\/ca\/cfgm\/cercador\/index.html<\/a><\/p>\n<h2 id=\"despres\">I despr\u00e8s de l&#8217;ESO qu\u00e8?<\/h2>\n<p>Aqu\u00ed teniu un recordatori de la sessi\u00f3 que v\u00e0rem fer a classe sobre sortides despr\u00e9s de l\u2019ESO i una explicaci\u00f3 sobre qu\u00e8 s\u00f3n els PFI i qu\u00e8 impliquen, aix\u00ed com tamb\u00e9 informaci\u00f3 sobre l\u2019Escola d\u2019Adults.<\/p>\n<p><iframe loading=\"lazy\" src=\"https:\/\/docs.google.com\/viewer?srcid=1_jV6pu3bw5bQ7Owkw3CO0aCRjq_NuxGp&amp;pid=explorer&amp;efh=false&amp;a=v&amp;chrome=false&amp;embedded=true\" width=\"100%\" height=\"500px\"><br \/>\n<iframe><br \/>\nhttps:\/\/drive.google.com\/file\/d\/1_jV6pu3bw5bQ7Owkw3CO0aCRjq_NuxGp\/view?usp=sharing<span data-mce-type=\"bookmark\" style=\"display: inline-block; width: 0px; overflow: hidden; line-height: 0;\" class=\"mce_SELRES_start\">\ufeff<\/span><br \/>\n<\/iframe><\/iframe><\/p>\n<h2 id=\"batxillerat\">El Batxillerat<\/h2>\n<p>En aquesta presentaci\u00f3 trobareu informaci\u00f3 b\u00e0sica sobre qu\u00e8 s\u00f3n els estudis de batxillerat i qu\u00e8 impliquen.<\/p>\n<p><iframe loading=\"lazy\" src=\"https:\/\/docs.google.com\/viewer?srcid=1AqG30iF7tToNof7eli4UPhdp9MLvOcOP&amp;pid=explorer&amp;efh=false&amp;a=v&amp;chrome=false&amp;embedded=true\" width=\"100%\" height=\"500px\"><iframe><br \/>\nhttps:\/\/drive.google.com\/file\/d\/1AqG30iF7tToNof7eli4UPhdp9MLvOcOP\/view?usp=sharing<span data-mce-type=\"bookmark\" style=\"display: inline-block; width: 0px; overflow: hidden; line-height: 0;\" class=\"mce_SELRES_start\">\ufeff<\/span><br \/>\n<\/iframe><\/iframe><\/p>\n<h2 id=\"ponderacions\">Ponderacions 2021<\/h2>\n<p>Pot ser interessant saber les ponderacions dels diferents graus per acabar de decidir-se.<\/p>\n<h2><iframe loading=\"lazy\" src=\"https:\/\/docs.google.com\/viewer?srcid=1yaC-3FgxGn3E41eIBDUIEf3cDk5lckqt&amp;pid=explorer&amp;efh=false&amp;a=v&amp;chrome=false&amp;embedded=true\" width=\"100%\" height=\"500px\"><iframe><br \/>\nhttps:\/\/drive.google.com\/file\/d\/1yaC-3FgxGn3E41eIBDUIEf3cDk5lckqt\/view?usp=sharing<span data-mce-type=\"bookmark\" style=\"display: inline-block; width: 0px; overflow: hidden; line-height: 0;\" class=\"mce_SELRES_start\">\ufeff<\/span><br \/>\n<\/iframe><\/iframe><\/h2>\n<h2 id=\"pfi\">Els PFI&#8217;s<\/h2>\n<p>I si voleu saber quins s\u00f3n els centres que imparteixen PFI, aqu\u00ed tenir la publicaci\u00f3 de la generalitat del curs passat.<\/p>\n<p><iframe loading=\"lazy\" src=\"https:\/\/docs.google.com\/viewer?srcid=17RqZAYQv-7QpXiZNnq1T7O01ldJXa8-4&amp;pid=explorer&amp;efh=false&amp;a=v&amp;chrome=false&amp;embedded=true\" width=\"100%\" height=\"500px\"><iframe><br \/>\nhttps:\/\/drive.google.com\/file\/d\/17RqZAYQv-7QpXiZNnq1T7O01ldJXa8-4\/view?usp=sharing<span data-mce-type=\"bookmark\" style=\"display: inline-block; width: 0px; overflow: hidden; line-height: 0;\" class=\"mce_SELRES_start\">\ufeff<\/span><br \/>\n<\/iframe><\/iframe><\/p>\n<p>&nbsp;<\/p>\n<h2 id=\"mindfulness\">MINDFULNESS PER ADOLESCENTS INICIACI\u00d3<\/h2>\n<p>Els dies passen, sovint uns s\u2019assemblen molt als altres, aix\u00f2 pot provocar angoixa, avorriment, cansament.\u00a0Si a tu et passa, prova de fer exercicis de concentraci\u00f3 i relaxaci\u00f3. Si a m\u00e9s els fas amb alg\u00fa de casa, el riure est\u00e0 assegurat i riure \u00e9s sempre la millor medicina. Cuida\u2019t<\/p>\n<div><\/div>\n<p><iframe loading=\"lazy\" src=\"https:\/\/www.youtube.com\/embed\/lifANBWEIGU?controls=0\" width=\"560\" height=\"315\" frameborder=\"0\"><\/iframe><\/p>\n<h2 id=\"ioga\">IOGA PER ADOLESCENTS<\/h2>\n<p>Els dies passen, sovint uns s\u2019assemblen molt als altres, aix\u00f2 pot provocar angoixa, avorriment, cansament.\u00a0Si a tu et passa, prova de fer exercicis de concentraci\u00f3 i relaxaci\u00f3. Si a m\u00e9s els fas amb alg\u00fa de casa, el riure est\u00e0 assegurat i riure \u00e9s sempre la millor medicina. Cuida\u2019t<\/p>\n<p><iframe loading=\"lazy\" src=\"https:\/\/www.youtube.com\/embed\/dHoAui_8-0k?controls=0\" width=\"560\" height=\"315\" frameborder=\"0\"><\/iframe><\/p>\n","protected":false},"excerpt":{"rendered":"<p>Un portal<br \/>\nA continuaci\u00f3 us deixem l&#8217;enlla\u00e7 al web &#8220;Unportal&#8221;, on trobem especialment interessant per a vosaltres l&#8217;apartat dedicat a cicles de grau mitj\u00e0.<br \/>\n<a href=\"https:\/\/cfgs.unportal.net\/wb\/cfgs\/ca\/cfgm\/cercador\/index.html\" target=\"_blank\" rel=\"noopener noreferrer\">https:\/\/cfgs.unportal.net\/wb\/cfgs\/ca\/cfgm\/cercador\/index.html<\/a><br \/>\nI despr\u00e8s de l&#8217;ESO qu\u00e8?<br \/>\nAqu\u00ed teniu un recordatori de la sessi\u00f3 que v\u00e0rem fer a classe sobre sortides despr\u00e9s&hellip;  <a href=\"https:\/\/agora.xtec.cat\/iesvplantada\/orientacio\/\" title=\"Read Orientaci\u00f3\">Llegeix m\u00e9s\u00bb<\/a><\/p>\n","protected":false},"author":7,"featured_media":0,"parent":0,"menu_order":0,"comment_status":"closed","ping_status":"closed","template":"","meta":{"_bbp_topic_count":0,"_bbp_reply_count":0,"_bbp_total_topic_count":0,"_bbp_total_reply_count":0,"_bbp_voice_count":0,"_bbp_anonymous_reply_count":0,"_bbp_topic_count_hidden":0,"_bbp_reply_count_hidden":0,"_bbp_forum_subforum_count":0,"footnotes":""},"class_list":["post-5997","page","type-page","status-publish","hentry"],"post_mailing_queue_ids":[],"_links":{"self":[{"href":"https:\/\/agora.xtec.cat\/iesvplantada\/wp-json\/wp\/v2\/pages\/5997","targetHints":{"allow":["GET"]}}],"collection":[{"href":"https:\/\/agora.xtec.cat\/iesvplantada\/wp-json\/wp\/v2\/pages"}],"about":[{"href":"https:\/\/agora.xtec.cat\/iesvplantada\/wp-json\/wp\/v2\/types\/page"}],"author":[{"embeddable":true,"href":"https:\/\/agora.xtec.cat\/iesvplantada\/wp-json\/wp\/v2\/users\/7"}],"replies":[{"embeddable":true,"href":"https:\/\/agora.xtec.cat\/iesvplantada\/wp-json\/wp\/v2\/comments?post=5997"}],"version-history":[{"count":4,"href":"https:\/\/agora.xtec.cat\/iesvplantada\/wp-json\/wp\/v2\/pages\/5997\/revisions"}],"predecessor-version":[{"id":6206,"href":"https:\/\/agora.xtec.cat\/iesvplantada\/wp-json\/wp\/v2\/pages\/5997\/revisions\/6206"}],"wp:attachment":[{"href":"https:\/\/agora.xtec.cat\/iesvplantada\/wp-json\/wp\/v2\/media?parent=5997"}],"curies":[{"name":"wp","href":"https:\/\/api.w.org\/{rel}","templated":true}]}}