{"id":49,"date":"2014-09-17T16:55:55","date_gmt":"2014-09-17T16:55:55","guid":{"rendered":"http:\/\/agora.xtec.cat\/iesvplantada\/\/?page_id=49"},"modified":"2018-11-08T19:37:33","modified_gmt":"2018-11-08T18:37:33","slug":"nofc","status":"publish","type":"page","link":"https:\/\/agora.xtec.cat\/iesvplantada\/d-organitzacio-i-gestio\/nofc\/","title":{"rendered":"Normes del centre (NOFC)"},"content":{"rendered":"<p>Les NOFC (Normes d&#8217;organitzaci\u00f3 i funcionament del centre) constitueixen els principis sobre les quals funciona tota la din\u00e0mica de l\u2019institut\u00a0 tan des del punt de vista acad\u00e8mic com del punt de vista de la conviv\u00e8ncia i la interacci\u00f3 de tota la comunitat educativa.<\/p>\n<p>Les NOFC han estat redactades per equips de professors i professores que, havent copsat les din\u00e0miques del centre, han elaborat cada norma tenint en compte la legislaci\u00f3 vigent que marca el departament d\u2019ensenyament.<\/p>\n<p>Un cop redactades, han estat aprovades pel Claustre i pel Consell Escolar.<\/p>\n<p>En signar la\u00a0 Carta de Comprom\u00eds Educatiu, les fam\u00edlies es donen per assabentades dels continguts de les NOFC i junt amb la direcci\u00f3 del centre es comprometen a acceptar-les i complir-les.<\/p>\n","protected":false},"excerpt":{"rendered":"<p>Les NOFC (Normes d&#8217;organitzaci\u00f3 i funcionament del centre) constitueixen els principis sobre les quals funciona tota la din\u00e0mica de l\u2019institut\u00a0 tan des del punt de vista acad\u00e8mic com del punt de vista de la conviv\u00e8ncia i la interacci\u00f3 de tota la comunitat educativa.<br \/>\nLes NOFC han&hellip;  <a href=\"https:\/\/agora.xtec.cat\/iesvplantada\/d-organitzacio-i-gestio\/nofc\/\" title=\"Read Normes del centre (NOFC)\">Llegeix m\u00e9s\u00bb<\/a><\/p>\n","protected":false},"author":1,"featured_media":0,"parent":3638,"menu_order":20,"comment_status":"closed","ping_status":"closed","template":"page-templates\/side-menu.php","meta":{"_bbp_topic_count":0,"_bbp_reply_count":0,"_bbp_total_topic_count":0,"_bbp_total_reply_count":0,"_bbp_voice_count":0,"_bbp_anonymous_reply_count":0,"_bbp_topic_count_hidden":0,"_bbp_reply_count_hidden":0,"_bbp_forum_subforum_count":0,"footnotes":""},"class_list":["post-49","page","type-page","status-publish","hentry"],"post_mailing_queue_ids":[],"_links":{"self":[{"href":"https:\/\/agora.xtec.cat\/iesvplantada\/wp-json\/wp\/v2\/pages\/49","targetHints":{"allow":["GET"]}}],"collection":[{"href":"https:\/\/agora.xtec.cat\/iesvplantada\/wp-json\/wp\/v2\/pages"}],"about":[{"href":"https:\/\/agora.xtec.cat\/iesvplantada\/wp-json\/wp\/v2\/types\/page"}],"author":[{"embeddable":true,"href":"https:\/\/agora.xtec.cat\/iesvplantada\/wp-json\/wp\/v2\/users\/1"}],"replies":[{"embeddable":true,"href":"https:\/\/agora.xtec.cat\/iesvplantada\/wp-json\/wp\/v2\/comments?post=49"}],"version-history":[{"count":4,"href":"https:\/\/agora.xtec.cat\/iesvplantada\/wp-json\/wp\/v2\/pages\/49\/revisions"}],"predecessor-version":[{"id":3643,"href":"https:\/\/agora.xtec.cat\/iesvplantada\/wp-json\/wp\/v2\/pages\/49\/revisions\/3643"}],"up":[{"embeddable":true,"href":"https:\/\/agora.xtec.cat\/iesvplantada\/wp-json\/wp\/v2\/pages\/3638"}],"wp:attachment":[{"href":"https:\/\/agora.xtec.cat\/iesvplantada\/wp-json\/wp\/v2\/media?parent=49"}],"curies":[{"name":"wp","href":"https:\/\/api.w.org\/{rel}","templated":true}]}}