{"id":39,"date":"2014-09-17T16:36:44","date_gmt":"2014-09-17T16:36:44","guid":{"rendered":"http:\/\/agora.xtec.cat\/iesvplantada\/\/?page_id=39"},"modified":"2017-11-03T22:25:38","modified_gmt":"2017-11-03T21:25:38","slug":"instal%c2%b7lacions","status":"publish","type":"page","link":"https:\/\/agora.xtec.cat\/iesvplantada\/linstitut\/instal%c2%b7lacions\/","title":{"rendered":"Instal\u00b7lacions"},"content":{"rendered":"<p>El nostre centre compta amb instal\u00b7lacions que permeten el treball col\u00b7laboratiu i l&#8217;\u00fas de les tecnologies de la informaci\u00f3 i de la comunicaci\u00f3.<\/p>\n<p>Totes les aules estan dotades de wifi i pissarra digital.<\/p>\n<ol>\n<li>Biblioteca<\/li>\n<li>Laboratori de f\u00edsica<\/li>\n<li>Laboratori de qu\u00edmica<\/li>\n<li>Laboratori de ci\u00e8ncies naturals<\/li>\n<li>Dos tallers de tecnologia<\/li>\n<li>Dues aules d&#8217;inform\u00e0tica, i una tercera que posarem en funcionament durant el curs 2017-18<\/li>\n<li>Aula de m\u00fasica<\/li>\n<li>Aula de dibuix<\/li>\n<li>Tres aules de desdoblaments<\/li>\n<li>Gimn\u00e0s<\/li>\n<li>Pistes de b\u00e0squet i futbol<\/li>\n<li>Sala d&#8217;actes<\/li>\n<li>Cantina<\/li>\n<li>Espais naturals per a zona de lleure<\/li>\n<\/ol>\n<p>&nbsp;<\/p>\n","protected":false},"excerpt":{"rendered":"<p>El nostre centre compta amb instal\u00b7lacions que permeten el treball col\u00b7laboratiu i l&#8217;\u00fas de les tecnologies de la informaci\u00f3 i de la comunicaci\u00f3.<br \/>\nTotes les aules estan dotades de wifi i pissarra digital.<\/p>\n<ol>\n<li>Biblioteca<\/li>\n<li>Laboratori de f\u00edsica<\/li>\n<li>Laboratori de qu\u00edmica<\/li>\n<li>Laboratori de ci\u00e8ncies naturals<\/li>\n<li>Dos tallers de tecnologia<\/li>\n<li>Dues aules d&#8217;inform\u00e0tica, i&hellip;  <a href=\"https:\/\/agora.xtec.cat\/iesvplantada\/linstitut\/instal%c2%b7lacions\/\" title=\"Read Instal\u00b7lacions\">Llegeix m\u00e9s\u00bb<\/a><br \/>\n","protected":false},"author":1,"featured_media":0,"parent":19,"menu_order":30,"comment_status":"closed","ping_status":"closed","template":"page-templates\/side-menu.php","meta":{"_bbp_topic_count":0,"_bbp_reply_count":0,"_bbp_total_topic_count":0,"_bbp_total_reply_count":0,"_bbp_voice_count":0,"_bbp_anonymous_reply_count":0,"_bbp_topic_count_hidden":0,"_bbp_reply_count_hidden":0,"_bbp_forum_subforum_count":0,"footnotes":""},"class_list":["post-39","page","type-page","status-publish","hentry"],"post_mailing_queue_ids":[],"_links":{"self":[{"href":"https:\/\/agora.xtec.cat\/iesvplantada\/wp-json\/wp\/v2\/pages\/39","targetHints":{"allow":["GET"]}}],"collection":[{"href":"https:\/\/agora.xtec.cat\/iesvplantada\/wp-json\/wp\/v2\/pages"}],"about":[{"href":"https:\/\/agora.xtec.cat\/iesvplantada\/wp-json\/wp\/v2\/types\/page"}],"author":[{"embeddable":true,"href":"https:\/\/agora.xtec.cat\/iesvplantada\/wp-json\/wp\/v2\/users\/1"}],"replies":[{"embeddable":true,"href":"https:\/\/agora.xtec.cat\/iesvplantada\/wp-json\/wp\/v2\/comments?post=39"}],"version-history":[{"count":3,"href":"https:\/\/agora.xtec.cat\/iesvplantada\/wp-json\/wp\/v2\/pages\/39\/revisions"}],"predecessor-version":[{"id":2053,"href":"https:\/\/agora.xtec.cat\/iesvplantada\/wp-json\/wp\/v2\/pages\/39\/revisions\/2053"}],"up":[{"embeddable":true,"href":"https:\/\/agora.xtec.cat\/iesvplantada\/wp-json\/wp\/v2\/pages\/19"}],"wp:attachment":[{"href":"https:\/\/agora.xtec.cat\/iesvplantada\/wp-json\/wp\/v2\/media?parent=39"}],"curies":[{"name":"wp","href":"https:\/\/api.w.org\/{rel}","templated":true}]}}