{"id":3645,"date":"2018-11-08T19:49:30","date_gmt":"2018-11-08T18:49:30","guid":{"rendered":"http:\/\/agora.xtec.cat\/iesvplantada\/?page_id=3645"},"modified":"2022-06-28T22:21:39","modified_gmt":"2022-06-28T20:21:39","slug":"projecte-linguistic-pl","status":"publish","type":"page","link":"https:\/\/agora.xtec.cat\/iesvplantada\/d-organitzacio-i-gestio\/projecte-linguistic-pl\/","title":{"rendered":"Projecte ling\u00fc\u00edstic (PL)"},"content":{"rendered":"<p><strong>Projecte ling\u00fc\u00edstic (PL)<\/strong>.<\/p>\n<p>Dins del marc del nostre projecte educatiu, el nostre centre disposa d\u2019un projecte ling\u00fc\u00edstic que s\u2019ajusta al que estableixen els articles 10, 11, 12 i 16 de la Llei 12\/2009, del 10 de juliol, i l\u2019article 5.1.e) del Decret 102\/2010, de 3 d\u2019agost, d\u2019autonomia dels centres educatius.<\/p>\n<p>Segons marca la normativa el projecte ling\u00fc\u00edstic ha de recollir els aspectes seg\u00fcents:<\/p>\n<ul>\n<li>El paper de la llengua catalana, i de l\u2019occit\u00e0 a l\u2019Aran, com a eix vertebrador d\u2019un projecte educatiu pluriling\u00fce<\/li>\n<li>El tractament de les lleng\u00fces, tant les curriculars com les de la nova immigraci\u00f3, en espais d\u2019educaci\u00f3 formal o no formal del centre.<\/li>\n<li>Els aspectes d\u2019organitzaci\u00f3 i de gesti\u00f3 que tinguin repercussions ling\u00fc\u00edstiques.<\/li>\n<\/ul>\n<p>&nbsp;<\/p>\n<table style=\"border-collapse: collapse; width: 60%;\" border=\"1\">\n<tbody>\n<tr>\n<td style=\"width: 50%;\"><strong>Projecte Ling\u00fc\u00edstic (PL):<\/strong><\/td>\n<td style=\"width: 50%;\"><a href=\"https:\/\/agora.xtec.cat\/iesvplantada\/wp-content\/uploads\/usu537\/bp-attachments\/3654\/Institut-Vicenc-Plantada-PL-v1.pdf\" target=\"_blank\" rel=\"noopener noreferrer\"><img loading=\"lazy\" decoding=\"async\" class=\"aligncenter wp-image-4022 size-full\" src=\"https:\/\/agora.xtec.cat\/iesvplantada\/wp-content\/uploads\/usu537\/2019\/03\/PortadaWeb.png\" alt=\"\" width=\"363\" height=\"499\" srcset=\"https:\/\/agora.xtec.cat\/iesvplantada\/wp-content\/uploads\/usu537\/2019\/03\/PortadaWeb.png 363w, https:\/\/agora.xtec.cat\/iesvplantada\/wp-content\/uploads\/usu537\/2019\/03\/PortadaWeb-218x300.png 218w\" sizes=\"auto, (max-width: 363px) 100vw, 363px\" \/><\/a><\/td>\n<\/tr>\n<tr>\n<td style=\"width: 70%;\"><strong>Resoluci\u00f3 d&#8217;aprovaci\u00f3 del PL:<\/strong><\/td>\n<td style=\"width: 30%;\"><strong>\u00a0<a href=\"https:\/\/agora.xtec.cat\/iesvplantada\/wp-content\/uploads\/usu537\/bp-attachments\/3654\/Resoluci\u00f3-aprovaci\u00f3-PL-signada.pdf\" target=\"_blank\" rel=\"noopener noreferrer\">Resoluci\u00f3<\/a><\/strong><\/td>\n<\/tr>\n<\/tbody>\n<\/table>\n<p>&nbsp;<\/p>\n","protected":false},"excerpt":{"rendered":"<p>Projecte ling\u00fc\u00edstic (PL).<br \/>\nDins del marc del nostre projecte educatiu, el nostre centre disposa d\u2019un projecte ling\u00fc\u00edstic que s\u2019ajusta al que estableixen els articles 10, 11, 12 i 16 de la Llei 12\/2009, del 10 de juliol, i l\u2019article 5.1.e) del Decret 102\/2010, de 3 d\u2019agost,&hellip;  <a href=\"https:\/\/agora.xtec.cat\/iesvplantada\/d-organitzacio-i-gestio\/projecte-linguistic-pl\/\" title=\"Read Projecte ling\u00fc\u00edstic (PL)\">Llegeix m\u00e9s\u00bb<\/a><\/p>\n","protected":false},"author":7,"featured_media":0,"parent":3638,"menu_order":30,"comment_status":"closed","ping_status":"closed","template":"page-templates\/side-menu.php","meta":{"_bbp_topic_count":0,"_bbp_reply_count":0,"_bbp_total_topic_count":0,"_bbp_total_reply_count":0,"_bbp_voice_count":0,"_bbp_anonymous_reply_count":0,"_bbp_topic_count_hidden":0,"_bbp_reply_count_hidden":0,"_bbp_forum_subforum_count":0,"footnotes":""},"class_list":["post-3645","page","type-page","status-publish","hentry"],"post_mailing_queue_ids":[],"_links":{"self":[{"href":"https:\/\/agora.xtec.cat\/iesvplantada\/wp-json\/wp\/v2\/pages\/3645","targetHints":{"allow":["GET"]}}],"collection":[{"href":"https:\/\/agora.xtec.cat\/iesvplantada\/wp-json\/wp\/v2\/pages"}],"about":[{"href":"https:\/\/agora.xtec.cat\/iesvplantada\/wp-json\/wp\/v2\/types\/page"}],"author":[{"embeddable":true,"href":"https:\/\/agora.xtec.cat\/iesvplantada\/wp-json\/wp\/v2\/users\/7"}],"replies":[{"embeddable":true,"href":"https:\/\/agora.xtec.cat\/iesvplantada\/wp-json\/wp\/v2\/comments?post=3645"}],"version-history":[{"count":3,"href":"https:\/\/agora.xtec.cat\/iesvplantada\/wp-json\/wp\/v2\/pages\/3645\/revisions"}],"predecessor-version":[{"id":8095,"href":"https:\/\/agora.xtec.cat\/iesvplantada\/wp-json\/wp\/v2\/pages\/3645\/revisions\/8095"}],"up":[{"embeddable":true,"href":"https:\/\/agora.xtec.cat\/iesvplantada\/wp-json\/wp\/v2\/pages\/3638"}],"wp:attachment":[{"href":"https:\/\/agora.xtec.cat\/iesvplantada\/wp-json\/wp\/v2\/media?parent=3645"}],"curies":[{"name":"wp","href":"https:\/\/api.w.org\/{rel}","templated":true}]}}