{"id":27,"date":"2014-09-17T16:24:03","date_gmt":"2014-09-17T16:24:03","guid":{"rendered":"http:\/\/agora.xtec.cat\/iesvplantada\/\/?page_id=27"},"modified":"2017-05-29T23:17:06","modified_gmt":"2017-05-29T21:17:06","slug":"historia","status":"publish","type":"page","link":"https:\/\/agora.xtec.cat\/iesvplantada\/linstitut\/historia\/","title":{"rendered":"Hist\u00f2ria"},"content":{"rendered":"<p>Abans que a Mollet del Vall\u00e8s hi hagu\u00e9s Institut de batxillerat la gent \u2013poca- que volia o podia estudiar havia d\u2019anar a Granollers o a Barcelona. A finals dels 60 es va fer l\u2019Institut de Montcada.<br \/>\nA principis dels 70 els \u00e0nims dels alumnes que s\u2019havien de despla\u00e7ar es van anar escalfant. Les reivindicacions, tamb\u00e9, tamb\u00e9. La primera vegada a la postguerra que sort\u00ed gent al carrer a Mollet, m\u00e9s o menys organitzada, a pesar de la por que imperava, va ser per demanar aigua, (1974). La situaci\u00f3 de l\u2019aigua potable al poble a l\u2019estiu era deplorable. No donava l\u2019abast per cobrir la necessitat del creixement r\u00e0pid i sense planificaci\u00f3 que va tenir el poble durant els 50 i 60.<br \/>\nEl mateix any 74 un grup de joves estudiants i treballadors es va comen\u00e7ar a trobar en una casa llogada entre tots. Hi feien activitats culturals. Sempre s\u2019hi trobava poca gent -5 o 6, m\u00e0xim 10- perqu\u00e8 no fossin acusats d\u2019associaci\u00f3 il\u00b7l\u00edcita i els tanquessin el local. Tamb\u00e9 els podien fer passar per la caserna de la Gu\u00e0rdia Civil, interrogar-los i multar-los.<br \/>\nDe les activitats del grup \u201cCasa\u201d i de les idees que s\u2019hi plantejaven i discutien va sortir la de reivindicar l\u2019institut.<br \/>\nDespr\u00e9s de diverses trobades van fer una manifestaci\u00f3 davant de l\u2019Ajuntament, amb crides i parlaments. La Gu\u00e0rdia Civil carreg\u00e0 contra les tres o quatre dotzenes de joves que hi havia.Llavors es van tancar a l\u2019esgl\u00e9sia.<br \/>\nVan ser advertits per representants de l\u2019Ajuntament. I algun d\u2019ells en van patir les conseq\u00fc\u00e8ncies, d\u2019aquelles manifestacions, quan van fer el servei militar.<br \/>\nPoc despr\u00e9s, amb alguns llicenciats de Mollet i de Barcelona, va posar-se en funcionament el llavors dit \u201cInstituto de Ense\u00f1anza Secundaria\u201d, a l\u2019edifici de Correus, a l\u2019avinguda de Jaume I. Va ser l\u2019origen de l\u2019institut \u201cVicen\u00e7 Plantada\u201d.<\/p>\n<p><a href=\"http:\/\/agora.xtec.cat\/iesvplantada\/wp-content\/uploads\/usu537\/2014\/09\/IESVP_3.jpg\"><img loading=\"lazy\" decoding=\"async\" class=\"alignnone size-medium wp-image-236\" src=\"http:\/\/agora.xtec.cat\/iesvplantada\/wp-content\/uploads\/usu537\/2014\/09\/IESVP_3-300x191.jpg\" alt=\"IESVP_3\" width=\"300\" height=\"191\" srcset=\"https:\/\/agora.xtec.cat\/iesvplantada\/wp-content\/uploads\/usu537\/2014\/09\/IESVP_3-300x191.jpg 300w, https:\/\/agora.xtec.cat\/iesvplantada\/wp-content\/uploads\/usu537\/2014\/09\/IESVP_3.jpg 485w\" sizes=\"auto, (max-width: 300px) 100vw, 300px\" \/><\/a><\/p>\n<p>Elaborat per Josep Masats<br \/>\nPoeta i professor de llengua i literatura catalana del nostre Institut<\/p>\n","protected":false},"excerpt":{"rendered":"<p>Abans que a Mollet del Vall\u00e8s hi hagu\u00e9s Institut de batxillerat la gent \u2013poca- que volia o podia estudiar havia d\u2019anar a Granollers o a Barcelona. A finals dels 60 es va fer l\u2019Institut de Montcada.<br \/>\nA principis dels 70 els \u00e0nims dels alumnes que s\u2019havien&hellip;  <a href=\"https:\/\/agora.xtec.cat\/iesvplantada\/linstitut\/historia\/\" title=\"Read Hist\u00f2ria\">Llegeix m\u00e9s\u00bb<\/a><\/p>\n","protected":false},"author":1,"featured_media":0,"parent":19,"menu_order":20,"comment_status":"closed","ping_status":"closed","template":"page-templates\/side-menu.php","meta":{"_bbp_topic_count":0,"_bbp_reply_count":0,"_bbp_total_topic_count":0,"_bbp_total_reply_count":0,"_bbp_voice_count":0,"_bbp_anonymous_reply_count":0,"_bbp_topic_count_hidden":0,"_bbp_reply_count_hidden":0,"_bbp_forum_subforum_count":0,"footnotes":""},"class_list":["post-27","page","type-page","status-publish","hentry"],"post_mailing_queue_ids":[],"_links":{"self":[{"href":"https:\/\/agora.xtec.cat\/iesvplantada\/wp-json\/wp\/v2\/pages\/27","targetHints":{"allow":["GET"]}}],"collection":[{"href":"https:\/\/agora.xtec.cat\/iesvplantada\/wp-json\/wp\/v2\/pages"}],"about":[{"href":"https:\/\/agora.xtec.cat\/iesvplantada\/wp-json\/wp\/v2\/types\/page"}],"author":[{"embeddable":true,"href":"https:\/\/agora.xtec.cat\/iesvplantada\/wp-json\/wp\/v2\/users\/1"}],"replies":[{"embeddable":true,"href":"https:\/\/agora.xtec.cat\/iesvplantada\/wp-json\/wp\/v2\/comments?post=27"}],"version-history":[{"count":3,"href":"https:\/\/agora.xtec.cat\/iesvplantada\/wp-json\/wp\/v2\/pages\/27\/revisions"}],"predecessor-version":[{"id":1632,"href":"https:\/\/agora.xtec.cat\/iesvplantada\/wp-json\/wp\/v2\/pages\/27\/revisions\/1632"}],"up":[{"embeddable":true,"href":"https:\/\/agora.xtec.cat\/iesvplantada\/wp-json\/wp\/v2\/pages\/19"}],"wp:attachment":[{"href":"https:\/\/agora.xtec.cat\/iesvplantada\/wp-json\/wp\/v2\/media?parent=27"}],"curies":[{"name":"wp","href":"https:\/\/api.w.org\/{rel}","templated":true}]}}