{"id":1643,"date":"2017-06-08T20:36:31","date_gmt":"2017-06-08T18:36:31","guid":{"rendered":"http:\/\/agora.xtec.cat\/iesvplantada\/?page_id=1643"},"modified":"2022-07-04T22:22:19","modified_gmt":"2022-07-04T20:22:19","slug":"2n-de-batxillerat","status":"publish","type":"page","link":"https:\/\/agora.xtec.cat\/iesvplantada\/secretaria\/matricula\/2n-de-batxillerat\/","title":{"rendered":"2n de Batxillerat"},"content":{"rendered":"<p><strong>DATES DE MATR\u00cdCULA<\/strong><\/p>\n<p>Dies abans de l\u2019inici del per\u00edode de matricula rebran un correu electr\u00f2nic amb les instruccions per tal de formalitzar la matr\u00edcula.<\/p>\n<p><span style=\"text-decoration: underline;\"><strong>Alumnat de 2n repetidors del centre<\/strong><\/span>: <span style=\"text-decoration: underline; color: #ff0000;\"><strong>\u00a023 de juny al 2 de juliol de 2022<\/strong><\/span><\/p>\n<p><span style=\"text-decoration: underline;\"><strong>Alumnat del centre que promociona de 1r de batxillerat:<\/strong><\/span> <span style=\"text-decoration: underline;\"><strong><span style=\"color: #ff0000; text-decoration: underline;\">del 23 de juny al 2 de juliol de 2022<\/span><\/strong><\/span><\/p>\n<p><strong><span style=\"color: #ff0000;\"><span style=\"color: #000000;\"><u>Alumnat nou:<\/u><\/span> <u>Del 23 de juny al 2 de juliol de 2022<\/u><\/span><\/strong><\/p>\n<p><strong><u>MATR\u00cdCULA EXTRAORDIN\u00c0RIA DE SETEMBRE<\/u><\/strong><strong>:<\/strong><\/p>\n<p><strong><span style=\"color: #ff0000;\"><u>Dia 6 de setembre de 2022<\/u><\/span><\/strong><span style=\"color: #000000;\">\u00a0(per alumnes de 1r de batxillerat que promocionen a 2n)<\/span><\/p>\n","protected":false},"excerpt":{"rendered":"<p>DATES DE MATR\u00cdCULA<br \/>\nDies abans de l\u2019inici del per\u00edode de matricula rebran un correu electr\u00f2nic amb les instruccions per tal de formalitzar la matr\u00edcula.<br \/>\nAlumnat de 2n repetidors del centre: \u00a023 de juny al 2 de juliol de 2022<br \/>\nAlumnat del centre que promociona de 1r de batxillerat:&hellip;  <a href=\"https:\/\/agora.xtec.cat\/iesvplantada\/secretaria\/matricula\/2n-de-batxillerat\/\" title=\"Read 2n de Batxillerat\">Llegeix m\u00e9s\u00bb<\/a><\/p>\n","protected":false},"author":7,"featured_media":0,"parent":1215,"menu_order":0,"comment_status":"closed","ping_status":"closed","template":"page-templates\/side-menu.php","meta":{"_bbp_topic_count":0,"_bbp_reply_count":0,"_bbp_total_topic_count":0,"_bbp_total_reply_count":0,"_bbp_voice_count":0,"_bbp_anonymous_reply_count":0,"_bbp_topic_count_hidden":0,"_bbp_reply_count_hidden":0,"_bbp_forum_subforum_count":0,"footnotes":""},"class_list":["post-1643","page","type-page","status-publish","hentry"],"post_mailing_queue_ids":[],"_links":{"self":[{"href":"https:\/\/agora.xtec.cat\/iesvplantada\/wp-json\/wp\/v2\/pages\/1643","targetHints":{"allow":["GET"]}}],"collection":[{"href":"https:\/\/agora.xtec.cat\/iesvplantada\/wp-json\/wp\/v2\/pages"}],"about":[{"href":"https:\/\/agora.xtec.cat\/iesvplantada\/wp-json\/wp\/v2\/types\/page"}],"author":[{"embeddable":true,"href":"https:\/\/agora.xtec.cat\/iesvplantada\/wp-json\/wp\/v2\/users\/7"}],"replies":[{"embeddable":true,"href":"https:\/\/agora.xtec.cat\/iesvplantada\/wp-json\/wp\/v2\/comments?post=1643"}],"version-history":[{"count":4,"href":"https:\/\/agora.xtec.cat\/iesvplantada\/wp-json\/wp\/v2\/pages\/1643\/revisions"}],"predecessor-version":[{"id":8130,"href":"https:\/\/agora.xtec.cat\/iesvplantada\/wp-json\/wp\/v2\/pages\/1643\/revisions\/8130"}],"up":[{"embeddable":true,"href":"https:\/\/agora.xtec.cat\/iesvplantada\/wp-json\/wp\/v2\/pages\/1215"}],"wp:attachment":[{"href":"https:\/\/agora.xtec.cat\/iesvplantada\/wp-json\/wp\/v2\/media?parent=1643"}],"curies":[{"name":"wp","href":"https:\/\/api.w.org\/{rel}","templated":true}]}}