{"id":1637,"date":"2017-06-08T20:08:39","date_gmt":"2017-06-08T18:08:39","guid":{"rendered":"http:\/\/agora.xtec.cat\/iesvplantada\/?page_id=1637"},"modified":"2022-07-04T22:17:57","modified_gmt":"2022-07-04T20:17:57","slug":"esom","status":"publish","type":"page","link":"https:\/\/agora.xtec.cat\/iesvplantada\/secretaria\/matricula\/esom\/","title":{"rendered":"ESO"},"content":{"rendered":"<p>&nbsp;<\/p>\n<p><strong>DATES DE MATR\u00cdCULA ALUMNAT NOU:<\/strong><\/p>\n<p><span style=\"color: #ff0000;\"><b><u>Del 21 al 29 de juny de 2022<\/u><\/b><\/span><\/p>\n<p>Dies abans de l&#8217;inici del per\u00edode de matricula rebran un correu electr\u00f2nic amb les instruccions per tal de formalitzar la matr\u00edcula.<\/p>\n<p><strong>CONFIRMACI\u00d3 PLA\u00c7A PER ALUMNAT DEL CENTRE:<\/strong><\/p>\n<ul>\n<li>Alumnes de 1r d&#8217;ESO que passen a 2n d&#8217;ESO: <span style=\"color: #ff0000;\"><b><u>del 31 de mar\u00e7 al 7 d&#8217;abril de 2022<\/u><\/b><\/span><\/li>\n<li>Alumnes de 2n d&#8217;ESO que passen a 3r d&#8217;ESO: <span style=\"color: #ff0000;\"><b><u>del 18 al 25 de maig de 2022<\/u><\/b><\/span><\/li>\n<li>Alumnes de 3r d&#8217;ESO que passen a 4t d&#8217;ESO: <span style=\"color: #ff0000;\"><b><u>del 4 al 13 de maig de 2022<\/u><\/b><\/span><\/li>\n<\/ul>\n<p>El dia abans de l&#8217;inici del per\u00edode de matr\u00edcula rebran un correu electr\u00f2nic amb les instruccions per tal de formalitzar la matr\u00edcula.<\/p>\n","protected":false},"excerpt":{"rendered":"<p>&nbsp;<br \/>\nDATES DE MATR\u00cdCULA ALUMNAT NOU:<br \/>\nDel 21 al 29 de juny de 2022<br \/>\nDies abans de l&#8217;inici del per\u00edode de matricula rebran un correu electr\u00f2nic amb les instruccions per tal de formalitzar la matr\u00edcula.<br \/>\nCONFIRMACI\u00d3 PLA\u00c7A PER ALUMNAT DEL CENTRE:<\/p>\n<ul>\n<li>Alumnes de 1r d&#8217;ESO que passen a 2n d&#8217;ESO:&hellip;  <a href=\"https:\/\/agora.xtec.cat\/iesvplantada\/secretaria\/matricula\/esom\/\" title=\"Read ESO\">Llegeix m\u00e9s\u00bb<\/a><br \/>\n","protected":false},"author":7,"featured_media":0,"parent":1215,"menu_order":0,"comment_status":"closed","ping_status":"closed","template":"page-templates\/side-menu.php","meta":{"_bbp_topic_count":0,"_bbp_reply_count":0,"_bbp_total_topic_count":0,"_bbp_total_reply_count":0,"_bbp_voice_count":0,"_bbp_anonymous_reply_count":0,"_bbp_topic_count_hidden":0,"_bbp_reply_count_hidden":0,"_bbp_forum_subforum_count":0,"footnotes":""},"class_list":["post-1637","page","type-page","status-publish","hentry"],"post_mailing_queue_ids":[],"_links":{"self":[{"href":"https:\/\/agora.xtec.cat\/iesvplantada\/wp-json\/wp\/v2\/pages\/1637","targetHints":{"allow":["GET"]}}],"collection":[{"href":"https:\/\/agora.xtec.cat\/iesvplantada\/wp-json\/wp\/v2\/pages"}],"about":[{"href":"https:\/\/agora.xtec.cat\/iesvplantada\/wp-json\/wp\/v2\/types\/page"}],"author":[{"embeddable":true,"href":"https:\/\/agora.xtec.cat\/iesvplantada\/wp-json\/wp\/v2\/users\/7"}],"replies":[{"embeddable":true,"href":"https:\/\/agora.xtec.cat\/iesvplantada\/wp-json\/wp\/v2\/comments?post=1637"}],"version-history":[{"count":4,"href":"https:\/\/agora.xtec.cat\/iesvplantada\/wp-json\/wp\/v2\/pages\/1637\/revisions"}],"predecessor-version":[{"id":6365,"href":"https:\/\/agora.xtec.cat\/iesvplantada\/wp-json\/wp\/v2\/pages\/1637\/revisions\/6365"}],"up":[{"embeddable":true,"href":"https:\/\/agora.xtec.cat\/iesvplantada\/wp-json\/wp\/v2\/pages\/1215"}],"wp:attachment":[{"href":"https:\/\/agora.xtec.cat\/iesvplantada\/wp-json\/wp\/v2\/media?parent=1637"}],"curies":[{"name":"wp","href":"https:\/\/api.w.org\/{rel}","templated":true}]}}