{"id":1474,"date":"2017-04-24T21:16:36","date_gmt":"2017-04-24T19:16:36","guid":{"rendered":"http:\/\/agora.xtec.cat\/iesvplantada\/?page_id=1474"},"modified":"2026-03-23T01:19:49","modified_gmt":"2026-03-23T00:19:49","slug":"cicles-formatius-de-grau-superior","status":"publish","type":"page","link":"https:\/\/agora.xtec.cat\/iesvplantada\/secretaria\/preinscripcio\/cicles-formatius-de-grau-superior\/","title":{"rendered":"Cicles formatius de grau superior"},"content":{"rendered":"<p style=\"text-align: left;\">Tota la informaci\u00f3 general sobre la preinscripci\u00f3 als Cicles formatius de grau superior\u00a0la podeu trobar al seg\u00fcent enlla\u00e7:<\/p>\n<p style=\"text-align: center;\"><strong><a href=\"https:\/\/preinscripcio.gencat.cat\/ca\/estudis\/fp-grau-superior\/inici\/\" target=\"_blank\" rel=\"noopener noreferrer\">Estudiar a Catalunya. Informaci\u00f3 general preinscripci\u00f3 a Cicles formatius de grau superior<\/a><\/strong><\/p>\n<p><strong>Normativa<\/strong>: <strong>RESOLUCI\u00d3 EDF\/xxx\/2026, de pendent<\/strong>, per la qual es determinen el calendari i les condicions de la preinscripci\u00f3 i matr\u00edcula, per al curs 2025-2026, al curs de formaci\u00f3 preparatori del a l&#8217;acc\u00e9s a cicles formatius de grau mitj\u00e0, al curs de formaci\u00f3 preparatori del a l&#8217;acc\u00e9s a cicles formatius de grau superior. als itineraris formatius espec\u00edfics, als cicles formatius de formaci\u00f3 professional de grau b\u00e0sic, als cicles formatius de formaci\u00f3 professional de grau mitj\u00e0, als cicles formatius de formaci\u00f3 professional de grau superior, als cursos d&#8217;especialitzaci\u00f3 de formaci\u00f3 professional, als cicles formatius d&#8217;arts pl\u00e0stiques i disseny de grau mitj\u00e0 i de grau superior, als ensenyaments esportius, als programes de formaci\u00f3 i inserci\u00f3, als ensenyaments d&#8217;arts esc\u00e8niques i als ensenyaments impartits en centres i aules de formaci\u00f3 d&#8217;adults.<\/p>\n<h2>Oferta de places curs 2026\/27<\/h2>\n<p>&nbsp;<\/p>\n<table style=\"width: 50%; height: 259px;\" width=\"730\">\n<tbody>\n<tr>\n<td style=\"text-align: center;\" colspan=\"10\" width=\"730\"><strong>OFERTA DEFINITIVA DE PLACES PER AL CURS 2026\/2027<\/strong><\/td>\n<\/tr>\n<tr>\n<td style=\"width: 66px;\" width=\"73\"><strong>\u00a0<\/strong><\/td>\n<td style=\"width: 152px; text-align: center;\" colspan=\"2\" width=\"146\"><strong>Places inicials<\/strong><\/td>\n<td style=\"width: 152px; text-align: center;\" colspan=\"2\" width=\"146\"><strong>Ofertes de places per a preinscripci\u00f3<\/strong><\/td>\n<td style=\"width: 194px; text-align: center;\" colspan=\"4\" width=\"292\"><strong>Oferta de places<\/strong><\/td>\n<td style=\"width: 194px; text-align: center;\" colspan=\"3\" width=\"73\"><strong>Oferta de places<\/strong><\/td>\n<\/tr>\n<tr>\n<td style=\"width: 66px; text-align: center;\" width=\"73\"><strong>Curs<\/strong><\/td>\n<td style=\"width: 85px; text-align: center;\" colspan=\"2\" width=\"73\">Oferta<\/td>\n<td style=\"width: 85px; text-align: center;\" width=\"73\">Ordin\u00e0ries<\/td>\n<td style=\"width: 67px; text-align: center;\" width=\"73\">NEE<\/td>\n<td style=\"width: 64px; text-align: center;\" width=\"73\">Via 1<\/p>\n<p>Batx<\/td>\n<td style=\"width: 65px; text-align: center;\" width=\"73\">Via 1<\/p>\n<p>CFPM<\/td>\n<td style=\"width: 65px; text-align: center;\" width=\"73\">Via 2<\/td>\n<td style=\"width: 65px; text-align: center;\" width=\"73\">Via 3<\/td>\n<td style=\"width: 65px; text-align: center;\" width=\"73\">Sense Via<\/td>\n<\/tr>\n<tr>\n<td style=\"width: 66px; text-align: center;\" width=\"73\">1<\/td>\n<td style=\"width: 85px; text-align: right;\" colspan=\"2\" width=\"73\"><\/td>\n<td style=\"width: 85px; text-align: right;\" width=\"73\"><\/td>\n<td style=\"width: 67px; text-align: right;\" width=\"73\"><\/td>\n<td style=\"width: 64px; text-align: right;\" width=\"73\"><\/td>\n<td style=\"width: 65px; text-align: right;\" width=\"73\"><\/td>\n<td style=\"width: 65px; text-align: right;\" width=\"73\"><\/td>\n<td style=\"width: 65px; text-align: right;\" width=\"73\"><\/td>\n<td style=\"width: 65px; text-align: right;\" width=\"73\"><\/td>\n<\/tr>\n<tr>\n<td style=\"width: 66px; text-align: center;\">2<\/td>\n<td style=\"width: 85px; text-align: right;\" colspan=\"2\" width=\"73\"><\/td>\n<td style=\"width: 85px; text-align: right;\"><\/td>\n<td style=\"width: 67px; text-align: right;\"><\/td>\n<td style=\"width: 64px; text-align: right;\"><\/td>\n<td style=\"width: 65px; text-align: right;\"><\/td>\n<td style=\"width: 65px; text-align: right;\"><\/td>\n<td style=\"width: 65px; text-align: right;\" width=\"73\"><\/td>\n<td style=\"width: 65px; text-align: right;\" width=\"73\"><\/td>\n<\/tr>\n<\/tbody>\n<\/table>\n<h2>Calendari<\/h2>\n<ul>\n<li>Publicaci\u00f3 de l&#8217;oferta inicial: <strong>pendent<\/strong><\/li>\n<li style=\"text-align: left;\"><strong>Presentaci\u00f3 de sol\u00b7licituds:\u00a0 del 26 de maig a l&#8217;1 de juny de 2026:<\/strong> acc\u00e9s a la sol\u00b7licitud<\/li>\n<li>Presentaci\u00f3 de documentaci\u00f3: fins al 2 de juny de 2026<\/li>\n<li>Llista de sol\u00b7licituds amb la puntuaci\u00f3 provisional: <strong>pendent. <\/strong>Consulta<\/li>\n<li>Presentaci\u00f3 de reclamacions: <strong>del pendent <\/strong>utilitzant l&#8217;eina electr\u00f2nica per adjuntar reclamacions.<\/li>\n<li>Llista de sol\u00b7licituds amb la puntuaci\u00f3 un cop resoltes les reclamacions: <strong>pendent. <\/strong>Consulta<\/li>\n<li>Sorteig del n\u00famero de desempat: <strong>pendent a les 11h:<\/strong><\/li>\n<li>Publicaci\u00f3 Oferta final: <strong>10 de juliol de 2026<\/strong><\/li>\n<li>Publicaci\u00f3 de places de la primera assignaci\u00f3, amb indicaci\u00f3 del n\u00famero de petici\u00f3 atesa: <strong>10 de juliol de 2026<\/strong><\/li>\n<li>Per\u00edode de confirmaci\u00f3 de matr\u00edcula online per als alumnes que se&#8217;ls ha assignat la seva 1a opci\u00f3 en la primera assignaci\u00f3**: del <strong>10<\/strong>\u00a0<strong>al 14 de juliol de 2026<\/strong><\/li>\n<li>Realitzaci\u00f3 matr\u00edcula al centre per als alumnes que se&#8217;ls ha assignat la seva 1a opci\u00f3 en la primera assignaci\u00f3: del <strong>10<\/strong>\u00a0<strong>al 14 de juliol de 2026<\/strong><\/li>\n<li>Publicaci\u00f3 de places de la segona assignaci\u00f3, amb indicaci\u00f3 del n\u00famero de petici\u00f3 atesa: <strong>24 de juliol de 2026<\/strong><\/li>\n<li>Per\u00edode de confirmaci\u00f3 de matr\u00edcula online per als alumnes que han obtingut pla\u00e7a en el segon proc\u00e9s d&#8217;assignaci\u00f3**: <strong>24 al 28 de juliol de 2026<\/strong><\/li>\n<li>Realitzaci\u00f3 de la matr\u00edcula al centre per als alumnes que han obtingut pla\u00e7a en el segon proc\u00e9s d&#8217;assignaci\u00f3: <strong>214 al 28 de juliol de 2026<\/strong><\/li>\n<\/ul>\n<p>**<strong>\u00c9s imprescindible realitzar la matr\u00edcula al centre un cop feta la confirmaci\u00f3 online<\/strong><\/p>\n<h2>Suport a la presentaci\u00f3 de la preinscripci\u00f3<\/h2>\n<p>Es podr\u00e0 sol\u00b7licitar suport per com fer aquest tr\u00e0mit a trav\u00e9s de:<\/p>\n<ul>\n<li>Correu electr\u00f2nic: <a href=\"mailto:secretaria@insvplantada.cat?subject=Sol\u00b7licitud%20de%20cita%20pr\u00e8via\" target=\"_blank\" rel=\"noopener noreferrer\">secretaria@insvplantada.cat<\/a> indicant nom i tel\u00e8fon de contacte.<\/li>\n<li>Tel\u00e8fon: 93 570 58 12, de dilluns a divendres, de 9 a 13,30h.<\/li>\n<\/ul>\n<p>Un cop rebuda la sol\u00b7licitud, personal del centre es posar\u00e0 en contacte amb la fam\u00edlia.<\/p>\n<p>Per a qualsevol consulta enviar correu a: <a style=\"font-family: inherit; font-size: 1em;\" href=\"mailto:secretaria@insvplantada.cat?subject=Sol\u00b7licitud%20de%20cita%20pr\u00e8via\" target=\"_blank\" rel=\"noopener noreferrer\">secretaria@insvplantada.cat<\/a><\/p>\n<p><span id=\"criteris\" style=\"font-size: 2.3125em; font-weight: bold;\">Criteris<\/span><\/p>\n<p><b>CRITERIS ESPEC\u00cdFICS DE PRIORITAT\u00a0<\/b><\/p>\n<ul>\n<li style=\"font-weight: 400;\"><span style=\"font-weight: 400;\">Qualificaci\u00f3 mitjana dels estudis o del curs que permeten l&#8217;acc\u00e9s a aquests cicles o qualificaci\u00f3 de la prova d&#8217;acc\u00e9s.\u00a0<\/span><\/li>\n<\/ul>\n","protected":false},"excerpt":{"rendered":"<p>Tota la informaci\u00f3 general sobre la preinscripci\u00f3 als Cicles formatius de grau superior\u00a0la podeu trobar al seg\u00fcent enlla\u00e7:<br \/>\n<a href=\"https:\/\/preinscripcio.gencat.cat\/ca\/estudis\/fp-grau-superior\/inici\/\" target=\"_blank\" rel=\"noopener noreferrer\">Estudiar a Catalunya. Informaci\u00f3 general preinscripci\u00f3 a Cicles formatius de grau superior<\/a><br \/>\nNormativa: RESOLUCI\u00d3 EDF\/xxx\/2026, de pendent, per la qual es determinen el calendari i&hellip;  <a href=\"https:\/\/agora.xtec.cat\/iesvplantada\/secretaria\/preinscripcio\/cicles-formatius-de-grau-superior\/\" title=\"Read Cicles formatius de grau superior\">Llegeix m\u00e9s\u00bb<\/a><\/p>\n","protected":false},"author":7,"featured_media":0,"parent":1212,"menu_order":20,"comment_status":"closed","ping_status":"closed","template":"page-templates\/side-menu.php","meta":{"_bbp_topic_count":0,"_bbp_reply_count":0,"_bbp_total_topic_count":0,"_bbp_total_reply_count":0,"_bbp_voice_count":0,"_bbp_anonymous_reply_count":0,"_bbp_topic_count_hidden":0,"_bbp_reply_count_hidden":0,"_bbp_forum_subforum_count":0,"footnotes":""},"class_list":["post-1474","page","type-page","status-publish","hentry"],"post_mailing_queue_ids":[],"_links":{"self":[{"href":"https:\/\/agora.xtec.cat\/iesvplantada\/wp-json\/wp\/v2\/pages\/1474","targetHints":{"allow":["GET"]}}],"collection":[{"href":"https:\/\/agora.xtec.cat\/iesvplantada\/wp-json\/wp\/v2\/pages"}],"about":[{"href":"https:\/\/agora.xtec.cat\/iesvplantada\/wp-json\/wp\/v2\/types\/page"}],"author":[{"embeddable":true,"href":"https:\/\/agora.xtec.cat\/iesvplantada\/wp-json\/wp\/v2\/users\/7"}],"replies":[{"embeddable":true,"href":"https:\/\/agora.xtec.cat\/iesvplantada\/wp-json\/wp\/v2\/comments?post=1474"}],"version-history":[{"count":6,"href":"https:\/\/agora.xtec.cat\/iesvplantada\/wp-json\/wp\/v2\/pages\/1474\/revisions"}],"predecessor-version":[{"id":11321,"href":"https:\/\/agora.xtec.cat\/iesvplantada\/wp-json\/wp\/v2\/pages\/1474\/revisions\/11321"}],"up":[{"embeddable":true,"href":"https:\/\/agora.xtec.cat\/iesvplantada\/wp-json\/wp\/v2\/pages\/1212"}],"wp:attachment":[{"href":"https:\/\/agora.xtec.cat\/iesvplantada\/wp-json\/wp\/v2\/media?parent=1474"}],"curies":[{"name":"wp","href":"https:\/\/api.w.org\/{rel}","templated":true}]}}