{"id":1223,"date":"2017-03-01T01:10:37","date_gmt":"2017-03-01T00:10:37","guid":{"rendered":"http:\/\/agora.xtec.cat\/iesvplantada\/?page_id=1223"},"modified":"2020-09-23T18:18:06","modified_gmt":"2020-09-23T16:18:06","slug":"certificats-catala","status":"publish","type":"page","link":"https:\/\/agora.xtec.cat\/iesvplantada\/secretaria\/certificats\/certificats-catala\/","title":{"rendered":"Certificats catal\u00e0"},"content":{"rendered":"<p>&nbsp;<\/p>\n<p><strong>ORDRE VCP\/491\/2009<\/strong> de 12 de novembre (<strong>DOGC 5511 del 23\/11\/2009<\/strong>), per la qual es refonen i s\u2019actualitzen els t\u00edtols, diplomes i certificats equivalents als certificats de coneixements de catal\u00e0 de la Direcci\u00f3 General de Pol\u00edtica Ling\u00fc\u00edstica, modificada per l&#8217;<strong>Ordre VCP\/233\/2010<\/strong>, de 12 d&#8217;abril (<strong>DOGC n\u00fam. 5610, de 19\/04\/2010<\/strong>).<\/p>\n<ul>\n<li><a href=\"http:\/\/agora.xtec.cat\/iesvplantada\/wp-content\/uploads\/usu537\/bp-attachments\/1451\/T\u00edtols-i-Estudis-per-certificaci\u00f3.pdf\" target=\"_blank\" rel=\"noopener noreferrer\">T\u00edtols i Estudis per certificaci\u00f3<\/a><\/li>\n<li><a href=\"http:\/\/agora.xtec.cat\/iesvplantada\/wp-content\/uploads\/usu537\/bp-attachments\/1451\/Documentaci\u00f3-cert.-catal\u00e0.pdf\" target=\"_blank\" rel=\"noopener noreferrer\">Documentaci\u00f3 necess\u00e0ria per demanar el certificat de catal\u00e0<\/a><\/li>\n<li><a href=\"http:\/\/agora.xtec.cat\/iesvplantada\/wp-content\/uploads\/usu537\/bp-attachments\/1451\/Sol.licitud-Certificat-de-Catal\u00e0.pdf\" target=\"_blank\" rel=\"noopener noreferrer\">Impr\u00e8s de Sol\u00b7licitud del certificat de catal\u00e0<\/a><\/li>\n<\/ul>\n<p>Enviar impr\u00e8s de sol\u00b7licitud emplenat i signat juntament amb les fotoc\u00f2pies (escanejades o fotos) de la documentaci\u00f3 acreditativa al correu <a href=\"mailto:secretaria@insvplantada.cat\">secretaria<span class=\"\">@insvplantada.cat<\/span><\/a> indicant clarament en l&#8217;assumpte del missatge &#8220;<strong>CERTIFICAT DE CATAL\u00c0<\/strong>&#8221; i indicant correu i tel\u00e8fon de contacte.<\/p>\n<p>En 3 o 4 dies li notificarem dia i hora per passar a recollir el seu certificat per consergeria del centre.<\/p>\n<p>*<strong>Important<\/strong>: si el certificat l&#8217;ha de recollir una altra persona, si us plau indiqui el seu nom en el moment d&#8217;enviar la sol\u00b7licitud al centre.<\/p>\n","protected":false},"excerpt":{"rendered":"<p>&nbsp;<br \/>\nORDRE VCP\/491\/2009 de 12 de novembre (DOGC 5511 del 23\/11\/2009), per la qual es refonen i s\u2019actualitzen els t\u00edtols, diplomes i certificats equivalents als certificats de coneixements de catal\u00e0 de la Direcci\u00f3 General de Pol\u00edtica Ling\u00fc\u00edstica, modificada per l&#8217;Ordre VCP\/233\/2010, de 12 d&#8217;abril (DOGC n\u00fam.&hellip;  <a href=\"https:\/\/agora.xtec.cat\/iesvplantada\/secretaria\/certificats\/certificats-catala\/\" title=\"Read Certificats catal\u00e0\">Llegeix m\u00e9s\u00bb<\/a><\/p>\n","protected":false},"author":7,"featured_media":0,"parent":6631,"menu_order":5,"comment_status":"closed","ping_status":"closed","template":"page-templates\/side-menu.php","meta":{"_bbp_topic_count":0,"_bbp_reply_count":0,"_bbp_total_topic_count":0,"_bbp_total_reply_count":0,"_bbp_voice_count":0,"_bbp_anonymous_reply_count":0,"_bbp_topic_count_hidden":0,"_bbp_reply_count_hidden":0,"_bbp_forum_subforum_count":0,"footnotes":""},"class_list":["post-1223","page","type-page","status-publish","hentry"],"post_mailing_queue_ids":[],"_links":{"self":[{"href":"https:\/\/agora.xtec.cat\/iesvplantada\/wp-json\/wp\/v2\/pages\/1223","targetHints":{"allow":["GET"]}}],"collection":[{"href":"https:\/\/agora.xtec.cat\/iesvplantada\/wp-json\/wp\/v2\/pages"}],"about":[{"href":"https:\/\/agora.xtec.cat\/iesvplantada\/wp-json\/wp\/v2\/types\/page"}],"author":[{"embeddable":true,"href":"https:\/\/agora.xtec.cat\/iesvplantada\/wp-json\/wp\/v2\/users\/7"}],"replies":[{"embeddable":true,"href":"https:\/\/agora.xtec.cat\/iesvplantada\/wp-json\/wp\/v2\/comments?post=1223"}],"version-history":[{"count":4,"href":"https:\/\/agora.xtec.cat\/iesvplantada\/wp-json\/wp\/v2\/pages\/1223\/revisions"}],"predecessor-version":[{"id":6630,"href":"https:\/\/agora.xtec.cat\/iesvplantada\/wp-json\/wp\/v2\/pages\/1223\/revisions\/6630"}],"up":[{"embeddable":true,"href":"https:\/\/agora.xtec.cat\/iesvplantada\/wp-json\/wp\/v2\/pages\/6631"}],"wp:attachment":[{"href":"https:\/\/agora.xtec.cat\/iesvplantada\/wp-json\/wp\/v2\/media?parent=1223"}],"curies":[{"name":"wp","href":"https:\/\/api.w.org\/{rel}","templated":true}]}}