{"id":523,"date":"2016-04-16T16:04:25","date_gmt":"2016-04-16T15:04:25","guid":{"rendered":"http:\/\/agora.xtec.cat\/iesvinyet\/?page_id=523"},"modified":"2016-06-22T10:22:10","modified_gmt":"2016-06-22T09:22:10","slug":"matricula","status":"publish","type":"page","link":"https:\/\/agora.xtec.cat\/iesvinyet\/secretaria\/matricula\/","title":{"rendered":"Matr\u00edcula"},"content":{"rendered":"<h2><span style=\"color: #800080;\"><a href=\"http:\/\/queestudiar.gencat.cat\/ca\/preinscripcio\/\" target=\"_blank\">Informaci\u00f3 sobre preinscripci\u00f3 i matr\u00edcula: Portal del departament d\u2019ensenyament:<\/a><\/span><\/h2>\n<p><a href=\"http:\/\/queestudiar.gencat.cat\/ca\/preinscripcio\/\" target=\"_blank\"><img loading=\"lazy\" decoding=\"async\" class=\" size-full wp-image-575 aligncenter\" src=\"http:\/\/agora.xtec.cat\/iesvinyet\/wp-content\/uploads\/usu987\/2016\/04\/0_estudiar.jpg\" alt=\"0_estudiar\" width=\"619\" height=\"148\" srcset=\"https:\/\/agora.xtec.cat\/iesvinyet\/wp-content\/uploads\/usu987\/2016\/04\/0_estudiar.jpg 619w, https:\/\/agora.xtec.cat\/iesvinyet\/wp-content\/uploads\/usu987\/2016\/04\/0_estudiar-300x72.jpg 300w\" sizes=\"auto, (max-width: 619px) 100vw, 619px\" \/><\/a><\/p>\n<h2><\/h2>\n<p>Els alumnes\u00a0admesos han de formalitzar la matr\u00edcula en les dates que es detallen en el\u00a0<a href=\"http:\/\/queestudiar.gencat.cat\/ca\/preinscripcio\/estudis\/ensenyaments_obligatoris\/calendari\/\"><strong>calendari<\/strong><\/a>. Els alumnes que no ho fan en el per\u00edode establert es considera que renuncien a la pla\u00e7a adjudicada, llevat que es produeixi un endarreriment per causes justificades.<\/p>\n<p>A m\u00e9s de la documentaci\u00f3 aportada quan es presenta\u00a0la <a href=\"http:\/\/queestudiar.gencat.cat\/ca\/preinscripcio\/estudis\/ensenyaments_obligatoris\/informacio_general\/\" target=\"_blank\">sol\u00b7licitud de preinscripci\u00f3<\/a>, per matricular-se \u00a0cal presentar una fotoc\u00f2pia del\u00a0<strong>carnet de vacunacions<\/strong>\u00a0on figurin les dosis de vacunes rebudes i les dates corresponents.<\/p>\n<p>Quan no es tingui el carnet de vacunacions, cal presentar un certificat m\u00e8dic oficial o el carnet de salut del nen o nena on figurin les dosis de vacuna rebudes amb les dates corresponents. Si el nen o la nena no han estat vacunats per indicaci\u00f3 m\u00e8dica o per altres circumst\u00e0ncies, cal presentar un certificat m\u00e8dic oficial justificatiu.<\/p>\n<p>Cal presentar el DNI renovat amb la nova adre\u00e7a si no es va poder presentar amb la sol\u00b7licitud de preinscripci\u00f3.<\/p>\n<p>Si en formalitzar la matr\u00edcula de l\u2019alumne o alumna s&#8217;ha mofificat el domicili familiar respecte de l\u2019al\u00b7legat en el proc\u00e9s de preinscripci\u00f3, i aquest nou domicili implica que la sol\u00b7licitud de preinscripci\u00f3 hauria obtingut una puntuaci\u00f3 inferior pel criteri de prioritat de proximitat del domicili familiar, el centre ha d\u2019informar d\u2019aquesta circumst\u00e0ncia a la comissi\u00f3 de garanties d\u2019admissi\u00f3 corresponent per tal que es pugui investigar si ha existit un possible frau en el proc\u00e9s de preinscripci\u00f3.<\/p>\n<p>Als alumnes que tenen els requisits acad\u00e8mics en el moment de la matr\u00edcula per\u00f2 que per causes justificades no poden aportar la documentaci\u00f3 acreditativa corresponent, se&#8217;ls matricula condicionalment.<\/p>\n<p>Els alumnes\u00a0d&#8217;educaci\u00f3 secund\u00e0ria obligat\u00f2ria que han participat en el proc\u00e9s de preinscripci\u00f3,\u00a0que tenen pla\u00e7a assignada i que estan pendents dels resultats de l&#8217;avaluaci\u00f3 de setembre, per poder formalitzar la matr\u00edcula han de confirmar al centre assignat, durant el per\u00edode de matr\u00edcula, la voluntat de mantenir la pla\u00e7a a l&#8217;espera dels resultats de l&#8217;avaluaci\u00f3 de setembre. Un cop feta l&#8217;avaluaci\u00f3, els alumnes que reuneixen\u00a0els requisits acad\u00e8mics per matricular-se, ho han de fer durant el per\u00edode extraordinari de matr\u00edcula de setembre o perden la pla\u00e7a assignada.<\/p>\n<p>Fins al\u00a0<strong>setembre<\/strong>,\u00a0si en\u00a0un centre que t\u00e9\u00a0<strong>llista d&#8217;espera<\/strong>\u00a0es produeix alguna vacant,\u00a0s&#8217;ha d&#8217;oferir aquesta vacant, seguint l&#8217;ordre de la llista d&#8217;espera, als alumnes que no s&#8217;han pogut admetre inicialment.<\/p>\n<p>Qui rebi l&#8217;oferta pot matricular-se en el centre o renunciar-hi. Si hi renuncia, se l&#8217;elimina de la llista d&#8217;espera i s&#8217;ofereix la pla\u00e7a vacant al seg\u00fcent de la llista. La gesti\u00f3 d&#8217;aquestes llistes d&#8217;espera \u00e9s responsabilitat del centre.<\/p>\n","protected":false},"excerpt":{"rendered":"<p><a href=\"http:\/\/queestudiar.gencat.cat\/ca\/preinscripcio\/\" target=\"_blank\">Informaci\u00f3 sobre preinscripci\u00f3 i matr\u00edcula: Portal del departament d\u2019ensenyament:<\/a><br \/>\n<a href=\"http:\/\/queestudiar.gencat.cat\/ca\/preinscripcio\/\" target=\"_blank\"><\/a><\/p>\n<p>Els alumnes\u00a0admesos han de formalitzar la matr\u00edcula en les dates que es detallen en el\u00a0<a href=\"http:\/\/queestudiar.gencat.cat\/ca\/preinscripcio\/estudis\/ensenyaments_obligatoris\/calendari\/\">calendari<\/a>. Els alumnes que no ho fan en el per\u00edode establert es considera que renuncien a la pla\u00e7a&hellip;  <a href=\"https:\/\/agora.xtec.cat\/iesvinyet\/secretaria\/matricula\/\" title=\"Read Matr\u00edcula\">Llegeix m\u00e9s\u00bb<\/a><\/p>\n","protected":false},"author":1,"featured_media":0,"parent":81,"menu_order":0,"comment_status":"closed","ping_status":"closed","template":"","meta":{"_bbp_topic_count":0,"_bbp_reply_count":0,"_bbp_total_topic_count":0,"_bbp_total_reply_count":0,"_bbp_voice_count":0,"_bbp_anonymous_reply_count":0,"_bbp_topic_count_hidden":0,"_bbp_reply_count_hidden":0,"_bbp_forum_subforum_count":0,"footnotes":""},"class_list":["post-523","page","type-page","status-publish","hentry"],"post_mailing_queue_ids":[],"_links":{"self":[{"href":"https:\/\/agora.xtec.cat\/iesvinyet\/wp-json\/wp\/v2\/pages\/523","targetHints":{"allow":["GET"]}}],"collection":[{"href":"https:\/\/agora.xtec.cat\/iesvinyet\/wp-json\/wp\/v2\/pages"}],"about":[{"href":"https:\/\/agora.xtec.cat\/iesvinyet\/wp-json\/wp\/v2\/types\/page"}],"author":[{"embeddable":true,"href":"https:\/\/agora.xtec.cat\/iesvinyet\/wp-json\/wp\/v2\/users\/1"}],"replies":[{"embeddable":true,"href":"https:\/\/agora.xtec.cat\/iesvinyet\/wp-json\/wp\/v2\/comments?post=523"}],"version-history":[{"count":3,"href":"https:\/\/agora.xtec.cat\/iesvinyet\/wp-json\/wp\/v2\/pages\/523\/revisions"}],"predecessor-version":[{"id":1074,"href":"https:\/\/agora.xtec.cat\/iesvinyet\/wp-json\/wp\/v2\/pages\/523\/revisions\/1074"}],"up":[{"embeddable":true,"href":"https:\/\/agora.xtec.cat\/iesvinyet\/wp-json\/wp\/v2\/pages\/81"}],"wp:attachment":[{"href":"https:\/\/agora.xtec.cat\/iesvinyet\/wp-json\/wp\/v2\/media?parent=523"}],"curies":[{"name":"wp","href":"https:\/\/api.w.org\/{rel}","templated":true}]}}

Matrícula

<h2><span style="color: #800080;"><a href="http://queestudiar.gencat.cat/ca/preinscripcio/" target="_blank">Informació sobre preinscripció i matrícula: Portal del departament d’ensenyament:</a></span></h2>
<p><a href="http://queestudiar.gencat.cat/ca/preinscripcio/" target="_blank"><img loading="lazy" decoding="async" class=" size-full wp-image-575 aligncenter" src="http://agora.xtec.cat/iesvinyet/wp-content/uploads/usu987/2016/04/0_estudiar.jpg" alt="0_estudiar" width="619" height="148" srcset="https://agora.xtec.cat/iesvinyet/wp-content/uploads/usu987/2016/04/0_estudiar.jpg 619w, https://agora.xtec.cat/iesvinyet/wp-content/uploads/usu987/2016/04/0_estudiar-300x72.jpg 300w" sizes="auto, (max-width: 619px) 100vw, 619px" /></a></p>
<h2></h2>
<p>Els alumnes admesos han de formalitzar la matrícula en les dates que es detallen en el <a href="http://queestudiar.gencat.cat/ca/preinscripcio/estudis/ensenyaments_obligatoris/calendari/"><strong>calendari</strong></a>. Els alumnes que no ho fan en el període establert es considera que renuncien a la plaça adjudicada, llevat que es produeixi un endarreriment per causes justificades.</p>
<p>A més de la documentació aportada quan es presenta la <a href="http://queestudiar.gencat.cat/ca/preinscripcio/estudis/ensenyaments_obligatoris/informacio_general/" target="_blank">sol·licitud de preinscripció</a>, per matricular-se  cal presentar una fotocòpia del <strong>carnet de vacunacions</strong> on figurin les dosis de vacunes rebudes i les dates corresponents.</p>
<p>Quan no es tingui el carnet de vacunacions, cal presentar un certificat mèdic oficial o el carnet de salut del nen o nena on figurin les dosis de vacuna rebudes amb les dates corresponents. Si el nen o la nena no han estat vacunats per indicació mèdica o per altres circumstàncies, cal presentar un certificat mèdic oficial justificatiu.</p>
<p>Cal presentar el DNI renovat amb la nova adreça si no es va poder presentar amb la sol·licitud de preinscripció.</p>
<p>Si en formalitzar la matrícula de l’alumne o alumna s&#8217;ha mofificat el domicili familiar respecte de l’al·legat en el procés de preinscripció, i aquest nou domicili implica que la sol·licitud de preinscripció hauria obtingut una puntuació inferior pel criteri de prioritat de proximitat del domicili familiar, el centre ha d’informar d’aquesta circumstància a la comissió de garanties d’admissió corresponent per tal que es pugui investigar si ha existit un possible frau en el procés de preinscripció.</p>
<p>Als alumnes que tenen els requisits acadèmics en el moment de la matrícula però que per causes justificades no poden aportar la documentació acreditativa corresponent, se&#8217;ls matricula condicionalment.</p>
<p>Els alumnes d&#8217;educació secundària obligatòria que han participat en el procés de preinscripció, que tenen plaça assignada i que estan pendents dels resultats de l&#8217;avaluació de setembre, per poder formalitzar la matrícula han de confirmar al centre assignat, durant el període de matrícula, la voluntat de mantenir la plaça a l&#8217;espera dels resultats de l&#8217;avaluació de setembre. Un cop feta l&#8217;avaluació, els alumnes que reuneixen els requisits acadèmics per matricular-se, ho han de fer durant el període extraordinari de matrícula de setembre o perden la plaça assignada.</p>
<p>Fins al <strong>setembre</strong>, si en un centre que té <strong>llista d&#8217;espera</strong> es produeix alguna vacant, s&#8217;ha d&#8217;oferir aquesta vacant, seguint l&#8217;ordre de la llista d&#8217;espera, als alumnes que no s&#8217;han pogut admetre inicialment.</p>
<p>Qui rebi l&#8217;oferta pot matricular-se en el centre o renunciar-hi. Si hi renuncia, se l&#8217;elimina de la llista d&#8217;espera i s&#8217;ofereix la plaça vacant al següent de la llista. La gestió d&#8217;aquestes llistes d&#8217;espera és responsabilitat del centre.</p>

<p><a href="http://queestudiar.gencat.cat/ca/preinscripcio/" target="_blank">Informació sobre preinscripció i matrícula: Portal del departament d’ensenyament:</a><br />
<a href="http://queestudiar.gencat.cat/ca/preinscripcio/" target="_blank"></a></p>
<p>Els alumnes admesos han de formalitzar la matrícula en les dates que es detallen en el <a href="http://queestudiar.gencat.cat/ca/preinscripcio/estudis/ensenyaments_obligatoris/calendari/">calendari</a>. Els alumnes que no ho fan en el període establert es considera que renuncien a la plaça&hellip;  <a href="https://agora.xtec.cat/iesvinyet/secretaria/matricula/" title="Read Matrícula">Llegeix més»</a></p>
