{"id":521,"date":"2016-04-16T16:04:05","date_gmt":"2016-04-16T15:04:05","guid":{"rendered":"http:\/\/agora.xtec.cat\/iesvinyet\/?page_id=521"},"modified":"2016-06-22T10:19:03","modified_gmt":"2016-06-22T09:19:03","slug":"preinscripcio","status":"publish","type":"page","link":"https:\/\/agora.xtec.cat\/iesvinyet\/secretaria\/preinscripcio\/","title":{"rendered":"Preinscripci\u00f3"},"content":{"rendered":"<h2><span style=\"color: #800080;\"><a href=\"http:\/\/queestudiar.gencat.cat\/ca\/preinscripcio\/\" target=\"_blank\">Informaci\u00f3 sobre preinscripci\u00f3 i matr\u00edcula: Portal del departament d\u2019ensenyament:<\/a><\/span><\/h2>\n<p><a href=\"http:\/\/queestudiar.gencat.cat\/ca\/preinscripcio\/\" target=\"_blank\"><img loading=\"lazy\" decoding=\"async\" class=\" size-full wp-image-575 aligncenter\" src=\"http:\/\/agora.xtec.cat\/iesvinyet\/wp-content\/uploads\/usu987\/2016\/04\/0_estudiar.jpg\" alt=\"0_estudiar\" width=\"619\" height=\"148\" srcset=\"https:\/\/agora.xtec.cat\/iesvinyet\/wp-content\/uploads\/usu987\/2016\/04\/0_estudiar.jpg 619w, https:\/\/agora.xtec.cat\/iesvinyet\/wp-content\/uploads\/usu987\/2016\/04\/0_estudiar-300x72.jpg 300w\" sizes=\"auto, (max-width: 619px) 100vw, 619px\" \/><\/a><\/p>\n<p><a href=\"http:\/\/queestudiar.gencat.cat\/ca\/preinscripcio\/estudis\/ensenyaments_obligatoris\/informacio_general\/\" target=\"_blank\">Informaci\u00f3 general<\/a><\/p>\n<p><a href=\"http:\/\/queestudiar.gencat.cat\/ca\/preinscripcio\/estudis\/ensenyaments_obligatoris\/calendari\/\" target=\"_blank\">Calendari<\/a><\/p>\n<p><a href=\"http:\/\/queestudiar.gencat.cat\/ca\/preinscripcio\/estudis\/ensenyaments_obligatoris\/documentacio_criteris\/\" target=\"_blank\">Documentaci\u00f3 i criteris de prioritat<\/a><\/p>\n<p><a href=\"http:\/\/ensenyament.gencat.cat\/ca\/tramits\/tramits-temes\/20483_preinscripcio_escolar?moda=1\" target=\"_blank\">Sol\u00b7licitud de preinscripci\u00f3<\/a><\/p>\n<p><a href=\"http:\/\/queestudiar.gencat.cat\/ca\/preinscripcio\/estudis\/ensenyaments_obligatoris\/consulta_resultats\/\" target=\"_blank\">Consulta de resultats<\/a><\/p>\n<p>&nbsp;<\/p>\n","protected":false},"excerpt":{"rendered":"<p><a href=\"http:\/\/queestudiar.gencat.cat\/ca\/preinscripcio\/\" target=\"_blank\">Informaci\u00f3 sobre preinscripci\u00f3 i matr\u00edcula: Portal del departament d\u2019ensenyament:<\/a><br \/>\n<a href=\"http:\/\/queestudiar.gencat.cat\/ca\/preinscripcio\/\" target=\"_blank\"><\/a><br \/>\n<a href=\"http:\/\/queestudiar.gencat.cat\/ca\/preinscripcio\/estudis\/ensenyaments_obligatoris\/informacio_general\/\" target=\"_blank\">Informaci\u00f3 general<\/a><br \/>\n<a href=\"http:\/\/queestudiar.gencat.cat\/ca\/preinscripcio\/estudis\/ensenyaments_obligatoris\/calendari\/\" target=\"_blank\">Calendari<\/a><br \/>\n<a href=\"http:\/\/queestudiar.gencat.cat\/ca\/preinscripcio\/estudis\/ensenyaments_obligatoris\/documentacio_criteris\/\" target=\"_blank\">Documentaci\u00f3 i criteris de prioritat<\/a><br \/>\n<a href=\"http:\/\/ensenyament.gencat.cat\/ca\/tramits\/tramits-temes\/20483_preinscripcio_escolar?moda=1\" target=\"_blank\">Sol\u00b7licitud de preinscripci\u00f3<\/a><br \/>\n<a href=\"http:\/\/queestudiar.gencat.cat\/ca\/preinscripcio\/estudis\/ensenyaments_obligatoris\/consulta_resultats\/\" target=\"_blank\">Consulta de resultats<\/a><br \/>\n&nbsp;<\/p>\n","protected":false},"author":1,"featured_media":0,"parent":81,"menu_order":0,"comment_status":"closed","ping_status":"closed","template":"","meta":{"_bbp_topic_count":0,"_bbp_reply_count":0,"_bbp_total_topic_count":0,"_bbp_total_reply_count":0,"_bbp_voice_count":0,"_bbp_anonymous_reply_count":0,"_bbp_topic_count_hidden":0,"_bbp_reply_count_hidden":0,"_bbp_forum_subforum_count":0,"footnotes":""},"class_list":["post-521","page","type-page","status-publish","hentry"],"post_mailing_queue_ids":[],"_links":{"self":[{"href":"https:\/\/agora.xtec.cat\/iesvinyet\/wp-json\/wp\/v2\/pages\/521","targetHints":{"allow":["GET"]}}],"collection":[{"href":"https:\/\/agora.xtec.cat\/iesvinyet\/wp-json\/wp\/v2\/pages"}],"about":[{"href":"https:\/\/agora.xtec.cat\/iesvinyet\/wp-json\/wp\/v2\/types\/page"}],"author":[{"embeddable":true,"href":"https:\/\/agora.xtec.cat\/iesvinyet\/wp-json\/wp\/v2\/users\/1"}],"replies":[{"embeddable":true,"href":"https:\/\/agora.xtec.cat\/iesvinyet\/wp-json\/wp\/v2\/comments?post=521"}],"version-history":[{"count":3,"href":"https:\/\/agora.xtec.cat\/iesvinyet\/wp-json\/wp\/v2\/pages\/521\/revisions"}],"predecessor-version":[{"id":1073,"href":"https:\/\/agora.xtec.cat\/iesvinyet\/wp-json\/wp\/v2\/pages\/521\/revisions\/1073"}],"up":[{"embeddable":true,"href":"https:\/\/agora.xtec.cat\/iesvinyet\/wp-json\/wp\/v2\/pages\/81"}],"wp:attachment":[{"href":"https:\/\/agora.xtec.cat\/iesvinyet\/wp-json\/wp\/v2\/media?parent=521"}],"curies":[{"name":"wp","href":"https:\/\/api.w.org\/{rel}","templated":true}]}}

Preinscripció

<h2><span style="color: #800080;"><a href="http://queestudiar.gencat.cat/ca/preinscripcio/" target="_blank">Informació sobre preinscripció i matrícula: Portal del departament d’ensenyament:</a></span></h2>
<p><a href="http://queestudiar.gencat.cat/ca/preinscripcio/" target="_blank"><img loading="lazy" decoding="async" class=" size-full wp-image-575 aligncenter" src="http://agora.xtec.cat/iesvinyet/wp-content/uploads/usu987/2016/04/0_estudiar.jpg" alt="0_estudiar" width="619" height="148" srcset="https://agora.xtec.cat/iesvinyet/wp-content/uploads/usu987/2016/04/0_estudiar.jpg 619w, https://agora.xtec.cat/iesvinyet/wp-content/uploads/usu987/2016/04/0_estudiar-300x72.jpg 300w" sizes="auto, (max-width: 619px) 100vw, 619px" /></a></p>
<p><a href="http://queestudiar.gencat.cat/ca/preinscripcio/estudis/ensenyaments_obligatoris/informacio_general/" target="_blank">Informació general</a></p>
<p><a href="http://queestudiar.gencat.cat/ca/preinscripcio/estudis/ensenyaments_obligatoris/calendari/" target="_blank">Calendari</a></p>
<p><a href="http://queestudiar.gencat.cat/ca/preinscripcio/estudis/ensenyaments_obligatoris/documentacio_criteris/" target="_blank">Documentació i criteris de prioritat</a></p>
<p><a href="http://ensenyament.gencat.cat/ca/tramits/tramits-temes/20483_preinscripcio_escolar?moda=1" target="_blank">Sol·licitud de preinscripció</a></p>
<p><a href="http://queestudiar.gencat.cat/ca/preinscripcio/estudis/ensenyaments_obligatoris/consulta_resultats/" target="_blank">Consulta de resultats</a></p>
<p>&nbsp;</p>

<p><a href="http://queestudiar.gencat.cat/ca/preinscripcio/" target="_blank">Informació sobre preinscripció i matrícula: Portal del departament d’ensenyament:</a><br />
<a href="http://queestudiar.gencat.cat/ca/preinscripcio/" target="_blank"></a><br />
<a href="http://queestudiar.gencat.cat/ca/preinscripcio/estudis/ensenyaments_obligatoris/informacio_general/" target="_blank">Informació general</a><br />
<a href="http://queestudiar.gencat.cat/ca/preinscripcio/estudis/ensenyaments_obligatoris/calendari/" target="_blank">Calendari</a><br />
<a href="http://queestudiar.gencat.cat/ca/preinscripcio/estudis/ensenyaments_obligatoris/documentacio_criteris/" target="_blank">Documentació i criteris de prioritat</a><br />
<a href="http://ensenyament.gencat.cat/ca/tramits/tramits-temes/20483_preinscripcio_escolar?moda=1" target="_blank">Sol·licitud de preinscripció</a><br />
<a href="http://queestudiar.gencat.cat/ca/preinscripcio/estudis/ensenyaments_obligatoris/consulta_resultats/" target="_blank">Consulta de resultats</a><br />
&nbsp;</p>
