{"id":46,"date":"2014-09-17T16:53:45","date_gmt":"2014-09-17T16:53:45","guid":{"rendered":"http:\/\/agora.xtec.cat\/iesvinyet\/?page_id=46"},"modified":"2025-09-09T19:03:37","modified_gmt":"2025-09-09T17:03:37","slug":"organigrama","status":"publish","type":"page","link":"https:\/\/agora.xtec.cat\/iesvinyet\/linstitut\/organigrama\/","title":{"rendered":"Organigrama"},"content":{"rendered":"<p style=\"margin: 0cm; margin-bottom: .0001pt;\"><strong>EQUIP DIRECTIU<\/strong><\/p>\n<p style=\"margin: 0cm; margin-bottom: .0001pt;\">Directora: Maria Rosa Dag\u00e0<\/p>\n<p style=\"margin: 0cm; margin-bottom: .0001pt;\">Cap d\u2019Estudis: Gemma P\u00e9rez<br \/>\nSecret\u00e0ria: Eva L\u00f3pez<br \/>\nCoordinadora Pedag\u00f2gica: Carme Vendrell<br \/>\n<strong>COORDINACIONS<\/strong><br \/>\nCoordinaci\u00f3 1r d&#8217;ESO: Mireia Guti\u00e9rrez<br \/>\nCoordinaci\u00f3 2n d\u2019ESO: Montserrat Margalef<\/p>\n<p style=\"margin: 0cm; margin-bottom: .0001pt;\">Coordinaci\u00f3 3r d&#8217;ESO: Xavier L\u00f3pez<\/p>\n<p style=\"margin: 0cm; margin-bottom: .0001pt;\">Coordinaci\u00f3 4t d&#8217;ESO: Ivan Llorente<br \/>\nCoordinaci\u00f3 LIC: Victor Mar\u00edn<br \/>\nCoordinaci\u00f3 Estrat\u00e8gia Digital: Jordi Da Palma<br \/>\nCoordinaci\u00f3 PRL: Paqui Alemany<\/p>\n<p><strong>CAPS D\u2019\u00c0MBIT<\/strong><\/p>\n<p style=\"margin: 0cm; margin-bottom: .0001pt;\">\u00c0mbit Ling\u00fc\u00edstic: \u00c0ngels Antonell<br \/>\n\u00c0mbit Lleng\u00fces Estrangeres: J\u00falia Muntan\u00e9<br \/>\n\u00c0mbit Matem\u00e0tic: Mari Carmen Marcos<br \/>\n\u00c0mbit Social: Ferran S\u00e0nchez<br \/>\n\u00c0mbit Cientificotecnol\u00f2gic: Elisa Lanuza<br \/>\n\u00c0mbit Art\u00edstic: Assumpta Montserrat<\/p>\n<p style=\"margin: 0cm; margin-bottom: .0001pt;\"><span style=\"font-family: inherit; font-size: 1em;\">Orientaci\u00f3 Educativa: Mireia Guti\u00e9rrez<\/span><\/p>\n","protected":false},"excerpt":{"rendered":"<p>EQUIP DIRECTIU<br \/>\nDirectora: Maria Rosa Dag\u00e0<br \/>\nCap d\u2019Estudis: Gemma P\u00e9rez<br \/>\nSecret\u00e0ria: Eva L\u00f3pez<br \/>\nCoordinadora Pedag\u00f2gica: Carme Vendrell<br \/>\nCOORDINACIONS<br \/>\nCoordinaci\u00f3 1r d&#8217;ESO: Mireia Guti\u00e9rrez<br \/>\nCoordinaci\u00f3 2n d\u2019ESO: Montserrat Margalef<br \/>\nCoordinaci\u00f3 3r d&#8217;ESO: Xavier L\u00f3pez<br \/>\nCoordinaci\u00f3 4t d&#8217;ESO: Ivan Llorente<br \/>\nCoordinaci\u00f3 LIC: Victor Mar\u00edn<br \/>\nCoordinaci\u00f3 Estrat\u00e8gia Digital: Jordi Da Palma<br \/>\nCoordinaci\u00f3 PRL: Paqui Alemany<br \/>\nCAPS D\u2019\u00c0MBIT<br \/>\n\u00c0mbit Ling\u00fc\u00edstic: \u00c0ngels Antonell<br \/>\n\u00c0mbit Lleng\u00fces&hellip;  <a href=\"https:\/\/agora.xtec.cat\/iesvinyet\/linstitut\/organigrama\/\" title=\"Read Organigrama\">Llegeix m\u00e9s\u00bb<\/a><\/p>\n","protected":false},"author":1,"featured_media":0,"parent":19,"menu_order":50,"comment_status":"closed","ping_status":"closed","template":"page-templates\/side-menu.php","meta":{"_bbp_topic_count":0,"_bbp_reply_count":0,"_bbp_total_topic_count":0,"_bbp_total_reply_count":0,"_bbp_voice_count":0,"_bbp_anonymous_reply_count":0,"_bbp_topic_count_hidden":0,"_bbp_reply_count_hidden":0,"_bbp_forum_subforum_count":0,"footnotes":""},"class_list":["post-46","page","type-page","status-publish","hentry"],"post_mailing_queue_ids":[],"_links":{"self":[{"href":"https:\/\/agora.xtec.cat\/iesvinyet\/wp-json\/wp\/v2\/pages\/46","targetHints":{"allow":["GET"]}}],"collection":[{"href":"https:\/\/agora.xtec.cat\/iesvinyet\/wp-json\/wp\/v2\/pages"}],"about":[{"href":"https:\/\/agora.xtec.cat\/iesvinyet\/wp-json\/wp\/v2\/types\/page"}],"author":[{"embeddable":true,"href":"https:\/\/agora.xtec.cat\/iesvinyet\/wp-json\/wp\/v2\/users\/1"}],"replies":[{"embeddable":true,"href":"https:\/\/agora.xtec.cat\/iesvinyet\/wp-json\/wp\/v2\/comments?post=46"}],"version-history":[{"count":7,"href":"https:\/\/agora.xtec.cat\/iesvinyet\/wp-json\/wp\/v2\/pages\/46\/revisions"}],"predecessor-version":[{"id":2112,"href":"https:\/\/agora.xtec.cat\/iesvinyet\/wp-json\/wp\/v2\/pages\/46\/revisions\/2112"}],"up":[{"embeddable":true,"href":"https:\/\/agora.xtec.cat\/iesvinyet\/wp-json\/wp\/v2\/pages\/19"}],"wp:attachment":[{"href":"https:\/\/agora.xtec.cat\/iesvinyet\/wp-json\/wp\/v2\/media?parent=46"}],"curies":[{"name":"wp","href":"https:\/\/api.w.org\/{rel}","templated":true}]}}

<p style="margin: 0cm; margin-bottom: .0001pt;"><strong>EQUIP DIRECTIU</strong></p>
<p style="margin: 0cm; margin-bottom: .0001pt;">Directora: Maria Rosa Dagà</p>
<p style="margin: 0cm; margin-bottom: .0001pt;">Cap d’Estudis: Gemma Pérez<br />
Secretària: Eva López<br />
Coordinadora Pedagògica: Carme Vendrell<br />
<strong>COORDINACIONS</strong><br />
Coordinació 1r d&#8217;ESO: Mireia Gutiérrez<br />
Coordinació 2n d’ESO: Montserrat Margalef</p>
<p style="margin: 0cm; margin-bottom: .0001pt;">Coordinació 3r d&#8217;ESO: Xavier López</p>
<p style="margin: 0cm; margin-bottom: .0001pt;">Coordinació 4t d&#8217;ESO: Ivan Llorente<br />
Coordinació LIC: Victor Marín<br />
Coordinació Estratègia Digital: Jordi Da Palma<br />
Coordinació PRL: Paqui Alemany</p>
<p><strong>CAPS D’ÀMBIT</strong></p>
<p style="margin: 0cm; margin-bottom: .0001pt;">Àmbit Lingüístic: Àngels Antonell<br />
Àmbit Llengües Estrangeres: Júlia Muntané<br />
Àmbit Matemàtic: Mari Carmen Marcos<br />
Àmbit Social: Ferran Sànchez<br />
Àmbit Cientificotecnològic: Elisa Lanuza<br />
Àmbit Artístic: Assumpta Montserrat</p>
<p style="margin: 0cm; margin-bottom: .0001pt;"><span style="font-family: inherit; font-size: 1em;">Orientació Educativa: Mireia Gutiérrez</span></p>

<p>EQUIP DIRECTIU<br />
Directora: Maria Rosa Dagà<br />
Cap d’Estudis: Gemma Pérez<br />
Secretària: Eva López<br />
Coordinadora Pedagògica: Carme Vendrell<br />
COORDINACIONS<br />
Coordinació 1r d&#8217;ESO: Mireia Gutiérrez<br />
Coordinació 2n d’ESO: Montserrat Margalef<br />
Coordinació 3r d&#8217;ESO: Xavier López<br />
Coordinació 4t d&#8217;ESO: Ivan Llorente<br />
Coordinació LIC: Victor Marín<br />
Coordinació Estratègia Digital: Jordi Da Palma<br />
Coordinació PRL: Paqui Alemany<br />
CAPS D’ÀMBIT<br />
Àmbit Lingüístic: Àngels Antonell<br />
Àmbit Llengües&hellip;  <a href="https://agora.xtec.cat/iesvinyet/linstitut/organigrama/" title="Read Organigrama">Llegeix més»</a></p>
