{"id":27,"date":"2014-09-17T16:24:03","date_gmt":"2014-09-17T16:24:03","guid":{"rendered":"http:\/\/agora.xtec.cat\/iesvinyet\/?page_id=27"},"modified":"2017-10-25T19:42:39","modified_gmt":"2017-10-25T17:42:39","slug":"historia","status":"publish","type":"page","link":"https:\/\/agora.xtec.cat\/iesvinyet\/linstitut\/historia\/","title":{"rendered":"Hist\u00f2ria"},"content":{"rendered":"<p><img decoding=\"async\" class=\" aligncenter\" src=\"http:\/\/agora.xtec.cat\/iesvinyet\/moodle\/pluginfile.php\/5106\/mod_book\/chapter\/2\/pati_insti.jpg\" alt=\"\" \/><\/p>\n<p>El centre va ser creat el curs 2005-2006 i va traslladar la seva ubicaci\u00f3 el curs 2007-2008 al carrer Mestre Manel Torrens Girona, 2-6, situat a 1,7 quil\u00f2metres del centre hist\u00f2ric de la poblaci\u00f3, la Pla\u00e7a del Cap de la vila.<\/p>\n<p>Al barri de Can Pei principalment hi ha habitatges.\u00a0 Tot i no haver-hi massa equipaments municipals ni privats, hi trobem, a m\u00e9s a m\u00e9s de l\u2019institut Vinyet, dues escoles d\u2019educaci\u00f3 infantil i prim\u00e0ria, el CEIP Maria Oss\u00f3 i el CEIP Agn\u00e8s de Sitges, una instituci\u00f3 universit\u00e0ria en llengua anglesa, <em>l\u2019Institute of the Arts<\/em>, un centre d\u2019empreses creatives (CEC) situat a l\u2019edifici Sitges Centre de Disseny, un supermercat, un gimn\u00e0s privat i l\u2019ONG <em>Ocularis<\/em>, dedicada a fomentar el desenvolupament oftalmol\u00f2gic a l\u2019\u00c0frica subsahariana.<\/p>\n<p>Les dotacions quant a instal\u00b7lacions del centre s\u00f3n un edifici principal i un poliesportiu, ambd\u00f3s de formig\u00f3 amb data de construcci\u00f3 de l\u2019any 2007. \u00a0La planta baixa de l\u2019edifici principal consta de 8 aules d\u2019ESO, 1 aula de batxillerat, 1 aula d\u2019USEE, 3 aules d\u2019atenci\u00f3 individualitzada, 2 aules taller, 2 laboratoris, 1 aula d\u2019inform\u00e0tica, 1 biblioteca, 1 sala de gu\u00e0rdia, 7 departaments, 2 sales de reunions, 1 sala de professorat, 2 despatxos de direcci\u00f3, 1 despatx de l\u2019AMPA, 1 secretaria, 1 consergeria, 1 aula destinada a R\u00e0dio Vinyet, 1 menjador amb office, 2 vestidors, 9 lavabos, 1 sala de calderes i 7 espais de magatzem.\u00a0 A la primera planta de l\u2019edifici principal hi ha 4 aules d\u2019ESO, 3 aules de batxillerat, 2 aules d\u2019inform\u00e0tica , 1 aula de visual i pl\u00e0stica, \u00a01 aula de m\u00fasica, 1 despatx, 2 lavabos i 2 espais de magatzem.\u00a0 L\u2019edifici poliesportiu s\u2019utilitza com a gimn\u00e0s, sala d\u2019actes i teatre. La zona exterior del centre consta d\u2019una pista polivalent i una zona enjardinada, d\u2019una superf\u00edcie superior a la de l\u2019edifici principal.<\/p>\n<p>Es tracta d\u2019un centre de tres l\u00ednies d\u2019ESO i dues de Batxillerat que acull fonamentalment alumnat del diferents centres p\u00fablics de Prim\u00e0ria del municipi (CEIP Miquel Utrillo, CEIP Esteve Barrachina,\u00a0CEIP\u00a0Agnes de\u00a0Sitges\u00a0i CEIP Maria Oss\u00f3) a banda d\u2019altres centres privats i concertats del municipi i de la comarca.<\/p>\n<p><a href=\"http:\/\/agora.xtec.cat\/iesvinyet\/wp-content\/uploads\/usu987\/2014\/09\/photo.jpg\"><img loading=\"lazy\" decoding=\"async\" class=\"size-medium wp-image-1306 aligncenter\" src=\"http:\/\/agora.xtec.cat\/iesvinyet\/wp-content\/uploads\/usu987\/2014\/09\/photo-300x300.jpg\" alt=\"\" width=\"300\" height=\"300\" srcset=\"https:\/\/agora.xtec.cat\/iesvinyet\/wp-content\/uploads\/usu987\/2014\/09\/photo-300x300.jpg 300w, https:\/\/agora.xtec.cat\/iesvinyet\/wp-content\/uploads\/usu987\/2014\/09\/photo-150x150.jpg 150w, https:\/\/agora.xtec.cat\/iesvinyet\/wp-content\/uploads\/usu987\/2014\/09\/photo.jpg 450w\" sizes=\"auto, (max-width: 300px) 100vw, 300px\" \/><\/a><\/p>\n<p>&nbsp;<\/p>\n<p>&nbsp;<\/p>\n<p>&nbsp;<\/p>\n<p>&nbsp;<\/p>\n","protected":false},"excerpt":{"rendered":"<p>El centre va ser creat el curs 2005-2006 i va traslladar la seva ubicaci\u00f3 el curs 2007-2008 al carrer Mestre Manel Torrens Girona, 2-6, situat a 1,7 quil\u00f2metres del centre hist\u00f2ric de la poblaci\u00f3, la Pla\u00e7a del Cap de la vila.<br \/>\nAl barri de Can Pei&hellip;  <a href=\"https:\/\/agora.xtec.cat\/iesvinyet\/linstitut\/historia\/\" title=\"Read Hist\u00f2ria\">Llegeix m\u00e9s\u00bb<\/a><\/p>\n","protected":false},"author":1,"featured_media":0,"parent":19,"menu_order":20,"comment_status":"closed","ping_status":"closed","template":"page-templates\/side-menu.php","meta":{"_bbp_topic_count":0,"_bbp_reply_count":0,"_bbp_total_topic_count":0,"_bbp_total_reply_count":0,"_bbp_voice_count":0,"_bbp_anonymous_reply_count":0,"_bbp_topic_count_hidden":0,"_bbp_reply_count_hidden":0,"_bbp_forum_subforum_count":0,"footnotes":""},"class_list":["post-27","page","type-page","status-publish","hentry"],"post_mailing_queue_ids":[],"_links":{"self":[{"href":"https:\/\/agora.xtec.cat\/iesvinyet\/wp-json\/wp\/v2\/pages\/27","targetHints":{"allow":["GET"]}}],"collection":[{"href":"https:\/\/agora.xtec.cat\/iesvinyet\/wp-json\/wp\/v2\/pages"}],"about":[{"href":"https:\/\/agora.xtec.cat\/iesvinyet\/wp-json\/wp\/v2\/types\/page"}],"author":[{"embeddable":true,"href":"https:\/\/agora.xtec.cat\/iesvinyet\/wp-json\/wp\/v2\/users\/1"}],"replies":[{"embeddable":true,"href":"https:\/\/agora.xtec.cat\/iesvinyet\/wp-json\/wp\/v2\/comments?post=27"}],"version-history":[{"count":4,"href":"https:\/\/agora.xtec.cat\/iesvinyet\/wp-json\/wp\/v2\/pages\/27\/revisions"}],"predecessor-version":[{"id":1307,"href":"https:\/\/agora.xtec.cat\/iesvinyet\/wp-json\/wp\/v2\/pages\/27\/revisions\/1307"}],"up":[{"embeddable":true,"href":"https:\/\/agora.xtec.cat\/iesvinyet\/wp-json\/wp\/v2\/pages\/19"}],"wp:attachment":[{"href":"https:\/\/agora.xtec.cat\/iesvinyet\/wp-json\/wp\/v2\/media?parent=27"}],"curies":[{"name":"wp","href":"https:\/\/api.w.org\/{rel}","templated":true}]}}

Història

<p><img decoding="async" class=" aligncenter" src="http://agora.xtec.cat/iesvinyet/moodle/pluginfile.php/5106/mod_book/chapter/2/pati_insti.jpg" alt="" /></p>
<p>El centre va ser creat el curs 2005-2006 i va traslladar la seva ubicació el curs 2007-2008 al carrer Mestre Manel Torrens Girona, 2-6, situat a 1,7 quilòmetres del centre històric de la població, la Plaça del Cap de la vila.</p>
<p>Al barri de Can Pei principalment hi ha habitatges.  Tot i no haver-hi massa equipaments municipals ni privats, hi trobem, a més a més de l’institut Vinyet, dues escoles d’educació infantil i primària, el CEIP Maria Ossó i el CEIP Agnès de Sitges, una institució universitària en llengua anglesa, <em>l’Institute of the Arts</em>, un centre d’empreses creatives (CEC) situat a l’edifici Sitges Centre de Disseny, un supermercat, un gimnàs privat i l’ONG <em>Ocularis</em>, dedicada a fomentar el desenvolupament oftalmològic a l’Àfrica subsahariana.</p>
<p>Les dotacions quant a instal·lacions del centre són un edifici principal i un poliesportiu, ambdós de formigó amb data de construcció de l’any 2007.  La planta baixa de l’edifici principal consta de 8 aules d’ESO, 1 aula de batxillerat, 1 aula d’USEE, 3 aules d’atenció individualitzada, 2 aules taller, 2 laboratoris, 1 aula d’informàtica, 1 biblioteca, 1 sala de guàrdia, 7 departaments, 2 sales de reunions, 1 sala de professorat, 2 despatxos de direcció, 1 despatx de l’AMPA, 1 secretaria, 1 consergeria, 1 aula destinada a Ràdio Vinyet, 1 menjador amb office, 2 vestidors, 9 lavabos, 1 sala de calderes i 7 espais de magatzem.  A la primera planta de l’edifici principal hi ha 4 aules d’ESO, 3 aules de batxillerat, 2 aules d’informàtica , 1 aula de visual i plàstica,  1 aula de música, 1 despatx, 2 lavabos i 2 espais de magatzem.  L’edifici poliesportiu s’utilitza com a gimnàs, sala d’actes i teatre. La zona exterior del centre consta d’una pista polivalent i una zona enjardinada, d’una superfície superior a la de l’edifici principal.</p>
<p>Es tracta d’un centre de tres línies d’ESO i dues de Batxillerat que acull fonamentalment alumnat del diferents centres públics de Primària del municipi (CEIP Miquel Utrillo, CEIP Esteve Barrachina, CEIP Agnes de Sitges i CEIP Maria Ossó) a banda d’altres centres privats i concertats del municipi i de la comarca.</p>
<p><a href="http://agora.xtec.cat/iesvinyet/wp-content/uploads/usu987/2014/09/photo.jpg"><img loading="lazy" decoding="async" class="size-medium wp-image-1306 aligncenter" src="http://agora.xtec.cat/iesvinyet/wp-content/uploads/usu987/2014/09/photo-300x300.jpg" alt="" width="300" height="300" srcset="https://agora.xtec.cat/iesvinyet/wp-content/uploads/usu987/2014/09/photo-300x300.jpg 300w, https://agora.xtec.cat/iesvinyet/wp-content/uploads/usu987/2014/09/photo-150x150.jpg 150w, https://agora.xtec.cat/iesvinyet/wp-content/uploads/usu987/2014/09/photo.jpg 450w" sizes="auto, (max-width: 300px) 100vw, 300px" /></a></p>
<p>&nbsp;</p>
<p>&nbsp;</p>
<p>&nbsp;</p>
<p>&nbsp;</p>

<p>El centre va ser creat el curs 2005-2006 i va traslladar la seva ubicació el curs 2007-2008 al carrer Mestre Manel Torrens Girona, 2-6, situat a 1,7 quilòmetres del centre històric de la població, la Plaça del Cap de la vila.<br />
Al barri de Can Pei&hellip;  <a href="https://agora.xtec.cat/iesvinyet/linstitut/historia/" title="Read Història">Llegeix més»</a></p>
