{"id":19,"date":"2014-09-17T14:56:56","date_gmt":"2014-09-17T14:56:56","guid":{"rendered":"http:\/\/agora.xtec.cat\/iesvinyet\/?page_id=19"},"modified":"2019-04-08T17:34:25","modified_gmt":"2019-04-08T15:34:25","slug":"linstitut","status":"publish","type":"page","link":"https:\/\/agora.xtec.cat\/iesvinyet\/linstitut\/","title":{"rendered":"L&#8217;Institut"},"content":{"rendered":"<p>L<strong>&#8216;Institut Vinyet<\/strong> va ser creat el curs 2005-2006 i va traslladar la seva ubicaci\u00f3 el curs 2007-2008 al carrer <strong>Mestre Manel Torrens Girona, 2-6<\/strong>, situat a 1,7 quil\u00f2metres del centre hist\u00f2ric de la poblaci\u00f3, la Pla\u00e7a del Cap de la Vila.<\/p>\n<p>Es tracta d\u2019un centre de<strong> tres l\u00ednies d\u2019ESO i dues de Batxillerat<\/strong> que acull fonamentalment alumnat dels diferents centres p\u00fablics de prim\u00e0ria del municipi: CEIP Miquel Utrillo, CEIP Esteve Barrachina,\u00a0CEIP\u00a0Agnes de\u00a0Sitges\u00a0i CEIP Maria Oss\u00f3, a banda d\u2019altres centres p\u00fablics, privats i concertats de la comarca.<\/p>\n<p>Actualment, l&#8217;equip docent est\u00e0 format per una cinquantena de docents, que atenen uns 450 alumnes.<\/p>\n<p>La <strong>qualitat educativa<\/strong>, la <strong>renovaci\u00f3 pedag\u00f2gica<\/strong>, l&#8217;<strong>atenci\u00f3 a la diversitat<\/strong>, l&#8217;<strong>orientaci\u00f3 personal i acad\u00e8mica<\/strong>, l&#8217;acompanyament en l&#8217;<strong>acci\u00f3 tutorial<\/strong>, l&#8217;educaci\u00f3 en <strong>valors<\/strong> i l&#8217;educaci\u00f3 <strong>emocional<\/strong> conformen els <strong>objectius<\/strong> pels quals treballem cada dia.<\/p>\n<p>&nbsp;<\/p>\n<p>&nbsp;<\/p>\n<p><a href=\"http:\/\/agora.xtec.cat\/iesvinyet\/wp-content\/uploads\/usu987\/2014\/09\/photo.jpg\"><img loading=\"lazy\" decoding=\"async\" class=\"size-medium wp-image-1306 aligncenter\" src=\"http:\/\/agora.xtec.cat\/iesvinyet\/wp-content\/uploads\/usu987\/2014\/09\/photo-300x300.jpg\" sizes=\"auto, (max-width: 300px) 100vw, 300px\" srcset=\"https:\/\/agora.xtec.cat\/iesvinyet\/wp-content\/uploads\/usu987\/2014\/09\/photo-300x300.jpg 300w, https:\/\/agora.xtec.cat\/iesvinyet\/wp-content\/uploads\/usu987\/2014\/09\/photo-150x150.jpg 150w, https:\/\/agora.xtec.cat\/iesvinyet\/wp-content\/uploads\/usu987\/2014\/09\/photo.jpg 450w\" alt=\"\" width=\"300\" height=\"300\" \/><\/a><\/p>\n","protected":false},"excerpt":{"rendered":"<p>L&#8216;Institut Vinyet va ser creat el curs 2005-2006 i va traslladar la seva ubicaci\u00f3 el curs 2007-2008 al carrer Mestre Manel Torrens Girona, 2-6, situat a 1,7 quil\u00f2metres del centre hist\u00f2ric de la poblaci\u00f3, la Pla\u00e7a del Cap de la Vila.<br \/>\nEs tracta d\u2019un centre de&hellip;  <a href=\"https:\/\/agora.xtec.cat\/iesvinyet\/linstitut\/\" title=\"Read L&#8217;Institut\">Llegeix m\u00e9s\u00bb<\/a><\/p>\n","protected":false},"author":1,"featured_media":0,"parent":0,"menu_order":0,"comment_status":"closed","ping_status":"closed","template":"page-templates\/side-menu.php","meta":{"_bbp_topic_count":0,"_bbp_reply_count":0,"_bbp_total_topic_count":0,"_bbp_total_reply_count":0,"_bbp_voice_count":0,"_bbp_anonymous_reply_count":0,"_bbp_topic_count_hidden":0,"_bbp_reply_count_hidden":0,"_bbp_forum_subforum_count":0,"footnotes":""},"class_list":["post-19","page","type-page","status-publish","hentry"],"post_mailing_queue_ids":[],"_links":{"self":[{"href":"https:\/\/agora.xtec.cat\/iesvinyet\/wp-json\/wp\/v2\/pages\/19","targetHints":{"allow":["GET"]}}],"collection":[{"href":"https:\/\/agora.xtec.cat\/iesvinyet\/wp-json\/wp\/v2\/pages"}],"about":[{"href":"https:\/\/agora.xtec.cat\/iesvinyet\/wp-json\/wp\/v2\/types\/page"}],"author":[{"embeddable":true,"href":"https:\/\/agora.xtec.cat\/iesvinyet\/wp-json\/wp\/v2\/users\/1"}],"replies":[{"embeddable":true,"href":"https:\/\/agora.xtec.cat\/iesvinyet\/wp-json\/wp\/v2\/comments?post=19"}],"version-history":[{"count":3,"href":"https:\/\/agora.xtec.cat\/iesvinyet\/wp-json\/wp\/v2\/pages\/19\/revisions"}],"predecessor-version":[{"id":2268,"href":"https:\/\/agora.xtec.cat\/iesvinyet\/wp-json\/wp\/v2\/pages\/19\/revisions\/2268"}],"wp:attachment":[{"href":"https:\/\/agora.xtec.cat\/iesvinyet\/wp-json\/wp\/v2\/media?parent=19"}],"curies":[{"name":"wp","href":"https:\/\/api.w.org\/{rel}","templated":true}]}}

<p>L<strong>&#8216;Institut Vinyet</strong> va ser creat el curs 2005-2006 i va traslladar la seva ubicació el curs 2007-2008 al carrer <strong>Mestre Manel Torrens Girona, 2-6</strong>, situat a 1,7 quilòmetres del centre històric de la població, la Plaça del Cap de la Vila.</p>
<p>Es tracta d’un centre de<strong> tres línies d’ESO i dues de Batxillerat</strong> que acull fonamentalment alumnat dels diferents centres públics de primària del municipi: CEIP Miquel Utrillo, CEIP Esteve Barrachina, CEIP Agnes de Sitges i CEIP Maria Ossó, a banda d’altres centres públics, privats i concertats de la comarca.</p>
<p>Actualment, l&#8217;equip docent està format per una cinquantena de docents, que atenen uns 450 alumnes.</p>
<p>La <strong>qualitat educativa</strong>, la <strong>renovació pedagògica</strong>, l&#8217;<strong>atenció a la diversitat</strong>, l&#8217;<strong>orientació personal i acadèmica</strong>, l&#8217;acompanyament en l&#8217;<strong>acció tutorial</strong>, l&#8217;educació en <strong>valors</strong> i l&#8217;educació <strong>emocional</strong> conformen els <strong>objectius</strong> pels quals treballem cada dia.</p>
<p>&nbsp;</p>
<p>&nbsp;</p>
<p><a href="http://agora.xtec.cat/iesvinyet/wp-content/uploads/usu987/2014/09/photo.jpg"><img loading="lazy" decoding="async" class="size-medium wp-image-1306 aligncenter" src="http://agora.xtec.cat/iesvinyet/wp-content/uploads/usu987/2014/09/photo-300x300.jpg" sizes="auto, (max-width: 300px) 100vw, 300px" srcset="https://agora.xtec.cat/iesvinyet/wp-content/uploads/usu987/2014/09/photo-300x300.jpg 300w, https://agora.xtec.cat/iesvinyet/wp-content/uploads/usu987/2014/09/photo-150x150.jpg 150w, https://agora.xtec.cat/iesvinyet/wp-content/uploads/usu987/2014/09/photo.jpg 450w" alt="" width="300" height="300" /></a></p>

<p>L&#8216;Institut Vinyet va ser creat el curs 2005-2006 i va traslladar la seva ubicació el curs 2007-2008 al carrer Mestre Manel Torrens Girona, 2-6, situat a 1,7 quilòmetres del centre històric de la població, la Plaça del Cap de la Vila.<br />
Es tracta d’un centre de&hellip;  <a href="https://agora.xtec.cat/iesvinyet/linstitut/" title="Read L&#8217;Institut">Llegeix més»</a></p>
