{"id":3154,"date":"2017-05-02T09:49:47","date_gmt":"2017-05-02T07:49:47","guid":{"rendered":"http:\/\/agora.xtec.cat\/iesvilatzara\/?page_id=3154"},"modified":"2024-04-19T13:18:55","modified_gmt":"2024-04-19T11:18:55","slug":"servei-comunitari","status":"publish","type":"page","link":"https:\/\/agora.xtec.cat\/iesvilatzara\/projectes\/servei-comunitari\/","title":{"rendered":"Servei comunitari"},"content":{"rendered":"<p style=\"text-align: justify;\">Catalunya prov\u00e9 d\u2019una llarga tradici\u00f3 de participaci\u00f3 c\u00edvica i solid\u00e0ria dels ciutadans i ciutadanes en la vida social. La nostra societat s\u2019ha caracteritzat per un teixit associatiu format per persones que han pres una opci\u00f3 de comprom\u00eds vers la comunitat i han dedicat una part del seu temps al servei del b\u00e9 com\u00fa i a la millora constant de les condicions de vida.<\/p>\n<p style=\"text-align: justify;\">L\u2019educaci\u00f3 \u00e9s una eina de millora social, que ha de ser capa\u00e7 de formar \u00e9ssers complerts, amb una dimensi\u00f3 tant intel\u00b7lectual com humana i moral. En aquest sentit, a m\u00e9s de la compet\u00e8ncia ling\u00fc\u00edstica o la matem\u00e0tica, cal anar avan\u00e7ant tamb\u00e9 en aquelles compet\u00e8ncies que recullen certs valors i habilitats c\u00edviques.<\/p>\n<p style=\"text-align: justify;\">En aquest marc, i d\u2019acord amb l\u2019article 79.1 e) de la Llei d\u2019educaci\u00f3, el Departament d\u2019Ensenyament posa en marxa el <strong><a href=\"http:\/\/agora.xtec.cat\/iesvilatzara\/wp-content\/uploads\/usu356\/2017\/05\/Servei-Comunitari-Document-marc_octubre_2015.pdf\" target=\"_blank\" rel=\"noopener noreferrer\">Servei comunitari<\/a><\/strong> per a l\u2019alumnat de 3r d\u2019ESO, amb la finalitat de garantir que els estudiants, al llarg de la seva traject\u00f2ria escolar, experimentin i protagonitzin accions de comprom\u00eds c\u00edvic, aprenguin en l\u2019exercici actiu de la ciutadania, i posin en joc els seus coneixements i capacitats al servei de la comunitat.<\/p>\n<p style=\"text-align: justify;\">L\u2019Institut Vilatzara t\u00e9 una llarga traject\u00f2ria de treball transversal amb sensibilitat social, treballada amb els alumnes i que es pot copsar en els m\u00faltiples projectes. \u00c9s per tot aix\u00f2 que el projecte de servei comunitari \u00e9s una oportunitat m\u00e9s per seguir donant forma a treballs ja existents, com ara la cooperaci\u00f3 amb la Casa Pairal, l&#8217;entitat Espig\u00f3 de Garb\u00ed, col\u00b7laboracions amb les escoles del municipi, la biblioteca Ernest Lluch i l&#8217;Ajuntament de Vilassar de Mar.<\/p>\n<p style=\"text-align: justify;\">En aquest sentit el projecte de servei comunitari que ens plantegem vehicula accions directes d&#8217;acompanyament d&#8217;avis dins de l\u2019<strong>\u00e0mbit d\u2019intercanvi generacional <\/strong>on s&#8217;organitzen diversos tallers com jocs tradicionals, cosm\u00e8tica natural, berenars de l&#8217;\u00e0via, etc. Tamb\u00e9 es porten a terme diverses accions d\u2019<strong>acompanyament i suport a l\u2019escolaritzaci\u00f3<\/strong> i <strong>cura pel medi ambient<\/strong> que complementen el servei a la comunitat.<\/p>\n<h5><a href=\"https:\/\/agora.xtec.cat\/iesvilatzara\/categoria\/noticies-portada\/projectes\/servei-comunitari\/\" target=\"_blank\" rel=\"noopener\">Not\u00edcies servei comunitari<\/a><\/h5>\n","protected":false},"excerpt":{"rendered":"<p>Catalunya prov\u00e9 d\u2019una llarga tradici\u00f3 de participaci\u00f3 c\u00edvica i solid\u00e0ria dels ciutadans i ciutadanes en la vida social. La nostra societat s\u2019ha caracteritzat per un teixit associatiu format per persones que han pres una opci\u00f3 de comprom\u00eds vers la comunitat i han dedicat una part&hellip;  <a href=\"https:\/\/agora.xtec.cat\/iesvilatzara\/projectes\/servei-comunitari\/\" title=\"Read Servei comunitari\">Llegeix m\u00e9s\u00bb<\/a><\/p>\n","protected":false},"author":6,"featured_media":0,"parent":356,"menu_order":5,"comment_status":"closed","ping_status":"closed","template":"","meta":{"_bbp_topic_count":0,"_bbp_reply_count":0,"_bbp_total_topic_count":0,"_bbp_total_reply_count":0,"_bbp_voice_count":0,"_bbp_anonymous_reply_count":0,"_bbp_topic_count_hidden":0,"_bbp_reply_count_hidden":0,"_bbp_forum_subforum_count":0,"footnotes":""},"class_list":["post-3154","page","type-page","status-publish","hentry"],"post_mailing_queue_ids":[],"_links":{"self":[{"href":"https:\/\/agora.xtec.cat\/iesvilatzara\/wp-json\/wp\/v2\/pages\/3154","targetHints":{"allow":["GET"]}}],"collection":[{"href":"https:\/\/agora.xtec.cat\/iesvilatzara\/wp-json\/wp\/v2\/pages"}],"about":[{"href":"https:\/\/agora.xtec.cat\/iesvilatzara\/wp-json\/wp\/v2\/types\/page"}],"author":[{"embeddable":true,"href":"https:\/\/agora.xtec.cat\/iesvilatzara\/wp-json\/wp\/v2\/users\/6"}],"replies":[{"embeddable":true,"href":"https:\/\/agora.xtec.cat\/iesvilatzara\/wp-json\/wp\/v2\/comments?post=3154"}],"version-history":[{"count":6,"href":"https:\/\/agora.xtec.cat\/iesvilatzara\/wp-json\/wp\/v2\/pages\/3154\/revisions"}],"predecessor-version":[{"id":25954,"href":"https:\/\/agora.xtec.cat\/iesvilatzara\/wp-json\/wp\/v2\/pages\/3154\/revisions\/25954"}],"up":[{"embeddable":true,"href":"https:\/\/agora.xtec.cat\/iesvilatzara\/wp-json\/wp\/v2\/pages\/356"}],"wp:attachment":[{"href":"https:\/\/agora.xtec.cat\/iesvilatzara\/wp-json\/wp\/v2\/media?parent=3154"}],"curies":[{"name":"wp","href":"https:\/\/api.w.org\/{rel}","templated":true}]}}