{"id":24752,"date":"2023-11-24T13:05:27","date_gmt":"2023-11-24T12:05:27","guid":{"rendered":"https:\/\/agora.xtec.cat\/iesvilatzara\/?page_id=24752"},"modified":"2025-10-20T17:20:06","modified_gmt":"2025-10-20T15:20:06","slug":"pla-dacollida","status":"publish","type":"page","link":"https:\/\/agora.xtec.cat\/iesvilatzara\/el-centre\/cultura-digital\/pla-dacollida\/","title":{"rendered":"Pla d&#8217;acollida digital"},"content":{"rendered":"<h4>Documentaci\u00f3<\/h4>\n<p>A l&#8217;apartat de <a href=\"https:\/\/agora.xtec.cat\/iesvilatzara\/el-centre\/documentacio\/\" target=\"_blank\" rel=\"noopener\">Documents de centre<\/a> es recullen els documents i autoritzacions referents als drets d&#8217;imatge, publicaci\u00f3 de dades de car\u00e0cter personal, material que elabora l&#8217;alumnat i \u00fas de servis i recursos digitals a Internet per treballar a l&#8217;aula.<\/p>\n<p>Per altra banda, per tal de desenvolupar les compet\u00e8ncies digitals i promoure l&#8217;aprenentatge personalitzat de l&#8217;alumnat, des del centre treballem amb ordinadors port\u00e0tils. En aquest sentit, l&#8217;alumnat necessita un ordinador port\u00e0til que pot ser de propietat o b\u00e9 de pr\u00e9stec (nom\u00e9s per l&#8217;alumnat d&#8217;ESO que ho sol\u00b7licita). El comprom\u00eds i \u00fas d&#8217;aquests dispositius de pr\u00e9stec es regula a les Normes d&#8217;Organitzaci\u00f3 i Funcionament de Centre (NOFC).<\/p>\n<h4>Orientacions per la compra d&#8217;un ordinador port\u00e0til<\/h4>\n<p>En general, qualsevol <span class=\"il\">ordinador<\/span> amb capacitat per connectar-se a internet seria suficient. De totes maneres, atenent les orientacions del Pla Digital del Departament d&#8217;Educaci\u00f3 i Formaci\u00f3 Professional us facilitem les seg\u00fcents recomenacions:<\/p>\n<div>\n<ul>\n<li style=\"list-style-type: none;\">\n<ul>\n<li>Un port\u00e0til amb processador\u00a0Intel i5, 8GB de mem\u00f2ria RAM,\u00a0emmagatzematge SSD de 256GB i pantalla Full HD de 14\u2033\u00a0ja seria suficient i c\u00f2mode.<\/li>\n<li>Si es vol fer edici\u00f3 de v\u00eddeo per afici\u00f3, projectes de 3D b\u00e0sic, o producci\u00f3 de so, es pot ampliar a\u00a016 GB de mem\u00f2ria RAM\u00a0i amb una targeta gr\u00e0fica tipus\u00a0GPU discret.<\/li>\n<li>I per alumnat de ci\u00e8ncies, inform\u00e0tica, enginyeries, simulaci\u00f3, programaci\u00f3 avan\u00e7ada, etc. es pot plantejar un processador de 8+\/12+ nuclis, 32-64 GB de mem\u00f2ria RAM, emmagatzematge SSD NVMe de 2 TB, targeta gr\u00e0fica GPU discret, pantalla de 15-17\u2033 amb resoluci\u00f3 QHD i si \u00e9s possible amb opcions d&#8217;actualitzaci\u00f3 (RAM, disc).<\/li>\n<li>Per \u00faltim, us recomanem que valoreu l&#8217;opci\u00f3 d&#8217;ampliar la garantia o b\u00e9 contractar una asseguran\u00e7a addicional que garanteixi la tranquil\u00b7litat davant possibles incid\u00e8ncies o reparacions.<\/li>\n<\/ul>\n<\/li>\n<\/ul>\n<\/div>\n<h4>Pr\u00e9stec d&#8217;ordinadors port\u00e0tils (nom\u00e9s per l&#8217;alumnat d&#8217;ESO que ho sol\u00b7licita)<\/h4>\n<p>El centre posa a disposici\u00f3 ordinadors de pr\u00e9stec a l&#8217;alumnat d&#8217;ESO que s&#8217;incorpora nou al centre. Aquests ordinadors s\u00f3n de propietat del Departament d&#8217;Educaci\u00f3 i Formaci\u00f3 Professional i cal formalitzar-ne la sol\u00b7licitud a trav\u00e9s del document de comprom\u00eds que es facilita a l&#8217;inici de curs.<\/p>\n<p>El pr\u00e9stec d&#8217;un ordinador port\u00e0til comporta els seg\u00fcents passos:<\/p>\n<ul>\n<li style=\"list-style-type: none;\">\n<ul>\n<li>L&#8217;alumnat ha de lliurar el document de comprom\u00eds de pr\u00e9stec al centre.<\/li>\n<li>El centre lliura el port\u00e0til a l&#8217;alumnat.<\/li>\n<li>L&#8217;alumnat signa el rebut on consta la data de lliurament i el codi SACE del port\u00e0til.<\/li>\n<li>El centre lliura a l&#8217;alumnat l&#8217;Identificaci\u00f3 Digital (IDI), codi necessari per l&#8217;acc\u00e9s al port\u00e0til per primera vegada<\/li>\n<li>El centre ajuda a l&#8217;alumnat en la configuraci\u00f3 autom\u00e0tica de la maqueta del port\u00e0til.<\/li>\n<\/ul>\n<\/li>\n<\/ul>\n<h4>Configuraci\u00f3 dels ordinadors port\u00e0tils de l&#8217;alumnat<\/h4>\n<p>Per la configuraci\u00f3 dels ordinadors port\u00e0tils de l&#8217;alumnat, tant si s\u00f3n de propietat com si s\u00f3n de pr\u00e9stec, el centre <span style=\"font-family: inherit; font-size: 1em;\">facilita les dades d&#8217;acc\u00e9s a la xarxa educativa del centre, <\/span><span style=\"font-family: inherit; font-size: 1em;\">el correu electr\u00f2nic corporatiu i <\/span><span style=\"font-family: inherit; font-size: 1em;\">l&#8217;acc\u00e9s als entorns virtuals d&#8217;aprenentatge del centre.<\/span><\/p>\n<h4>Correu corporatiu<\/h4>\n<p>El correu corporatiu <span class=\"\">@vilatzara.com facilitat a tot l&#8217;alumnat permet l&#8217;acc\u00e9s a eines i serveis educatius gestionats pel centre.<\/span><\/p>\n<h4>Entorns virtuals d&#8217;aprenentatge<\/h4>\n<p>Hi ha m\u00faltiples entorns i recursos virtuals d\u2019aprenentatge que el professorat posa a disposici\u00f3 de l\u2019alumnat. El\u00a0<a href=\"https:\/\/educaciodigital.cat\/iesvilatzara\/moodle\/login\/index.php\" target=\"_blank\" rel=\"noopener noreferrer\">moodle<\/a>\u00a0i el\u00a0<a href=\"https:\/\/edu.google.com\/intl\/es-419_ALL\/workspace-for-education\/classroom\/\" target=\"_blank\" rel=\"noopener\">classroom<\/a>\u00a0s\u00f3n els principal entorn on el professorat gestiona els seus propis recursos i activitats d\u2019aprenentatge. Tamb\u00e9 s\u00f3n canals de comunicaci\u00f3 entre el professorat i l\u2019alumnat.<\/p>\n<p>Si teniu qualsevol dubte podeu consultar el canal\u00a0<a href=\"https:\/\/www.youtube.com\/channel\/UCLsDWVSYhjFYweT-LFbIbwA\/playlists\" target=\"_blank\" rel=\"noopener\">Centres en l\u00ednia<\/a>.<\/p>\n<h4>Plataformes de llibres digitals<\/h4>\n<p>Hi ha diverses plataformes segons les editorials dels llibres digitals. Els alumnes disposen d\u2019usuari i contrasenya per accedir a cadascuna d\u2019aquestes plataformes.<\/p>\n<ul>\n<li style=\"list-style-type: none;\">\n<ul>\n<li>Teide<\/li>\n<li>Vicens Vives<\/li>\n<li>McGrawHill<\/li>\n<li>Science Bits<\/li>\n<li>Burlington<\/li>\n<\/ul>\n<\/li>\n<\/ul>\n<h4>Plataforma iEduca (fam\u00edlies)<\/h4>\n<p>La plataforma\u00a0<a href=\"https:\/\/insvilatzara.ieduca.com\/\" target=\"_blank\" rel=\"noopener noreferrer\">iEduca<\/a>\u00a0permet l\u2019accessibilitat d\u2019informaci\u00f3 i comunicaci\u00f3 entre les fam\u00edlies i el centre. L\u2019acc\u00e9s a la plataforma requereix d\u2019un usuari (correu electr\u00f2nic que ens heu facilitat) i contrasenya que es facilita a la reuni\u00f3 d\u2019inici de curs.<\/p>\n<ul>\n<li style=\"list-style-type: none;\">\n<ul>\n<li><a href=\"http:\/\/agora.xtec.cat\/iesvilatzara\/wp-content\/uploads\/usu356\/2018\/09\/Guia-iEduca-per-les-fam%C3%ADlies.pdf\" target=\"_blank\" rel=\"noopener noreferrer\">Guia iEduca per les fam\u00edlies<\/a><\/li>\n<li><a href=\"http:\/\/agora.xtec.cat\/iesvilatzara\/wp-content\/uploads\/usu356\/2018\/09\/Guia-aplicaci%C3%B3-iEduca-Tokapp-v.02.pdf\" target=\"_blank\" rel=\"noopener noreferrer\">Guia aplicaci\u00f3 Tokapp iEduca<\/a><\/li>\n<li><a href=\"http:\/\/agora.xtec.cat\/iesvilatzara\/wp-content\/uploads\/usu356\/2018\/09\/Beneficis-APP-iEduca-per-les-fam%C3%ADlies.pdf\" target=\"_blank\" rel=\"noopener noreferrer\">Beneficis Tokapp iEduca per les fam\u00edlies<\/a><\/li>\n<\/ul>\n<\/li>\n<\/ul>\n<p>Si teniu qualsevol dubte podeu consultar al canal\u00a0<a href=\"https:\/\/www.youtube.com\/channel\/UChsXQ30KxSPCZdBDsBvOTBA\/playlists\" target=\"_blank\" rel=\"noopener noreferrer\">ieduca youtube<\/a>.<\/p>\n<h4>Condicions i recomanacions per al retorn d&#8217;ordinadors de pr\u00e9stec<\/h4>\n<p>Abans de retornar l\u2019ordinador prestat, cal assegurar-se que l\u2019equip es troba en bon estat i llest per a un nou \u00fas. \u00c9s imprescindible netejar la pantalla i el teclat amb un drap suau i productes adequats. Tamb\u00e9, es recomana eliminar tota la informaci\u00f3 personal: esborreu documents emmagatzemats, descarregues, historial de navegaci\u00f3, cookies i qualsevol compte iniciat a l\u2019ordinador. Finalment, recordeu que l\u2019ordinador s\u2019ha de retornar amb el carregador original o equivalent d&#8217;iguals caracter\u00edstiques t\u00e8cniques. El compliment d\u2019aquestes indicacions \u00e9s essencial per garantir un servei de qualitat per a tothom.<\/p>\n<h4>Recull normatiu i recomanacions digitals<\/h4>\n<p><span style=\"font-weight: 400;\">L\u2019\u00fas de tel\u00e8fons m\u00f2bils est\u00e0 restringit per a l\u2019alumnat en tots els espais del centre educatiu. Es recomana que l\u2019alumnat no porti un tel\u00e8fon m\u00f2bil al centre, per\u00f2 en cas de fer-ho l\u2019haur\u00e0 d\u2019apagar en entrar al centre i haur\u00e0 de garantir que resti apagat de manera que no es pugui accedir a les dades personals que el dispositiu emmagatzema. <\/span><\/p>\n<p>A les Normes d&#8217;Organitzaci\u00f3 i Funcionament de Centre (NOFC) publicades a l&#8217;apartat de <a href=\"https:\/\/agora.xtec.cat\/iesvilatzara\/el-centre\/documentacio\/\" target=\"_blank\" rel=\"noopener\">Documents de centre<\/a> s&#8217;especifiquen els usos digitals dels diferents dispositius electr\u00f2nics.<\/p>\n<h4>Suport i orientacions<\/h4>\n<p>El departament d&#8217;educaci\u00f3 ofereix un conjunt d&#8217;<a href=\"https:\/\/educacio.gencat.cat\/ca\/departament\/linies-estrategiques\/pla-educacio-digital\/orientacions\/\" target=\"_blank\" rel=\"noopener\">orientacions<\/a> en relaci\u00f3 a l&#8217;\u00fas de les tecnologies. Tamb\u00e9, us compartim informaci\u00f3 relativa a la <a href=\"https:\/\/projectes.xtec.cat\/digital\/equipaments-i-infraestructures\/infraestructures\/navegacio-segura-dels-equip-dalumnat-quan-es-connecten-des-de-fora-del-centre-educatiu\/\" target=\"_blank\" rel=\"noopener\">n<\/a><span style=\"font-family: inherit; font-size: 1em;\">avegaci\u00f3 segura quan es port\u00e0tils es connecten fora del centre educatiu.<\/span><\/p>\n<div class=\"wp-block-getwid-section alignwide alignfull alignfull getwid-init\">\n<div class=\"wp-block-getwid-section__wrapper\">\n<div class=\"wp-block-getwid-section__inner-wrapper\">\n<div class=\"wp-block-getwid-section__background-holder\">\n<div class=\"wp-block-getwid-section__background\"><\/div>\n<\/div>\n<\/div>\n<\/div>\n<\/div>\n<p>&nbsp;<\/p>\n","protected":false},"excerpt":{"rendered":"<p>Documentaci\u00f3<br \/>\nA l&#8217;apartat de <a href=\"https:\/\/agora.xtec.cat\/iesvilatzara\/el-centre\/documentacio\/\" target=\"_blank\" rel=\"noopener\">Documents de centre<\/a> es recullen els documents i autoritzacions referents als drets d&#8217;imatge, publicaci\u00f3 de dades de car\u00e0cter personal, material que elabora l&#8217;alumnat i \u00fas de servis i recursos digitals a Internet per treballar a l&#8217;aula.<br \/>\nPer altra banda, per&hellip;  <a href=\"https:\/\/agora.xtec.cat\/iesvilatzara\/el-centre\/cultura-digital\/pla-dacollida\/\" title=\"Read Pla d&#8217;acollida digital\">Llegeix m\u00e9s\u00bb<\/a><\/p>\n","protected":false},"author":1,"featured_media":0,"parent":24395,"menu_order":20,"comment_status":"closed","ping_status":"closed","template":"","meta":{"_bbp_topic_count":0,"_bbp_reply_count":0,"_bbp_total_topic_count":0,"_bbp_total_reply_count":0,"_bbp_voice_count":0,"_bbp_anonymous_reply_count":0,"_bbp_topic_count_hidden":0,"_bbp_reply_count_hidden":0,"_bbp_forum_subforum_count":0,"footnotes":""},"class_list":["post-24752","page","type-page","status-publish","hentry"],"post_mailing_queue_ids":[],"_links":{"self":[{"href":"https:\/\/agora.xtec.cat\/iesvilatzara\/wp-json\/wp\/v2\/pages\/24752","targetHints":{"allow":["GET"]}}],"collection":[{"href":"https:\/\/agora.xtec.cat\/iesvilatzara\/wp-json\/wp\/v2\/pages"}],"about":[{"href":"https:\/\/agora.xtec.cat\/iesvilatzara\/wp-json\/wp\/v2\/types\/page"}],"author":[{"embeddable":true,"href":"https:\/\/agora.xtec.cat\/iesvilatzara\/wp-json\/wp\/v2\/users\/1"}],"replies":[{"embeddable":true,"href":"https:\/\/agora.xtec.cat\/iesvilatzara\/wp-json\/wp\/v2\/comments?post=24752"}],"version-history":[{"count":6,"href":"https:\/\/agora.xtec.cat\/iesvilatzara\/wp-json\/wp\/v2\/pages\/24752\/revisions"}],"predecessor-version":[{"id":29144,"href":"https:\/\/agora.xtec.cat\/iesvilatzara\/wp-json\/wp\/v2\/pages\/24752\/revisions\/29144"}],"up":[{"embeddable":true,"href":"https:\/\/agora.xtec.cat\/iesvilatzara\/wp-json\/wp\/v2\/pages\/24395"}],"wp:attachment":[{"href":"https:\/\/agora.xtec.cat\/iesvilatzara\/wp-json\/wp\/v2\/media?parent=24752"}],"curies":[{"name":"wp","href":"https:\/\/api.w.org\/{rel}","templated":true}]}}