{"id":21242,"date":"2021-10-06T12:57:19","date_gmt":"2021-10-06T10:57:19","guid":{"rendered":"https:\/\/agora.xtec.cat\/iesvilatzara\/?page_id=21242"},"modified":"2025-10-09T13:28:05","modified_gmt":"2025-10-09T11:28:05","slug":"activitats-i-sortides","status":"publish","type":"page","link":"https:\/\/agora.xtec.cat\/iesvilatzara\/el-centre\/activitats-i-sortides\/","title":{"rendered":"Activitats i sortides"},"content":{"rendered":"<h3>Curs 2025-2026<\/h3>\n<p style=\"text-align: justify;\">Us detallem el llistat d&#8217;activitats i sortides previstes per al curs 2025-2026. Aquest llistat inclou activitats, sortides, tallers, xerrades, concursos i col\u00f2nies. Aquestes activitats han estat consensuades amb el claustre i aprovades pel Consell Escolar.<\/p>\n<h3>1r d&#8217;ESO<strong>\u00a0 \u00a0 \u00a0 \u00a0 \u00a0 \u00a0 \u00a0 \u00a0\u00a0<\/strong><\/h3>\n<ul>\n<li style=\"list-style-type: none;\">\n<ul>\n<li>Sortida de tutoria i cohesi\u00f3 de grup a Can Mogent de Llinars del Vall\u00e9s.<\/li>\n<li>Sortida al Palau de la M\u00fasica de Barcelona i espectacle Jazz &amp; Swing per gaudir de la m\u00fasica en directe.<\/li>\n<li>Sortida a Gav\u00e0 per fer un taller d&#8217;arqueologia prehist\u00f2rica i ampliar els continguts treballats a l&#8217;aula.<\/li>\n<li>Sortida al teatre Goya per veure l&#8217;obra <em>Spasticity<\/em>.<\/li>\n<li>Sortida al Sal\u00f3 del c\u00f2mic de Barcelona, festival internacional de la cultura del c\u00f2mic i la novel\u00b7la gr\u00e0fica.<\/li>\n<li>Sortida al Club N\u00e0utic de Vilassar de Mar per fer activitats aqu\u00e0tiques.<\/li>\n<li>Taller de benestar emocional per fomentar la valoraci\u00f3 personal i de grup, refor\u00e7ar l\u2019autoestima i els comportaments assertius i millorar la confian\u00e7a i seguretat.<\/li>\n<li>Activitats competencials de l&#8217;\u00e0mbit cient\u00edfic per con\u00e8ixer els ecosistemes marins de Vilassar de Mar.<\/li>\n<li>Activitats competencials de matem\u00e0tiques pel municipi per mesurar i calcular \u00e0rees i estudiar les formes de l&#8217;entorn.<\/li>\n<li>Activitat en 3D sobre art rupestre. Els ulls de la hist\u00f2ria.<\/li>\n<li>Xerrada cultural en angl\u00e8s a la sala d&#8217;actes del centre.<\/li>\n<li>Xerrada d&#8217;autors a les aules.<\/li>\n<li>Concurs Fem matem\u00e0tiques.<\/li>\n<li>Certamen Mostra Liter\u00e0ria Moss\u00e8n Pere Ribot.<\/li>\n<li>Col\u00f2nies a El Port del Compte.<\/li>\n<\/ul>\n<\/li>\n<\/ul>\n<h3>2n d&#8217;ESO<\/h3>\n<ul>\n<li style=\"list-style-type: none;\">\n<ul>\n<li>Activitat de m\u00e0gia amb el <em>Magic teacher<\/em> a la sala d&#8217;actes de l&#8217;Institut<\/li>\n<li>Activitat Phonetique et chansons per millorar la pronuncia en llengua francesa.<\/li>\n<li>Sortida de Ci\u00e8ncies Socials a Besal\u00fa per ampliar els coneixements d&#8217;\u00e8poca medieval.<\/li>\n<li>Sortida de tutoria per fer cohesi\u00f3 de grup a la Granja de Sta. Maria de Palautordera<\/li>\n<li>Sortida al teatre Condal per veure l&#8217;obra <em>Germans de sang<\/em>.<\/li>\n<li>Sortida de m\u00fasica per fer audicions de pel\u00b7l\u00edcules i treballar els g\u00e8neres del cinema<\/li>\n<li>Sortida al Cosmocaixa<\/li>\n<li>Sortida a l&#8217;Institut Fran\u00e7ais per veure un documental en llengua francesa i participar del cinef\u00f2rum<\/li>\n<li>Xerrada sobre el consum d&#8217;alcohol i l&#8217;assertivitat<\/li>\n<li>Xerrada sobre la selecci\u00f3 natural i l&#8217;assetjament<\/li>\n<li>Xerrada sobre sexualitat<\/li>\n<li>Xerrada d&#8217;autors a les aules<\/li>\n<li>Col\u00f2nies al Delta de l&#8217;Ebre.<\/li>\n<li>Concurs Fem matem\u00e0tiques<\/li>\n<\/ul>\n<\/li>\n<\/ul>\n<h3>3r d&#8217;ESO<\/h3>\n<ul>\n<li style=\"list-style-type: none;\">\n<ul>\n<li>Sortida de tutoria i cohesi\u00f3 de grup a la Granja de Santa Maria de Palautordera<\/li>\n<li>Sortida de Visual i Pl\u00e0stica al centre Ideal, una experi\u00e8ncia immersiva<\/li>\n<li>Sortida a el Prat de Llobregat per visitar el Delta i treballar els continguts de Ci\u00e8ncies socials<\/li>\n<li>Sortida al Montseny per con\u00e8ixer i estudiar la vegetaci\u00f3 de ribera<\/li>\n<li>Sortida al teatre Poliorama per veure l&#8217;obra\u00a0<em>Pots ser tu, puc ser jo<\/em><\/li>\n<li>Sortida final de curs a Water world<\/li>\n<li>Xerrada de tutoria sobre l&#8217;alcohol i tabac<\/li>\n<li>Xerrada i taller <em>Per qu\u00e8 no contestes?<\/em> amb l&#8217;objectiu de reflexiona les viol\u00e8ncies de g\u00e8nere<\/li>\n<li>Xerrada i taller sobre la sexualitat<\/li>\n<li>Xerrada i taller sobre gesti\u00f3 emocional<\/li>\n<li>Xerrada d&#8217;autors a les aules<\/li>\n<li>Activitats esportives a la Genera<\/li>\n<li>Intercanvis ling\u00fc\u00edstics<\/li>\n<\/ul>\n<\/li>\n<\/ul>\n<h3>4t d&#8217;ESO<\/h3>\n<ul>\n<li style=\"list-style-type: none;\">\n<ul style=\"list-style-type: circle;\">\n<li style=\"text-align: left;\">Sortida de Visual i Pl\u00e0stica al museu de l&#8217;estampaci\u00f3 de Premi\u00e0 de Mar<\/li>\n<li>Sortida al Cosmocaixa per tal de fer un taller de qu\u00edmica<\/li>\n<li>Sortida a la zona volc\u00e0nica i geoparc Catalunya central<\/li>\n<li>Sortida de Cultura Cl\u00e0ssica al Teatre joventut de l&#8217;Hospitalet de Llobregat per veure l&#8217;obra\u00a0<em>La Mostellaria\u00a0<\/em>de Plaute<\/li>\n<li>Sortida al teatre Poliorama per veure l&#8217;obra <em>Alan<\/em><\/li>\n<li>Sortida a Port Aventura<\/li>\n<li>Sortida de conviv\u00e8ncia a la neu<\/li>\n<li>Sortida al mercat municipal de Vilassar de Mar<\/li>\n<li>Sortida al castell de Burriac<\/li>\n<li>Activitat Phonetique et chansons per millorar la pronuncia en llengua francesa<\/li>\n<li>Activitat de teatre en angl\u00e8s\u00a0<em>Dr Jeckill i Mr. Hide<\/em><\/li>\n<li>Activitat Cantologia de la poes\u00eda espa\u00f1ola<\/li>\n<li>Activitats d&#8217;orientaci\u00f3 acad\u00e8mica<\/li>\n<li>Xerrada descobrim la sexualitat.<\/li>\n<li>Xerrada sobre la transici\u00f3 energ\u00e8tica<\/li>\n<li>Xerrada d&#8217;autors a les aules<\/li>\n<li>Teatre La corda i taller sobre la igualtat de g\u00e8nere<\/li>\n<li>Participaci\u00f3 a la Tert\u00falia jove de Vilassar R\u00e0dio<\/li>\n<\/ul>\n<\/li>\n<\/ul>\n<h3>1r Batxillerat<\/h3>\n<ul>\n<li style=\"list-style-type: none;\">\n<ul style=\"list-style-type: circle;\">\n<li>Sortida Museu Arqueol\u00f2gic de Barcelona<\/li>\n<li>Sortida Museu Rom\u00e0 de Badalona<\/li>\n<li>Sortida Ruta liter\u00e0ria medieval a Barcelona<\/li>\n<li>Sortida Ruta liter\u00e0ria <em>Don Quijote en Barcelona<\/em><\/li>\n<li>Sortida al teatre Goya per veure l&#8217;obra\u00a0<em>Les dones s\u00e0vies<\/em><\/li>\n<li>Sortida a les instal\u00b7lacions Aig\u00fces del Prat<\/li>\n<li>Sortida a la Pedrera de Barcelona<\/li>\n<li>Xerrada sobre energies renovables a la Mina vella de Vilassar de Mar<\/li>\n<li>Xerrada sobre salut sexual i reproductiva en el marc de <em>La Marat\u00f3 de TV3<\/em><\/li>\n<li>Xerrada sobre sobirania aliment\u00e0ria<\/li>\n<li>Xerrada tem\u00e0tica de <em>La Marat\u00f3 de TV3<\/em><\/li>\n<li>Viatge d&#8217;estudis a It\u00e0lia<\/li>\n<\/ul>\n<\/li>\n<\/ul>\n<h3>2n Batxillerat<\/h3>\n<ul>\n<li style=\"list-style-type: none;\">\n<ul style=\"list-style-type: circle;\">\n<li>Sortida per visitar la Barcelona Romana<\/li>\n<li>Sortida a la Pedrera de Barcelona<\/li>\n<li>Sortida al MNAC a Barcelona<\/li>\n<li>Sortida al museu HUB<\/li>\n<li>Sortida Ruta liter\u00e0ria a Barcelona<\/li>\n<li>Sortida a la Jonquera i Cotlliure per visitar la ruta de l&#8217;exili<\/li>\n<li>Visita al museu Monjo de Vilassar de Mar<\/li>\n<li>Visita a la Universitat Aut\u00f2noma de Barcelona<\/li>\n<li>Xerrades amb les universitats: UB, UPF, UdL<\/li>\n<li>Xerrada tem\u00e0tica de <em>La Marat\u00f3 de TV3<\/em><\/li>\n<li>Camp d&#8217;aprenentatge Barruera<\/li>\n<\/ul>\n<\/li>\n<\/ul>\n","protected":false},"excerpt":{"rendered":"<p>Curs 2025-2026<br \/>\nUs detallem el llistat d&#8217;activitats i sortides previstes per al curs 2025-2026. Aquest llistat inclou activitats, sortides, tallers, xerrades, concursos i col\u00f2nies. Aquestes activitats han estat consensuades amb el claustre i aprovades pel Consell Escolar.<br \/>\n1r d&#8217;ESO\u00a0 \u00a0 \u00a0 \u00a0 \u00a0 \u00a0 \u00a0 \u00a0\u00a0<\/p>\n<ul>\n<li style=\"list-style-type:&hellip;  <a href=\"https:\/\/agora.xtec.cat\/iesvilatzara\/el-centre\/activitats-i-sortides\/\" title=\"Read Activitats i sortides\">Llegeix m\u00e9s\u00bb<\/a><br \/>\n","protected":false},"author":6,"featured_media":0,"parent":19,"menu_order":55,"comment_status":"closed","ping_status":"closed","template":"","meta":{"_bbp_topic_count":0,"_bbp_reply_count":0,"_bbp_total_topic_count":0,"_bbp_total_reply_count":0,"_bbp_voice_count":0,"_bbp_anonymous_reply_count":0,"_bbp_topic_count_hidden":0,"_bbp_reply_count_hidden":0,"_bbp_forum_subforum_count":0,"footnotes":""},"class_list":["post-21242","page","type-page","status-publish","hentry"],"post_mailing_queue_ids":[],"_links":{"self":[{"href":"https:\/\/agora.xtec.cat\/iesvilatzara\/wp-json\/wp\/v2\/pages\/21242","targetHints":{"allow":["GET"]}}],"collection":[{"href":"https:\/\/agora.xtec.cat\/iesvilatzara\/wp-json\/wp\/v2\/pages"}],"about":[{"href":"https:\/\/agora.xtec.cat\/iesvilatzara\/wp-json\/wp\/v2\/types\/page"}],"author":[{"embeddable":true,"href":"https:\/\/agora.xtec.cat\/iesvilatzara\/wp-json\/wp\/v2\/users\/6"}],"replies":[{"embeddable":true,"href":"https:\/\/agora.xtec.cat\/iesvilatzara\/wp-json\/wp\/v2\/comments?post=21242"}],"version-history":[{"count":7,"href":"https:\/\/agora.xtec.cat\/iesvilatzara\/wp-json\/wp\/v2\/pages\/21242\/revisions"}],"predecessor-version":[{"id":29113,"href":"https:\/\/agora.xtec.cat\/iesvilatzara\/wp-json\/wp\/v2\/pages\/21242\/revisions\/29113"}],"up":[{"embeddable":true,"href":"https:\/\/agora.xtec.cat\/iesvilatzara\/wp-json\/wp\/v2\/pages\/19"}],"wp:attachment":[{"href":"https:\/\/agora.xtec.cat\/iesvilatzara\/wp-json\/wp\/v2\/media?parent=21242"}],"curies":[{"name":"wp","href":"https:\/\/api.w.org\/{rel}","templated":true}]}}