{"id":1636,"date":"2016-04-15T08:57:34","date_gmt":"2016-04-15T07:57:34","guid":{"rendered":"http:\/\/agora.xtec.cat\/iesvilatzara\/?page_id=1636"},"modified":"2026-02-22T13:17:03","modified_gmt":"2026-02-22T12:17:03","slug":"presinscripcio-batxillerat","status":"publish","type":"page","link":"https:\/\/agora.xtec.cat\/iesvilatzara\/el-centre\/preinscripcio-i-matricula\/presinscripcio-batxillerat\/","title":{"rendered":"Preinscripci\u00f3 Batxillerat"},"content":{"rendered":"<h3><a href=\"https:\/\/preinscripcio.gencat.cat\/ca\/inici\" target=\"_blank\" rel=\"noopener\">Curs 2026-2027<\/a><\/h3>\n<h3 style=\"text-align: justify;\"><span style=\"color: #333333;\">Calendari<strong><br \/>\n<\/strong><\/span><\/h3>\n<ul style=\"text-align: justify;\">\n<li><span style=\"color: #333333;\"><strong>Publicaci\u00f3 de l&#8217;oferta inicial<\/strong><\/span>\n<ul>\n<li><span style=\"color: #333333;\">8 d&#8217;abril de 2026<\/span><\/li>\n<\/ul>\n<\/li>\n<li><span style=\"color: #333333;\"><strong>Presentaci\u00f3 de sol\u00b7licituds<\/strong><\/span>\n<ul>\n<li><span style=\"color: #333333;\">Del 9 al 16 d&#8217;abril de 2026 ambd\u00f3s inclosos<\/span><\/li>\n<li><span style=\"color: #333333;\">Termini per presentar documentaci\u00f3 fins al 17 de mar\u00e7 de 2026<\/span><\/li>\n<\/ul>\n<\/li>\n<li><span style=\"color: #333333;\"><strong>Publicaci\u00f3 de la llista de sol\u00b7licituds amb puntuaci\u00f3 provisional<\/strong><\/span>\n<ul>\n<li><span style=\"color: #333333;\">14 de maig de 2026<\/span><\/li>\n<\/ul>\n<\/li>\n<li><span style=\"color: #333333;\"><strong>Per\u00edode de reclamacions<\/strong><\/span>\n<ul style=\"text-align: justify;\">\n<li><span style=\"color: #333333;\">Per\u00edode de reclamacions del 14 al 20 de maig de 2026<\/span><\/li>\n<li><span style=\"color: #333333;\">Llista de sol\u00b7licituds amb la puntuaci\u00f3 un cop resoltes les reclamacions: 26 de maig de 2026<\/span><\/li>\n<\/ul>\n<\/li>\n<li><span style=\"color: #333333;\"><strong>Publicaci\u00f3 de la llista d&#8217;admesos i llista d&#8217;espera<\/strong><\/span>\n<ul>\n<li><span style=\"color: #333333;\">17 de juny de 2025<\/span><\/li>\n<\/ul>\n<\/li>\n<li><span style=\"color: #333333;\"><strong>Per\u00edode de matr\u00edcula <\/strong><\/span>\n<ul>\n<li><span style=\"color: #333333;\">Del 18 al 30 de juny de 2025 ambd\u00f3s inclosos<\/span><\/li>\n<\/ul>\n<\/li>\n<\/ul>\n<h3 style=\"text-align: justify;\"><span style=\"color: #333333;\"><strong>Presentaci\u00f3 de sol\u00b7licituds<\/strong><\/span><\/h3>\n<ul>\n<li><span style=\"color: #333333;\"><strong>Eina d&#8217;identificaci\u00f3 digital:<\/strong> \u00c9s m\u00e9s segur que quan facis el tr\u00e0mit tinguis una eina d&#8217;identificaci\u00f3 digital. Et recomanem l&#8217;<a style=\"color: #333333;\" title=\"idCAT M\u00f2bil\" href=\"https:\/\/web.gencat.cat\/ca\/tramits\/que-cal-fer-si\/Vull-identificar-me-digitalment\/idcat-mobil\/\" target=\"_blank\" rel=\"noopener\">idCAT M\u00f2bil<\/a>\u00a0per la seva facilitat d&#8217;obtenci\u00f3 i d&#8217;\u00fas. Pots utilitzar tamb\u00e9 qualsevol certificat digital i Cl@ve. Si no t&#8217;has identificat digitalment, omple totes les dades personals que se&#8217;t demanin, tamb\u00e9 l&#8217;adre\u00e7a electr\u00f2nica i el tel\u00e8fon de contacte.<\/span><\/li>\n<li><span style=\"color: #333333;\"><strong>Codi identificador del Registre d&#8217;alumnes de Catalunya (RALC) de l&#8217;alumne o alumna:<\/strong> Aquest codi, el pots consultar amb identificaci\u00f3 electr\u00f2nica des d&#8217;aquest mateix web, a l&#8217;apartat\u00a0<a style=\"color: #333333;\" title=\"Consulta de l'identificador de l'alumne\" href=\"http:\/\/educacio.gencat.cat\/ca\/tramits\/tramits-temes\/identificador-alumne\" target=\"_blank\" rel=\"noopener\">Consulta de l&#8217;identificador de l&#8217;alumne<\/a>. Si el teu fill o filla no t\u00e9 codi d&#8217;identificador del Registre d&#8217;alumnes de Catalunya (RALC), omple totes les dades personals que se&#8217;t demanin.<\/span><\/li>\n<li><span style=\"color: #333333;\"><strong>Documentaci\u00f3 digitalitzada:<\/strong>\u00a0Hi ha documentaci\u00f3 que no cal que presentis, perqu\u00e8 es fan consultes interadministratives. Per\u00f2 si n&#8217;has de presentar, l&#8217;has d&#8217;adjuntar a la sol\u00b7licitud digitalitzada (mitjan\u00e7ant un esc\u00e0ner o una fotografia).<\/span><\/li>\n<\/ul>\n<h3 style=\"text-align: justify;\"><span style=\"color: #333333;\">Centres i ensenyaments adscrits<\/span><\/h3>\n<ul>\n<li><span style=\"color: #333333;\"><strong>Institut &#8211; Escola El Pla de l&#8217;Avell\u00e0<\/strong> (codi centre: 08059779)<\/span><\/li>\n<\/ul>\n<h3 style=\"text-align: justify;\"><span style=\"color: #333333;\"><strong>Criteris prioritaris i complementaris<\/strong><\/span><\/h3>\n<h5 style=\"text-align: justify;\"><span style=\"color: #333333;\"><strong>Criteris prioritaris<\/strong><\/span><\/h5>\n<ul style=\"text-align: justify;\">\n<li><span style=\"color: #333333;\">Germans escolaritzats al centre: <strong>50 punts<\/strong><\/span><\/li>\n<li><span style=\"color: #333333;\">Proximitat geogr\u00e0fica del domicili habitual de l&#8217;alumne al centre (Vilassar de Mar):<\/span>\n<ul>\n<li><span style=\"color: #333333;\">Quan el domicili habitual es troba a la zona educativa del centre: <strong>30 punts<\/strong><\/span>\n<ul>\n<li><span style=\"color: #333333;\">Es comprova amb el DNI\/NIE. Si no coincideix \u00e9s necessari certificat municipal de conviv\u00e8ncia<\/span><\/li>\n<\/ul>\n<\/li>\n<li><span style=\"color: #333333;\">Quan es pren en consideraci\u00f3 el lloc de treball del pare\/mare: <strong>20 punts<\/strong><\/span>\n<ul>\n<li><span style=\"color: #333333;\">S&#8217;ha d&#8217;aportar contracte de treball o certificat de l&#8217;empresa.<\/span><\/li>\n<\/ul>\n<\/li>\n<\/ul>\n<\/li>\n<li><span style=\"color: #333333;\">Renda garantida de ciutadania: <strong>15 punts<\/strong><\/span>\n<ul>\n<li><span style=\"color: #333333;\">Acreditaci\u00f3 de ser beneficiari de la prestaci\u00f3 econ\u00f2mica de la <a style=\"color: #333333;\" href=\"https:\/\/treballiaferssocials.gencat.cat\/ca\/ambits_tematics\/pobresa_i_inclusio_social\/renda_garantida_ciutadania\" target=\"_blank\" rel=\"noopener noreferrer\">renda garantida<\/a> de ciutadania.<\/span><\/li>\n<\/ul>\n<\/li>\n<li>Certificat acad\u00e8mic de la qualificaci\u00f3 mitjana dels estudis que en permeten l&#8217;acc\u00e9s: <strong>Se suma la qualificaci\u00f3 mitjana dels estudis que permeten l&#8217;acc\u00e9s a batxillerat<\/strong>\n<ul>\n<li style=\"text-align: justify;\"><strong><em>Important<\/em>:<\/strong> <em>En el cas d&#8217;alumnes que han finalitzat l&#8217;ESO a Catalunya a partir el curs 2017\/2018 o que actualment cursen 4t d&#8217;ESO a Catalunya, NO cal presentar cap certificat de la qualificaci\u00f3 mitjana d&#8217;expedient, ja que s&#8217;obt\u00e9 de les bases de dades del Departament d&#8217;Educaci\u00f3 i Formaci\u00f3 Professional.<\/em><\/li>\n<\/ul>\n<\/li>\n<\/ul>\n<h5 style=\"text-align: justify;\"><span style=\"color: #333333;\"><strong>Criteris complementaris<\/strong><\/span><\/h5>\n<ul>\n<li><span style=\"color: #333333;\">Discapacitat igual o superior al 33% de l&#8217;alumne, pare\/mare o germans: <strong>15 punts<\/strong><\/span><\/li>\n<li><span style=\"color: #333333;\">Criteri del pare, mare o el tutor o tutora legal que treballa al centre educatiu: <strong>10 punts<\/strong><\/span><\/li>\n<li><span style=\"color: #333333;\">Fam\u00edlia nombrosa o monoparental<span style=\"font-family: inherit; font-size: 1em;\">: <strong>10 punts.<\/strong><\/span><\/span><\/li>\n<li><span style=\"color: #333333;\">Ser bess\u00f3 o trigemin. Quan l&#8217;alumne\/a hagi nascut en un part m\u00faltiple: <strong>10 punts<\/strong><\/span><\/li>\n<li><span style=\"color: #333333;\">Quan l&#8217;alumne o alumna es troba en\u00a0situaci\u00f3 d&#8217;acolliment familiar:\u00a0<strong>10 punts<\/strong><\/span><\/li>\n<li><span style=\"color: #333333;\">Condici\u00f3 de v\u00edctima de viol\u00e8ncia de\u00a0g\u00e8nere o de terrorisme: <strong>10 punts<\/strong><\/span><\/li>\n<\/ul>\n<p><span style=\"color: #333333;\">La documentaci\u00f3 acreditativa dels criteris prioritaris\u00a0i complementaris s&#8217;ha d&#8217;adjuntar amb la sol\u00b7licitud de preinscripci\u00f3 dins el per\u00edode establert.<\/span><\/p>\n<h3 style=\"text-align: justify;\"><span style=\"color: #333333;\">Concrecions<\/span><\/h3>\n<ul>\n<li><span style=\"color: #333333;\">Nom\u00e9s es pot presentar una sol\u00b7licitud de preinscripci\u00f3 per alumne\/a per\u00f2 s&#8217;hi poden indicar peticions d&#8217;admissi\u00f3 en diversos centres.<\/span><\/li>\n<li><span style=\"color: #333333;\">La consulta de resultats es podr\u00e0 fer a trav\u00e9s de <a style=\"color: #333333;\" href=\"https:\/\/preinscripcio.gencat.cat\/ca\/estudis\/eso\/preinscriute\/seguiment-sollicitud\/llista-sollicituds-puntuacio\/\" target=\"_blank\" rel=\"noopener noreferrer\">preinscripcio.gencat.cat<\/a> amb el codi de sol\u00b7licitud i el n\u00famero del DNI de la persona que ha formalitzat la sol\u00b7licitud.<\/span><\/li>\n<li><span style=\"color: #333333;\">En cas de dubtes us podem assessorar a trav\u00e9s de suport telef\u00f2nic al 937506366 o suport per correu electr\u00f2nic a <a style=\"color: #333333;\" href=\"mailto:iesvilatzara@xtec.cat\" target=\"_blank\" rel=\"noopener\">iesvilatzara@xtec.cat<\/a>, de 9h a 14h.<\/span><\/li>\n<\/ul>\n<h3 style=\"text-align: justify;\"><span style=\"color: #333333;\">Normativa<\/span><\/h3>\n<ul>\n<li><span style=\"color: #333333;\"><a style=\"color: #333333;\" href=\"https:\/\/portaldogc.gencat.cat\/utilsEADOP\/PDF\/9601\/2133814.pdf\" target=\"_blank\" rel=\"noopener\">Resoluci\u00f3 EDF\/293\/2026<\/a>, de 6 de febrer, per la qual s&#8217;aproven les normes de preinscripci\u00f3 i matr\u00edcula d&#8217;alumnes als centres del Servei d&#8217;Educaci\u00f3 de Catalunya i altres centres educatius, en els diversos ensenyaments sostinguts amb fons p\u00fablics, per al curs 2026-2027.<\/span><\/li>\n<\/ul>\n<h3 style=\"text-align: justify;\"><span style=\"color: #333333;\">Altres enlla\u00e7os d&#8217;inter\u00e8s<\/span><\/h3>\n<ul>\n<li><span style=\"color: #333333;\"><a style=\"color: #333333;\" href=\"https:\/\/preinscripcio.gencat.cat\/ca\/estudis\/eso\/ajuda\/pindoles-multimedia\/\" target=\"_blank\" rel=\"noopener\">P\u00edndoles multim\u00e8dia<\/a><\/span><\/li>\n<li><span style=\"color: #333333;\"><a style=\"color: #333333;\" href=\"http:\/\/mapaescolar.gencat.cat\/\" target=\"_blank\" rel=\"noopener\">Mapa escolar de Catalunya<\/a><\/span><\/li>\n<\/ul>\n","protected":false},"excerpt":{"rendered":"<p><a href=\"https:\/\/preinscripcio.gencat.cat\/ca\/inici\" target=\"_blank\" rel=\"noopener\">Curs 2026-2027<\/a><br \/>\nCalendari<\/p>\n<ul style=\"text-align: justify;\">\n<li>Publicaci\u00f3 de l&#8217;oferta inicial\n<ul>\n<li>8 d&#8217;abril de 2026<\/li>\n<\/ul>\n<\/li>\n<li>Presentaci\u00f3 de sol\u00b7licituds\n<ul>\n<li>Del 9 al 16 d&#8217;abril de 2026 ambd\u00f3s inclosos<\/li>\n<li>Termini per presentar documentaci\u00f3 fins al 17 de mar\u00e7 de 2026<\/li>\n<\/ul>\n<\/li>\n<li>Publicaci\u00f3 de la llista de sol\u00b7licituds amb puntuaci\u00f3 provisional\n<ul>\n<li>14 de maig de 2026<\/li>\n<\/ul>\n<\/li>\n<li>Per\u00edode&hellip;  <a href=\"https:\/\/agora.xtec.cat\/iesvilatzara\/el-centre\/preinscripcio-i-matricula\/presinscripcio-batxillerat\/\" title=\"Read Preinscripci\u00f3 Batxillerat\">Llegeix m\u00e9s\u00bb<\/a><br \/>\n","protected":false},"author":1,"featured_media":0,"parent":992,"menu_order":20,"comment_status":"closed","ping_status":"closed","template":"","meta":{"_bbp_topic_count":0,"_bbp_reply_count":0,"_bbp_total_topic_count":0,"_bbp_total_reply_count":0,"_bbp_voice_count":0,"_bbp_anonymous_reply_count":0,"_bbp_topic_count_hidden":0,"_bbp_reply_count_hidden":0,"_bbp_forum_subforum_count":0,"footnotes":""},"class_list":["post-1636","page","type-page","status-publish","hentry"],"post_mailing_queue_ids":[],"_links":{"self":[{"href":"https:\/\/agora.xtec.cat\/iesvilatzara\/wp-json\/wp\/v2\/pages\/1636","targetHints":{"allow":["GET"]}}],"collection":[{"href":"https:\/\/agora.xtec.cat\/iesvilatzara\/wp-json\/wp\/v2\/pages"}],"about":[{"href":"https:\/\/agora.xtec.cat\/iesvilatzara\/wp-json\/wp\/v2\/types\/page"}],"author":[{"embeddable":true,"href":"https:\/\/agora.xtec.cat\/iesvilatzara\/wp-json\/wp\/v2\/users\/1"}],"replies":[{"embeddable":true,"href":"https:\/\/agora.xtec.cat\/iesvilatzara\/wp-json\/wp\/v2\/comments?post=1636"}],"version-history":[{"count":7,"href":"https:\/\/agora.xtec.cat\/iesvilatzara\/wp-json\/wp\/v2\/pages\/1636\/revisions"}],"predecessor-version":[{"id":29830,"href":"https:\/\/agora.xtec.cat\/iesvilatzara\/wp-json\/wp\/v2\/pages\/1636\/revisions\/29830"}],"up":[{"embeddable":true,"href":"https:\/\/agora.xtec.cat\/iesvilatzara\/wp-json\/wp\/v2\/pages\/992"}],"wp:attachment":[{"href":"https:\/\/agora.xtec.cat\/iesvilatzara\/wp-json\/wp\/v2\/media?parent=1636"}],"curies":[{"name":"wp","href":"https:\/\/api.w.org\/{rel}","templated":true}]}}