{"id":77,"date":"2014-09-18T10:29:25","date_gmt":"2014-09-18T08:29:25","guid":{"rendered":"http:\/\/agora.xtec.cat\/iesvilamajor\/?page_id=77"},"modified":"2024-07-11T08:42:45","modified_gmt":"2024-07-11T06:42:45","slug":"transport-escolar","status":"publish","type":"page","link":"https:\/\/agora.xtec.cat\/iesvilamajor\/infoalumnat-families\/transport-escolar\/","title":{"rendered":"Transport escolar"},"content":{"rendered":"<table style=\"height: 288px; width: 100%; border-collapse: collapse; background-color: #8aba07;\">\n<tbody>\n<tr style=\"height: 288px;\">\n<td style=\"width: 100%; height: 288px;\">\n<h4 style=\"text-align: center;\"><strong>EL TRANSPORT ESCOLAR \u00c9S RESPONSABILITAT DEL CONSELL COMARCAL DEL VALL\u00c8S ORIENTAL<\/strong><\/h4>\n<hr \/>\n<h4 style=\"text-align: center;\"><span style=\"color: #000000;\"><a style=\"color: #000000;\" href=\"https:\/\/agora.xtec.cat\/iesvilamajor\/elnostrecentre\/documentacio\/\" target=\"_blank\" rel=\"noopener\"><strong>NOFC: PLA DE FUNCIONAMENT DEL SERVEI DE TRANSPORT ESCOLAR<\/strong> <\/a><\/span><\/h4>\n<p style=\"text-align: center;\"><strong>PER QUALSEVOL Q\u00dcESTI\u00d3 O DUBTE RELATIU AL TRANSPORT CAL ADRE\u00c7AR-SE AL CORREU\u00a0 A<\/strong><\/p>\n<p style=\"text-align: center;\"><span style=\"color: #390076;\"><em>transportescolar<span class=\"atwho-query\">@vallesoriental.cat<\/span><\/em><\/span><\/p>\n<p style=\"text-align: center;\">Tamb\u00e9 podeu mirar la nostra p\u00e0gina web <a href=\"http:\/\/www.vallesoriental.cat\/ambits\/ensenyament\/servei-de-transport-escolar\/\" target=\"_blank\" rel=\"noopener\"><strong><em>clicant aqu\u00ed<\/em><\/strong><\/a> on est\u00e0 tot explicat<\/p>\n<h2 style=\"text-align: center;\"><span style=\"color: #800080;\"><a style=\"color: #800080;\" href=\"https:\/\/www.vallesoriental.cat\/ambits\/2197-educacio\/transport-escolar\/curs-2425\/\" target=\"_blank\" rel=\"noopener\"><strong>Instruccions per a la sol\u00b7licitud de transport escolar curs 2024-2025<\/strong><\/a><\/span><\/h2>\n<p>&nbsp;<\/td>\n<\/tr>\n<\/tbody>\n<\/table>\n","protected":false},"excerpt":{"rendered":"<p>EL TRANSPORT ESCOLAR \u00c9S RESPONSABILITAT DEL CONSELL COMARCAL DEL VALL\u00c8S ORIENTAL NOFC: PLA DE FUNCIONAMENT DEL SERVEI DE TRANSPORT ESCOLAR PER QUALSEVOL Q\u00dcESTI\u00d3 O DUBTE RELATIU AL TRANSPORT CAL ADRE\u00c7AR-SE AL CORREU\u00a0 A transportescolar@vallesoriental.cat Tamb\u00e9 podeu mirar la nostra p\u00e0gina web clicant aqu\u00ed on est\u00e0 tot explicat Instruccions per a la sol\u00b7licitud de transport escolar [&hellip;]<\/p>\n","protected":false},"author":1,"featured_media":0,"parent":63,"menu_order":60,"comment_status":"closed","ping_status":"closed","template":"page-templates\/side-menu.php","meta":{"_bbp_topic_count":0,"_bbp_reply_count":0,"_bbp_total_topic_count":0,"_bbp_total_reply_count":0,"_bbp_voice_count":0,"_bbp_anonymous_reply_count":0,"_bbp_topic_count_hidden":0,"_bbp_reply_count_hidden":0,"_bbp_forum_subforum_count":0,"site-sidebar-layout":"default","site-content-layout":"","ast-site-content-layout":"","site-content-style":"default","site-sidebar-style":"default","ast-global-header-display":"","ast-banner-title-visibility":"","ast-main-header-display":"","ast-hfb-above-header-display":"","ast-hfb-below-header-display":"","ast-hfb-mobile-header-display":"","site-post-title":"","ast-breadcrumbs-content":"","ast-featured-img":"","footer-sml-layout":"","theme-transparent-header-meta":"","adv-header-id-meta":"","stick-header-meta":"","header-above-stick-meta":"","header-main-stick-meta":"","header-below-stick-meta":"","astra-migrate-meta-layouts":"default","ast-page-background-enabled":"default","ast-page-background-meta":{"desktop":{"background-color":"var(--ast-global-color-4)","background-image":"","background-repeat":"repeat","background-position":"center center","background-size":"auto","background-attachment":"scroll","background-type":"","background-media":"","overlay-type":"","overlay-color":"","overlay-opacity":"","overlay-gradient":""},"tablet":{"background-color":"","background-image":"","background-repeat":"repeat","background-position":"center center","background-size":"auto","background-attachment":"scroll","background-type":"","background-media":"","overlay-type":"","overlay-color":"","overlay-opacity":"","overlay-gradient":""},"mobile":{"background-color":"","background-image":"","background-repeat":"repeat","background-position":"center center","background-size":"auto","background-attachment":"scroll","background-type":"","background-media":"","overlay-type":"","overlay-color":"","overlay-opacity":"","overlay-gradient":""}},"ast-content-background-meta":{"desktop":{"background-color":"var(--ast-global-color-5)","background-image":"","background-repeat":"repeat","background-position":"center center","background-size":"auto","background-attachment":"scroll","background-type":"","background-media":"","overlay-type":"","overlay-color":"","overlay-opacity":"","overlay-gradient":""},"tablet":{"background-color":"var(--ast-global-color-5)","background-image":"","background-repeat":"repeat","background-position":"center center","background-size":"auto","background-attachment":"scroll","background-type":"","background-media":"","overlay-type":"","overlay-color":"","overlay-opacity":"","overlay-gradient":""},"mobile":{"background-color":"var(--ast-global-color-5)","background-image":"","background-repeat":"repeat","background-position":"center center","background-size":"auto","background-attachment":"scroll","background-type":"","background-media":"","overlay-type":"","overlay-color":"","overlay-opacity":"","overlay-gradient":""}},"footnotes":""},"class_list":["post-77","page","type-page","status-publish","hentry"],"post_mailing_queue_ids":[],"_links":{"self":[{"href":"https:\/\/agora.xtec.cat\/iesvilamajor\/wp-json\/wp\/v2\/pages\/77","targetHints":{"allow":["GET"]}}],"collection":[{"href":"https:\/\/agora.xtec.cat\/iesvilamajor\/wp-json\/wp\/v2\/pages"}],"about":[{"href":"https:\/\/agora.xtec.cat\/iesvilamajor\/wp-json\/wp\/v2\/types\/page"}],"author":[{"embeddable":true,"href":"https:\/\/agora.xtec.cat\/iesvilamajor\/wp-json\/wp\/v2\/users\/1"}],"replies":[{"embeddable":true,"href":"https:\/\/agora.xtec.cat\/iesvilamajor\/wp-json\/wp\/v2\/comments?post=77"}],"version-history":[{"count":6,"href":"https:\/\/agora.xtec.cat\/iesvilamajor\/wp-json\/wp\/v2\/pages\/77\/revisions"}],"predecessor-version":[{"id":3146,"href":"https:\/\/agora.xtec.cat\/iesvilamajor\/wp-json\/wp\/v2\/pages\/77\/revisions\/3146"}],"up":[{"embeddable":true,"href":"https:\/\/agora.xtec.cat\/iesvilamajor\/wp-json\/wp\/v2\/pages\/63"}],"wp:attachment":[{"href":"https:\/\/agora.xtec.cat\/iesvilamajor\/wp-json\/wp\/v2\/media?parent=77"}],"curies":[{"name":"wp","href":"https:\/\/api.w.org\/{rel}","templated":true}]}}

<table style="height: 288px; width: 100%; border-collapse: collapse; background-color: #8aba07;">
<tbody>
<tr style="height: 288px;">
<td style="width: 100%; height: 288px;">
<h4 style="text-align: center;"><strong>EL TRANSPORT ESCOLAR ÉS RESPONSABILITAT DEL CONSELL COMARCAL DEL VALLÈS ORIENTAL</strong></h4>
<hr />
<h4 style="text-align: center;"><span style="color: #000000;"><a style="color: #000000;" href="https://agora.xtec.cat/iesvilamajor/elnostrecentre/documentacio/" target="_blank" rel="noopener"><strong>NOFC: PLA DE FUNCIONAMENT DEL SERVEI DE TRANSPORT ESCOLAR</strong> </a></span></h4>
<p style="text-align: center;"><strong>PER QUALSEVOL QÜESTIÓ O DUBTE RELATIU AL TRANSPORT CAL ADREÇAR-SE AL CORREU  A</strong></p>
<p style="text-align: center;"><span style="color: #390076;"><em>transportescolar<span class="atwho-query">@vallesoriental.cat</span></em></span></p>
<p style="text-align: center;">També podeu mirar la nostra pàgina web <a href="http://www.vallesoriental.cat/ambits/ensenyament/servei-de-transport-escolar/" target="_blank" rel="noopener"><strong><em>clicant aquí</em></strong></a> on està tot explicat</p>
<h2 style="text-align: center;"><span style="color: #800080;"><a style="color: #800080;" href="https://www.vallesoriental.cat/ambits/2197-educacio/transport-escolar/curs-2425/" target="_blank" rel="noopener"><strong>Instruccions per a la sol·licitud de transport escolar curs 2024-2025</strong></a></span></h2>
<p>&nbsp;</td>
</tr>
</tbody>
</table>

<p>EL TRANSPORT ESCOLAR ÉS RESPONSABILITAT DEL CONSELL COMARCAL DEL VALLÈS ORIENTAL NOFC: PLA DE FUNCIONAMENT DEL SERVEI DE TRANSPORT ESCOLAR PER QUALSEVOL QÜESTIÓ O DUBTE RELATIU AL TRANSPORT CAL ADREÇAR-SE AL CORREU  A transportescolar@vallesoriental.cat També podeu mirar la nostra pàgina web clicant aquí on està tot explicat Instruccions per a la sol·licitud de transport escolar [&hellip;]</p>
