{"id":55,"date":"2014-09-17T16:59:49","date_gmt":"2014-09-17T14:59:49","guid":{"rendered":"http:\/\/agora.xtec.cat\/iesvilamajor\/?page_id=55"},"modified":"2025-01-16T13:20:32","modified_gmt":"2025-01-16T12:20:32","slug":"estudis-horaris","status":"publish","type":"page","link":"https:\/\/agora.xtec.cat\/iesvilamajor\/elnostrecentre\/estudis-horaris\/","title":{"rendered":"Estudis i marc horari"},"content":{"rendered":"<h4>INFORMACI\u00d3 PER A LES FAM\u00cdLIES<\/h4>\n<p>&nbsp;<\/p>\n<h4>Estudis i marc horari del centre<\/h4>\n<p><strong>Estudis del centre:<\/strong><\/p>\n<p><span style=\"color: #798f00;\">Eso.<\/span><\/p>\n<p><span style=\"color: #798f00;\">Batxillerat: modalitat humanitats i ci\u00e8ncies socials.<\/span><\/p>\n<p><span style=\"color: #798f00;\">Batxillerat: modalitat ci\u00e8ncies i tecnologia.<\/span><\/p>\n<p><strong>Marc Horari del centre:<\/strong><\/p>\n<p><span style=\"color: #798f00;\">De dilluns a divendres, de 8:00 a 14:30h.<\/span><\/p>\n<p><span style=\"color: #798f00;\">Patis:<\/span><\/p>\n<ul>\n<li><span style=\"color: #798f00;\">1r i 2n d&#8217;ESO de 10:00h a 10:15h i d&#8217;11:45h a 12:05h.<\/span><\/li>\n<li><span style=\"color: #798f00;\">3r i 4t d&#8217;ESO, PDC i 1r i 2n de Batxillerat de 10:30h a 10:45h i de 12:15h a 12:30h.<\/span><\/li>\n<\/ul>\n<p>&nbsp;<\/p>\n","protected":false},"excerpt":{"rendered":"<p>INFORMACI\u00d3 PER A LES FAM\u00cdLIES &nbsp; Estudis i marc horari del centre Estudis del centre: Eso. Batxillerat: modalitat humanitats i ci\u00e8ncies socials. Batxillerat: modalitat ci\u00e8ncies i tecnologia. Marc Horari del centre: De dilluns a divendres, de 8:00 a 14:30h. Patis: 1r i 2n d&#8217;ESO de 10:00h a 10:15h i d&#8217;11:45h a 12:05h. 3r i 4t [&hellip;]<\/p>\n","protected":false},"author":1,"featured_media":0,"parent":19,"menu_order":70,"comment_status":"closed","ping_status":"closed","template":"page-templates\/side-menu.php","meta":{"_bbp_topic_count":0,"_bbp_reply_count":0,"_bbp_total_topic_count":0,"_bbp_total_reply_count":0,"_bbp_voice_count":0,"_bbp_anonymous_reply_count":0,"_bbp_topic_count_hidden":0,"_bbp_reply_count_hidden":0,"_bbp_forum_subforum_count":0,"site-sidebar-layout":"default","site-content-layout":"","ast-site-content-layout":"","site-content-style":"default","site-sidebar-style":"default","ast-global-header-display":"","ast-banner-title-visibility":"","ast-main-header-display":"","ast-hfb-above-header-display":"","ast-hfb-below-header-display":"","ast-hfb-mobile-header-display":"","site-post-title":"","ast-breadcrumbs-content":"","ast-featured-img":"","footer-sml-layout":"","theme-transparent-header-meta":"","adv-header-id-meta":"","stick-header-meta":"","header-above-stick-meta":"","header-main-stick-meta":"","header-below-stick-meta":"","astra-migrate-meta-layouts":"default","ast-page-background-enabled":"default","ast-page-background-meta":{"desktop":{"background-color":"var(--ast-global-color-4)","background-image":"","background-repeat":"repeat","background-position":"center center","background-size":"auto","background-attachment":"scroll","background-type":"","background-media":"","overlay-type":"","overlay-color":"","overlay-opacity":"","overlay-gradient":""},"tablet":{"background-color":"","background-image":"","background-repeat":"repeat","background-position":"center center","background-size":"auto","background-attachment":"scroll","background-type":"","background-media":"","overlay-type":"","overlay-color":"","overlay-opacity":"","overlay-gradient":""},"mobile":{"background-color":"","background-image":"","background-repeat":"repeat","background-position":"center center","background-size":"auto","background-attachment":"scroll","background-type":"","background-media":"","overlay-type":"","overlay-color":"","overlay-opacity":"","overlay-gradient":""}},"ast-content-background-meta":{"desktop":{"background-color":"var(--ast-global-color-5)","background-image":"","background-repeat":"repeat","background-position":"center center","background-size":"auto","background-attachment":"scroll","background-type":"","background-media":"","overlay-type":"","overlay-color":"","overlay-opacity":"","overlay-gradient":""},"tablet":{"background-color":"var(--ast-global-color-5)","background-image":"","background-repeat":"repeat","background-position":"center center","background-size":"auto","background-attachment":"scroll","background-type":"","background-media":"","overlay-type":"","overlay-color":"","overlay-opacity":"","overlay-gradient":""},"mobile":{"background-color":"var(--ast-global-color-5)","background-image":"","background-repeat":"repeat","background-position":"center center","background-size":"auto","background-attachment":"scroll","background-type":"","background-media":"","overlay-type":"","overlay-color":"","overlay-opacity":"","overlay-gradient":""}},"footnotes":""},"class_list":["post-55","page","type-page","status-publish","hentry"],"post_mailing_queue_ids":[],"_links":{"self":[{"href":"https:\/\/agora.xtec.cat\/iesvilamajor\/wp-json\/wp\/v2\/pages\/55","targetHints":{"allow":["GET"]}}],"collection":[{"href":"https:\/\/agora.xtec.cat\/iesvilamajor\/wp-json\/wp\/v2\/pages"}],"about":[{"href":"https:\/\/agora.xtec.cat\/iesvilamajor\/wp-json\/wp\/v2\/types\/page"}],"author":[{"embeddable":true,"href":"https:\/\/agora.xtec.cat\/iesvilamajor\/wp-json\/wp\/v2\/users\/1"}],"replies":[{"embeddable":true,"href":"https:\/\/agora.xtec.cat\/iesvilamajor\/wp-json\/wp\/v2\/comments?post=55"}],"version-history":[{"count":4,"href":"https:\/\/agora.xtec.cat\/iesvilamajor\/wp-json\/wp\/v2\/pages\/55\/revisions"}],"predecessor-version":[{"id":3320,"href":"https:\/\/agora.xtec.cat\/iesvilamajor\/wp-json\/wp\/v2\/pages\/55\/revisions\/3320"}],"up":[{"embeddable":true,"href":"https:\/\/agora.xtec.cat\/iesvilamajor\/wp-json\/wp\/v2\/pages\/19"}],"wp:attachment":[{"href":"https:\/\/agora.xtec.cat\/iesvilamajor\/wp-json\/wp\/v2\/media?parent=55"}],"curies":[{"name":"wp","href":"https:\/\/api.w.org\/{rel}","templated":true}]}}