{"id":46,"date":"2014-09-17T16:53:45","date_gmt":"2014-09-17T16:53:45","guid":{"rendered":"http:\/\/agora.xtec.cat\/iesvilamajor\/?page_id=46"},"modified":"2026-03-17T15:36:37","modified_gmt":"2026-03-17T14:36:37","slug":"organigrama","status":"publish","type":"page","link":"https:\/\/agora.xtec.cat\/iesvilamajor\/elnostrecentre\/organigrama\/","title":{"rendered":"Organigrama del centre"},"content":{"rendered":"<h5><em><strong>Organigrama curs 2025-2026<\/strong><\/em><\/h5>\n<p>&nbsp;<\/p>\n<p><strong>Equip directiu:<\/strong><\/p>\n<p><span style=\"color: #ff0000;\"><span style=\"color: #008000;\"><a style=\"color: #008000;\" href=\"https:\/\/vilamajor.esemtia.net\/moodle\/pluginfile.php\/12967\/mod_resource\/content\/14\/Fitxa_Perfil-i-trajectoria-professional_Merc%C3%A8%20Sigal%C3%A9s%20i%20Romero_signat_novembre.pdf\">\ud83d\udccc<\/a><a href=\"https:\/\/drive.google.com\/file\/d\/1wIaPah-MKL0ghy6MWICgKKCmhyZOMFwb\/view?usp=drive_link\"><span style=\"color: #008000;\">Direcci\u00f3<\/span><span style=\"color: #000000;\">: Jordi Clusellas Paituvi<\/span><\/a><\/span><\/span><\/p>\n<p><span style=\"color: #ff0000;\"><span style=\"color: #008000;\">\ud83d\udcccCap d&#8217;estudis<span style=\"color: #000000;\">: Maria Tall\u00e0 Ferrer<\/span><\/span><\/span><\/p>\n<p><span style=\"color: #008000;\">Secretaria acad\u00e8mica<\/span>: Laura Vicente<\/p>\n<p><span style=\"color: #008000;\">Coordinaci\u00f3 pedag\u00f2gica<\/span>: No\u00e8lia Aranda<\/p>\n<p><span style=\"color: #339966;\"><strong><em>Correu de l&#8217;equip directiu:<\/em>\u00a0<em>iesvilamajor@xtec.cat<\/em><\/strong><\/span><\/p>\n<p>&nbsp;<\/p>\n<p><strong>Personal PAS<\/strong>:<\/p>\n<p><span style=\"color: #008000;\">Secretaria-administraci\u00f3<\/span>: Francesc Platero<\/p>\n<p><span style=\"color: #008000;\">Consergeria<\/span>: Aitor Ba\u00f1os i M\u00aa Llu\u00efsa Moreno<\/p>\n<p>&nbsp;<\/p>\n<p><strong>Claustre de professors:<\/strong><\/p>\n<p><span style=\"color: #008000;\">Coordinacions did\u00e0ctiques<\/span>: Cl\u00e0udia Argem\u00ed, Marta Batet, N\u00faria Vilches i Laura Aixal\u00e0<\/p>\n<p><span style=\"color: #008000;\">Coordinaci\u00f3 de Batxillerat<\/span>: No\u00e8lia Teruel<\/p>\n<p><span style=\"color: #008000;\">Coordinaci\u00f3 Digital<\/span>: Jan Liste<\/p>\n<p><span style=\"color: #008000;\">Coordinaci\u00f3 de Coeducaci\u00f3 &#8211; Conviv\u00e8ncia &#8211; Benestar (COCOBE)<\/span>: \u00c0ngel Ferrer<\/p>\n<p><span style=\"color: #008000;\">Coordinaci\u00f3 d&#8217;Orientaci\u00f3 educativa: <span style=\"color: #000000;\">\u00c0ngel Ferrer<\/span><br \/>\n<\/span><\/p>\n<p><span style=\"color: #008000;\">Coordinaci\u00f3 LIC<\/span>: Cl\u00e0udia Argem\u00ed<\/p>\n<p><span style=\"color: #008000;\">Coordinaci\u00f3 Biblioteca:<\/span> Raquel Caparr\u00f3s<\/p>\n<p><span style=\"color: #008000;\">Coordinaci\u00f3 d&#8217;Escola Verda<\/span>: Pendent d&#8217;adjudicar<\/p>\n<p><span style=\"color: #008000;\">Coordinaci\u00f3 de comunicaci\u00f3<\/span>: Pendent d&#8217;adjudicar<\/p>\n<p><span style=\"color: #008000;\">Coordinaci\u00f3 de Riscos Laborals:<\/span> Eva \u00c1lvarez<\/p>\n<p>&nbsp;<\/p>\n<p><strong>Tutors i Tutores:<\/strong><\/p>\n<p><span style=\"color: #008000;\">1r d&#8217;ESO<\/span>: Neus Vila (coordinadora), Gerard Aragon, Tom\u00e0s Asensio, Anda Stefania Fuguliu i Mart\u00ed Colell<\/p>\n<p><span style=\"color: #008000;\">2n d&#8217;ESO<\/span>: Neus Vila (coordinadora), Cristina Pacheco, Josep Silvestre i Salvador Rey<\/p>\n<p><span style=\"color: #008000;\">3r d&#8217;ESO<\/span>: S\u00edlvia Pascual (tutora referent), Cristian Lobo, Sandra Gragera i Jordi Casanovas<\/p>\n<p><span style=\"color: #008000;\">4t d&#8217;ESO<\/span>: N\u00faria Silvente (tutora referent), Aida Marin, Anna Val\u00e8s i Estefenia Hern\u00e1ndez<\/p>\n<p><span style=\"color: #008000;\">3r i 4t d&#8217;ESO, coordinador i tutor grup PDC<\/span>: C\u00e9sar Mateu<\/p>\n<p><span style=\"color: #008000;\">1r de BAT<\/span>: J\u00falia Doltra i Juan Jose P\u00e9rez.<\/p>\n<p><span style=\"color: #008000;\">2n de BAT<\/span>: Raquel Caparr\u00f3s i Ra\u00fcl Fanlo.<\/p>\n<h4><a href=\"https:\/\/drive.google.com\/drive\/folders\/19fdFz45AbCEww4Td4Woue5TKgVuL15vb?usp=sharing\"><span style=\"color: #339966;\"><strong>Dades de Contacte<\/strong>, <strong>Correus del Professorat<\/strong>, <strong>curs 2025-2026<\/strong>.<\/span><\/a><\/h4>\n","protected":false},"excerpt":{"rendered":"<p>Organigrama curs 2025-2026 &nbsp; Equip directiu: \ud83d\udcccDirecci\u00f3: Jordi Clusellas Paituvi \ud83d\udcccCap d&#8217;estudis: Maria Tall\u00e0 Ferrer Secretaria acad\u00e8mica: Laura Vicente Coordinaci\u00f3 pedag\u00f2gica: No\u00e8lia Aranda Correu de l&#8217;equip directiu:\u00a0iesvilamajor@xtec.cat &nbsp; Personal PAS: Secretaria-administraci\u00f3: Francesc Platero Consergeria: Aitor Ba\u00f1os i M\u00aa Llu\u00efsa Moreno &nbsp; Claustre de professors: Coordinacions did\u00e0ctiques: Cl\u00e0udia Argem\u00ed, Marta Batet, N\u00faria Vilches i Laura Aixal\u00e0 [&hellip;]<\/p>\n","protected":false},"author":1,"featured_media":0,"parent":19,"menu_order":50,"comment_status":"closed","ping_status":"closed","template":"","meta":{"_bbp_topic_count":0,"_bbp_reply_count":0,"_bbp_total_topic_count":0,"_bbp_total_reply_count":0,"_bbp_voice_count":0,"_bbp_anonymous_reply_count":0,"_bbp_topic_count_hidden":0,"_bbp_reply_count_hidden":0,"_bbp_forum_subforum_count":0,"site-sidebar-layout":"default","site-content-layout":"","ast-site-content-layout":"default","site-content-style":"default","site-sidebar-style":"default","ast-global-header-display":"","ast-banner-title-visibility":"","ast-main-header-display":"","ast-hfb-above-header-display":"","ast-hfb-below-header-display":"","ast-hfb-mobile-header-display":"","site-post-title":"","ast-breadcrumbs-content":"","ast-featured-img":"","footer-sml-layout":"","theme-transparent-header-meta":"default","adv-header-id-meta":"","stick-header-meta":"","header-above-stick-meta":"","header-main-stick-meta":"","header-below-stick-meta":"","astra-migrate-meta-layouts":"set","ast-page-background-enabled":"default","ast-page-background-meta":{"desktop":{"background-color":"var(--ast-global-color-4)","background-image":"","background-repeat":"repeat","background-position":"center center","background-size":"auto","background-attachment":"scroll","background-type":"","background-media":"","overlay-type":"","overlay-color":"","overlay-opacity":"","overlay-gradient":""},"tablet":{"background-color":"","background-image":"","background-repeat":"repeat","background-position":"center center","background-size":"auto","background-attachment":"scroll","background-type":"","background-media":"","overlay-type":"","overlay-color":"","overlay-opacity":"","overlay-gradient":""},"mobile":{"background-color":"","background-image":"","background-repeat":"repeat","background-position":"center center","background-size":"auto","background-attachment":"scroll","background-type":"","background-media":"","overlay-type":"","overlay-color":"","overlay-opacity":"","overlay-gradient":""}},"ast-content-background-meta":{"desktop":{"background-color":"var(--ast-global-color-5)","background-image":"","background-repeat":"repeat","background-position":"center center","background-size":"auto","background-attachment":"scroll","background-type":"","background-media":"","overlay-type":"","overlay-color":"","overlay-opacity":"","overlay-gradient":""},"tablet":{"background-color":"var(--ast-global-color-5)","background-image":"","background-repeat":"repeat","background-position":"center center","background-size":"auto","background-attachment":"scroll","background-type":"","background-media":"","overlay-type":"","overlay-color":"","overlay-opacity":"","overlay-gradient":""},"mobile":{"background-color":"var(--ast-global-color-5)","background-image":"","background-repeat":"repeat","background-position":"center center","background-size":"auto","background-attachment":"scroll","background-type":"","background-media":"","overlay-type":"","overlay-color":"","overlay-opacity":"","overlay-gradient":""}},"footnotes":""},"class_list":["post-46","page","type-page","status-publish","hentry"],"post_mailing_queue_ids":[],"_links":{"self":[{"href":"https:\/\/agora.xtec.cat\/iesvilamajor\/wp-json\/wp\/v2\/pages\/46","targetHints":{"allow":["GET"]}}],"collection":[{"href":"https:\/\/agora.xtec.cat\/iesvilamajor\/wp-json\/wp\/v2\/pages"}],"about":[{"href":"https:\/\/agora.xtec.cat\/iesvilamajor\/wp-json\/wp\/v2\/types\/page"}],"author":[{"embeddable":true,"href":"https:\/\/agora.xtec.cat\/iesvilamajor\/wp-json\/wp\/v2\/users\/1"}],"replies":[{"embeddable":true,"href":"https:\/\/agora.xtec.cat\/iesvilamajor\/wp-json\/wp\/v2\/comments?post=46"}],"version-history":[{"count":7,"href":"https:\/\/agora.xtec.cat\/iesvilamajor\/wp-json\/wp\/v2\/pages\/46\/revisions"}],"predecessor-version":[{"id":3755,"href":"https:\/\/agora.xtec.cat\/iesvilamajor\/wp-json\/wp\/v2\/pages\/46\/revisions\/3755"}],"up":[{"embeddable":true,"href":"https:\/\/agora.xtec.cat\/iesvilamajor\/wp-json\/wp\/v2\/pages\/19"}],"wp:attachment":[{"href":"https:\/\/agora.xtec.cat\/iesvilamajor\/wp-json\/wp\/v2\/media?parent=46"}],"curies":[{"name":"wp","href":"https:\/\/api.w.org\/{rel}","templated":true}]}}

<h5><em><strong>Organigrama curs 2025-2026</strong></em></h5>
<p>&nbsp;</p>
<p><strong>Equip directiu:</strong></p>
<p><span style="color: #ff0000;"><span style="color: #008000;"><a style="color: #008000;" href="https://vilamajor.esemtia.net/moodle/pluginfile.php/12967/mod_resource/content/14/Fitxa_Perfil-i-trajectoria-professional_Merc%C3%A8%20Sigal%C3%A9s%20i%20Romero_signat_novembre.pdf">📌</a><a href="https://drive.google.com/file/d/1wIaPah-MKL0ghy6MWICgKKCmhyZOMFwb/view?usp=drive_link"><span style="color: #008000;">Direcció</span><span style="color: #000000;">: Jordi Clusellas Paituvi</span></a></span></span></p>
<p><span style="color: #ff0000;"><span style="color: #008000;">📌Cap d&#8217;estudis<span style="color: #000000;">: Maria Tallà Ferrer</span></span></span></p>
<p><span style="color: #008000;">Secretaria acadèmica</span>: Laura Vicente</p>
<p><span style="color: #008000;">Coordinació pedagògica</span>: Noèlia Aranda</p>
<p><span style="color: #339966;"><strong><em>Correu de l&#8217;equip directiu:</em> <em>iesvilamajor@xtec.cat</em></strong></span></p>
<p>&nbsp;</p>
<p><strong>Personal PAS</strong>:</p>
<p><span style="color: #008000;">Secretaria-administració</span>: Francesc Platero</p>
<p><span style="color: #008000;">Consergeria</span>: Aitor Baños i Mª Lluïsa Moreno</p>
<p>&nbsp;</p>
<p><strong>Claustre de professors:</strong></p>
<p><span style="color: #008000;">Coordinacions didàctiques</span>: Clàudia Argemí, Marta Batet, Núria Vilches i Laura Aixalà</p>
<p><span style="color: #008000;">Coordinació de Batxillerat</span>: Noèlia Teruel</p>
<p><span style="color: #008000;">Coordinació Digital</span>: Jan Liste</p>
<p><span style="color: #008000;">Coordinació de Coeducació &#8211; Convivència &#8211; Benestar (COCOBE)</span>: Àngel Ferrer</p>
<p><span style="color: #008000;">Coordinació d&#8217;Orientació educativa: <span style="color: #000000;">Àngel Ferrer</span><br />
</span></p>
<p><span style="color: #008000;">Coordinació LIC</span>: Clàudia Argemí</p>
<p><span style="color: #008000;">Coordinació Biblioteca:</span> Raquel Caparrós</p>
<p><span style="color: #008000;">Coordinació d&#8217;Escola Verda</span>: Pendent d&#8217;adjudicar</p>
<p><span style="color: #008000;">Coordinació de comunicació</span>: Pendent d&#8217;adjudicar</p>
<p><span style="color: #008000;">Coordinació de Riscos Laborals:</span> Eva Álvarez</p>
<p>&nbsp;</p>
<p><strong>Tutors i Tutores:</strong></p>
<p><span style="color: #008000;">1r d&#8217;ESO</span>: Neus Vila (coordinadora), Gerard Aragon, Tomàs Asensio, Anda Stefania Fuguliu i Martí Colell</p>
<p><span style="color: #008000;">2n d&#8217;ESO</span>: Neus Vila (coordinadora), Cristina Pacheco, Josep Silvestre i Salvador Rey</p>
<p><span style="color: #008000;">3r d&#8217;ESO</span>: Sílvia Pascual (tutora referent), Cristian Lobo, Sandra Gragera i Jordi Casanovas</p>
<p><span style="color: #008000;">4t d&#8217;ESO</span>: Núria Silvente (tutora referent), Aida Marin, Anna Valès i Estefenia Hernández</p>
<p><span style="color: #008000;">3r i 4t d&#8217;ESO, coordinador i tutor grup PDC</span>: César Mateu</p>
<p><span style="color: #008000;">1r de BAT</span>: Júlia Doltra i Juan Jose Pérez.</p>
<p><span style="color: #008000;">2n de BAT</span>: Raquel Caparrós i Raül Fanlo.</p>
<h4><a href="https://drive.google.com/drive/folders/19fdFz45AbCEww4Td4Woue5TKgVuL15vb?usp=sharing"><span style="color: #339966;"><strong>Dades de Contacte</strong>, <strong>Correus del Professorat</strong>, <strong>curs 2025-2026</strong>.</span></a></h4>

<p>Organigrama curs 2025-2026 &nbsp; Equip directiu: 📌Direcció: Jordi Clusellas Paituvi 📌Cap d&#8217;estudis: Maria Tallà Ferrer Secretaria acadèmica: Laura Vicente Coordinació pedagògica: Noèlia Aranda Correu de l&#8217;equip directiu: iesvilamajor@xtec.cat &nbsp; Personal PAS: Secretaria-administració: Francesc Platero Consergeria: Aitor Baños i Mª Lluïsa Moreno &nbsp; Claustre de professors: Coordinacions didàctiques: Clàudia Argemí, Marta Batet, Núria Vilches i Laura Aixalà [&hellip;]</p>
