{"id":3643,"date":"2025-10-27T16:01:51","date_gmt":"2025-10-27T15:01:51","guid":{"rendered":"https:\/\/agora.xtec.cat\/iesvilamajor\/?page_id=3643"},"modified":"2025-11-12T09:24:05","modified_gmt":"2025-11-12T08:24:05","slug":"eleccions-al-consell-escolar","status":"publish","type":"page","link":"https:\/\/agora.xtec.cat\/iesvilamajor\/eleccions-al-consell-escolar\/","title":{"rendered":"ELECCIONS AL CONSELL ESCOLAR"},"content":{"rendered":"<p><a style=\"font-size: 16px; background-color: #ffffff;\" href=\"https:\/\/agora.xtec.cat\/iesvilamajor\/wp-content\/uploads\/usu2625\/2025\/10\/consells-escolars.png_552031986.png\"><img loading=\"lazy\" decoding=\"async\" class=\"alignnone wp-image-3631\" src=\"https:\/\/agora.xtec.cat\/iesvilamajor\/wp-content\/uploads\/usu2625\/2025\/10\/consells-escolars.png_552031986-1024x250.png\" alt=\"\" width=\"754\" height=\"184\" srcset=\"https:\/\/agora.xtec.cat\/iesvilamajor\/wp-content\/uploads\/usu2625\/2025\/10\/consells-escolars.png_552031986-1024x250.png 1024w, https:\/\/agora.xtec.cat\/iesvilamajor\/wp-content\/uploads\/usu2625\/2025\/10\/consells-escolars.png_552031986-300x73.png 300w, https:\/\/agora.xtec.cat\/iesvilamajor\/wp-content\/uploads\/usu2625\/2025\/10\/consells-escolars.png_552031986-768x188.png 768w, https:\/\/agora.xtec.cat\/iesvilamajor\/wp-content\/uploads\/usu2625\/2025\/10\/consells-escolars.png_552031986-1536x375.png 1536w, https:\/\/agora.xtec.cat\/iesvilamajor\/wp-content\/uploads\/usu2625\/2025\/10\/consells-escolars.png_552031986-2048x500.png 2048w\" sizes=\"auto, (max-width: 754px) 100vw, 754px\" \/><\/a><\/p>\n<h3>CANDIDATURES:<\/h3>\n<h5>Sector Fam\u00edlies:<\/h5>\n<p>Maria Carme Pujol Carbonell<\/p>\n<h5>Sector Alumnat:<\/h5>\n<p>ALEIX GARCIA RODR\u00cdGUEZ 1rESO<br \/>\nMICHEL SALVADORES SCAILLET 4tESO<br \/>\nITZIAR MENDOZA ESTRACH 3rESO<br \/>\nARKAITZ NOGU\u00c9S GARCIA 1rESO<br \/>\nEDUARD G\u00c1LVEZ NAVARRO 3rESO<br \/>\nONA ALIGU\u00c9 MART\u00cdNEZ 3rESO<\/p>\n<h3><\/h3>\n<h3>RESOLUCI\u00d3<\/h3>\n<p><a href=\"https:\/\/drive.google.com\/file\/d\/1mLihRBneKHHBYvGyz6dgvYJtLQQ5GZIp\/view?usp=sharing\">Resoluci\u00f3 per la qual es convoquen les eleccions al Consell Escolar<\/a><\/p>\n<h3>VACANTS<\/h3>\n<p style=\"padding-left: 40px;\"><em>Sector alumnat 1<\/em><\/p>\n<p style=\"padding-left: 40px;\"><em>Sector fam\u00edlies 1<\/em><\/p>\n<p style=\"padding-left: 40px;\"><em>Sector professorat 2<\/em><\/p>\n<p style=\"padding-left: 40px;\"><em>Sector PAS<\/em><\/p>\n<p style=\"padding-left: 40px;\"><em>Representaci\u00f3 de l&#8217;AMPA 1<\/em><\/p>\n<h3>PUBLICACI\u00d3 DEL CENS<\/h3>\n<p style=\"padding-left: 40px;\"><em>El sens romandr\u00e0 impr\u00e8s al vest\u00edbul del centre del dia 27 d&#8217;octubre al 10 de novembre per consulta i proposta d&#8217; esmenes si s&#8217;escau.<\/em><\/p>\n<h3>PRESENTACI\u00d3 DE CANDIDATURES<\/h3>\n<p style=\"padding-left: 40px;\"><em><strong>Com?<\/strong><\/em><\/p>\n<p style=\"padding-left: 40px;\"><em>Enviant el document de presentaci\u00f3 de candidatura al correu de centre <strong>iesvilamajor@xtec.cat<\/strong><\/em><\/p>\n<p style=\"padding-left: 40px;\"><em><strong>Quan?<\/strong><\/em><\/p>\n<p style=\"padding-left: 40px;\"><em>Del 27 d&#8217;octubre al 12 de novembre<\/em><\/p>\n<p style=\"padding-left: 40px;\"><em><strong>Documents de presentaci\u00f3 de candidatura:<\/strong><\/em><\/p>\n<p style=\"padding-left: 40px;\"><a href=\"https:\/\/drive.google.com\/file\/d\/14WZ6mPV8o-bfPg1NPcDRZuEEa9dtA-lk\/view?usp=sharing\">Sector alumnes<\/a><\/p>\n<p style=\"padding-left: 40px;\"><a href=\"https:\/\/drive.google.com\/file\/d\/14WZ6mPV8o-bfPg1NPcDRZuEEa9dtA-lk\/view?usp=sharing\">Sector fam\u00edlies<\/a><\/p>\n<p>&nbsp;<\/p>\n<h3>CALENDARI<\/h3>\n<p><a href=\"https:\/\/drive.google.com\/file\/d\/16zm_0YKhSfXow3C2pgh1BnN_lVDFPlI0\/view?usp=sharing\">Calendari de les Eleccions al Consell Escolar<\/a><\/p>\n<h3>NORMATIVA i INFORMACI\u00d3 GENERAL<\/h3>\n<p><a href=\"https:\/\/educacio.gencat.cat\/ca\/arees-actuacio\/centres-serveis-educatius\/centres\/consells-escolars-centres\/index.html\">https:\/\/educacio.gencat.cat\/ca\/arees-actuacio\/centres-serveis-educatius\/centres\/consells-escolars-centres\/index.html<\/a><\/p>\n","protected":false},"excerpt":{"rendered":"<p>CANDIDATURES: Sector Fam\u00edlies: Maria Carme Pujol Carbonell Sector Alumnat: ALEIX GARCIA RODR\u00cdGUEZ 1rESO MICHEL SALVADORES SCAILLET 4tESO ITZIAR MENDOZA ESTRACH 3rESO ARKAITZ NOGU\u00c9S GARCIA 1rESO EDUARD G\u00c1LVEZ NAVARRO 3rESO ONA ALIGU\u00c9 MART\u00cdNEZ 3rESO RESOLUCI\u00d3 Resoluci\u00f3 per la qual es convoquen les eleccions al Consell Escolar VACANTS Sector alumnat 1 Sector fam\u00edlies 1 Sector professorat 2 [&hellip;]<\/p>\n","protected":false},"author":5,"featured_media":0,"parent":0,"menu_order":0,"comment_status":"closed","ping_status":"closed","template":"","meta":{"_bbp_topic_count":0,"_bbp_reply_count":0,"_bbp_total_topic_count":0,"_bbp_total_reply_count":0,"_bbp_voice_count":0,"_bbp_anonymous_reply_count":0,"_bbp_topic_count_hidden":0,"_bbp_reply_count_hidden":0,"_bbp_forum_subforum_count":0,"site-sidebar-layout":"default","site-content-layout":"","ast-site-content-layout":"default","site-content-style":"default","site-sidebar-style":"default","ast-global-header-display":"","ast-banner-title-visibility":"","ast-main-header-display":"","ast-hfb-above-header-display":"","ast-hfb-below-header-display":"","ast-hfb-mobile-header-display":"","site-post-title":"","ast-breadcrumbs-content":"","ast-featured-img":"","footer-sml-layout":"","theme-transparent-header-meta":"default","adv-header-id-meta":"","stick-header-meta":"","header-above-stick-meta":"","header-main-stick-meta":"","header-below-stick-meta":"","astra-migrate-meta-layouts":"set","ast-page-background-enabled":"default","ast-page-background-meta":{"desktop":{"background-color":"var(--ast-global-color-4)","background-image":"","background-repeat":"repeat","background-position":"center center","background-size":"auto","background-attachment":"scroll","background-type":"","background-media":"","overlay-type":"","overlay-color":"","overlay-opacity":"","overlay-gradient":""},"tablet":{"background-color":"","background-image":"","background-repeat":"repeat","background-position":"center center","background-size":"auto","background-attachment":"scroll","background-type":"","background-media":"","overlay-type":"","overlay-color":"","overlay-opacity":"","overlay-gradient":""},"mobile":{"background-color":"","background-image":"","background-repeat":"repeat","background-position":"center center","background-size":"auto","background-attachment":"scroll","background-type":"","background-media":"","overlay-type":"","overlay-color":"","overlay-opacity":"","overlay-gradient":""}},"ast-content-background-meta":{"desktop":{"background-color":"var(--ast-global-color-5)","background-image":"","background-repeat":"repeat","background-position":"center center","background-size":"auto","background-attachment":"scroll","background-type":"","background-media":"","overlay-type":"","overlay-color":"","overlay-opacity":"","overlay-gradient":""},"tablet":{"background-color":"var(--ast-global-color-5)","background-image":"","background-repeat":"repeat","background-position":"center center","background-size":"auto","background-attachment":"scroll","background-type":"","background-media":"","overlay-type":"","overlay-color":"","overlay-opacity":"","overlay-gradient":""},"mobile":{"background-color":"var(--ast-global-color-5)","background-image":"","background-repeat":"repeat","background-position":"center center","background-size":"auto","background-attachment":"scroll","background-type":"","background-media":"","overlay-type":"","overlay-color":"","overlay-opacity":"","overlay-gradient":""}},"footnotes":""},"class_list":["post-3643","page","type-page","status-publish","hentry"],"post_mailing_queue_ids":[],"_links":{"self":[{"href":"https:\/\/agora.xtec.cat\/iesvilamajor\/wp-json\/wp\/v2\/pages\/3643","targetHints":{"allow":["GET"]}}],"collection":[{"href":"https:\/\/agora.xtec.cat\/iesvilamajor\/wp-json\/wp\/v2\/pages"}],"about":[{"href":"https:\/\/agora.xtec.cat\/iesvilamajor\/wp-json\/wp\/v2\/types\/page"}],"author":[{"embeddable":true,"href":"https:\/\/agora.xtec.cat\/iesvilamajor\/wp-json\/wp\/v2\/users\/5"}],"replies":[{"embeddable":true,"href":"https:\/\/agora.xtec.cat\/iesvilamajor\/wp-json\/wp\/v2\/comments?post=3643"}],"version-history":[{"count":5,"href":"https:\/\/agora.xtec.cat\/iesvilamajor\/wp-json\/wp\/v2\/pages\/3643\/revisions"}],"predecessor-version":[{"id":3664,"href":"https:\/\/agora.xtec.cat\/iesvilamajor\/wp-json\/wp\/v2\/pages\/3643\/revisions\/3664"}],"wp:attachment":[{"href":"https:\/\/agora.xtec.cat\/iesvilamajor\/wp-json\/wp\/v2\/media?parent=3643"}],"curies":[{"name":"wp","href":"https:\/\/api.w.org\/{rel}","templated":true}]}}

<p><a style="font-size: 16px; background-color: #ffffff;" href="https://agora.xtec.cat/iesvilamajor/wp-content/uploads/usu2625/2025/10/consells-escolars.png_552031986.png"><img loading="lazy" decoding="async" class="alignnone wp-image-3631" src="https://agora.xtec.cat/iesvilamajor/wp-content/uploads/usu2625/2025/10/consells-escolars.png_552031986-1024x250.png" alt="" width="754" height="184" srcset="https://agora.xtec.cat/iesvilamajor/wp-content/uploads/usu2625/2025/10/consells-escolars.png_552031986-1024x250.png 1024w, https://agora.xtec.cat/iesvilamajor/wp-content/uploads/usu2625/2025/10/consells-escolars.png_552031986-300x73.png 300w, https://agora.xtec.cat/iesvilamajor/wp-content/uploads/usu2625/2025/10/consells-escolars.png_552031986-768x188.png 768w, https://agora.xtec.cat/iesvilamajor/wp-content/uploads/usu2625/2025/10/consells-escolars.png_552031986-1536x375.png 1536w, https://agora.xtec.cat/iesvilamajor/wp-content/uploads/usu2625/2025/10/consells-escolars.png_552031986-2048x500.png 2048w" sizes="auto, (max-width: 754px) 100vw, 754px" /></a></p>
<h3>CANDIDATURES:</h3>
<h5>Sector Famílies:</h5>
<p>Maria Carme Pujol Carbonell</p>
<h5>Sector Alumnat:</h5>
<p>ALEIX GARCIA RODRÍGUEZ 1rESO<br />
MICHEL SALVADORES SCAILLET 4tESO<br />
ITZIAR MENDOZA ESTRACH 3rESO<br />
ARKAITZ NOGUÉS GARCIA 1rESO<br />
EDUARD GÁLVEZ NAVARRO 3rESO<br />
ONA ALIGUÉ MARTÍNEZ 3rESO</p>
<h3></h3>
<h3>RESOLUCIÓ</h3>
<p><a href="https://drive.google.com/file/d/1mLihRBneKHHBYvGyz6dgvYJtLQQ5GZIp/view?usp=sharing">Resolució per la qual es convoquen les eleccions al Consell Escolar</a></p>
<h3>VACANTS</h3>
<p style="padding-left: 40px;"><em>Sector alumnat 1</em></p>
<p style="padding-left: 40px;"><em>Sector famílies 1</em></p>
<p style="padding-left: 40px;"><em>Sector professorat 2</em></p>
<p style="padding-left: 40px;"><em>Sector PAS</em></p>
<p style="padding-left: 40px;"><em>Representació de l&#8217;AMPA 1</em></p>
<h3>PUBLICACIÓ DEL CENS</h3>
<p style="padding-left: 40px;"><em>El sens romandrà imprès al vestíbul del centre del dia 27 d&#8217;octubre al 10 de novembre per consulta i proposta d&#8217; esmenes si s&#8217;escau.</em></p>
<h3>PRESENTACIÓ DE CANDIDATURES</h3>
<p style="padding-left: 40px;"><em><strong>Com?</strong></em></p>
<p style="padding-left: 40px;"><em>Enviant el document de presentació de candidatura al correu de centre <strong>iesvilamajor@xtec.cat</strong></em></p>
<p style="padding-left: 40px;"><em><strong>Quan?</strong></em></p>
<p style="padding-left: 40px;"><em>Del 27 d&#8217;octubre al 12 de novembre</em></p>
<p style="padding-left: 40px;"><em><strong>Documents de presentació de candidatura:</strong></em></p>
<p style="padding-left: 40px;"><a href="https://drive.google.com/file/d/14WZ6mPV8o-bfPg1NPcDRZuEEa9dtA-lk/view?usp=sharing">Sector alumnes</a></p>
<p style="padding-left: 40px;"><a href="https://drive.google.com/file/d/14WZ6mPV8o-bfPg1NPcDRZuEEa9dtA-lk/view?usp=sharing">Sector famílies</a></p>
<p>&nbsp;</p>
<h3>CALENDARI</h3>
<p><a href="https://drive.google.com/file/d/16zm_0YKhSfXow3C2pgh1BnN_lVDFPlI0/view?usp=sharing">Calendari de les Eleccions al Consell Escolar</a></p>
<h3>NORMATIVA i INFORMACIÓ GENERAL</h3>
<p><a href="https://educacio.gencat.cat/ca/arees-actuacio/centres-serveis-educatius/centres/consells-escolars-centres/index.html">https://educacio.gencat.cat/ca/arees-actuacio/centres-serveis-educatius/centres/consells-escolars-centres/index.html</a></p>

<p>CANDIDATURES: Sector Famílies: Maria Carme Pujol Carbonell Sector Alumnat: ALEIX GARCIA RODRÍGUEZ 1rESO MICHEL SALVADORES SCAILLET 4tESO ITZIAR MENDOZA ESTRACH 3rESO ARKAITZ NOGUÉS GARCIA 1rESO EDUARD GÁLVEZ NAVARRO 3rESO ONA ALIGUÉ MARTÍNEZ 3rESO RESOLUCIÓ Resolució per la qual es convoquen les eleccions al Consell Escolar VACANTS Sector alumnat 1 Sector famílies 1 Sector professorat 2 [&hellip;]</p>
