{"id":2389,"date":"2023-05-31T13:51:33","date_gmt":"2023-05-31T11:51:33","guid":{"rendered":"https:\/\/agora.xtec.cat\/iesvilamajor\/?page_id=2389"},"modified":"2023-10-12T15:27:57","modified_gmt":"2023-10-12T13:27:57","slug":"site-amb-tasques-destiu","status":"publish","type":"page","link":"https:\/\/agora.xtec.cat\/iesvilamajor\/infoalumnat-families\/site-amb-tasques-destiu\/","title":{"rendered":"SITE Vilamajor durant les vacances!"},"content":{"rendered":"<h6 dir=\"ltr\">Alumnat i fam\u00edlies,<\/h6>\n<h6 dir=\"ltr\">En aquest SITE hi trobar\u00e0s una s\u00e8rie d&#8217;activitats que t&#8217;ajudaran a millorar l&#8217;assoliment de les mat\u00e8ries, per\u00f2 no es tracta nom\u00e9s d&#8217;un grapat d&#8217;exercicis.<\/h6>\n<h6 dir=\"ltr\">Et proposarem activitats educatives, divertides, engrescadores, creatives, enginyoses, &#8230; que et facin passar una bona estona amb nosaltres! Trobar\u00e0s reptes, jocs, propostes per posar-te en forma, lectures, cinema, art&#8230; I molt m\u00e9s!<\/h6>\n<h6 dir=\"ltr\">Som-hi!<\/h6>\n<h3 style=\"text-align: center;\"><a href=\"https:\/\/sites.google.com\/xtec.cat\/institut-vilamajor\/inici\" target=\"_blank\" rel=\"noopener\">SITE VILAMAJOR vacances!<\/a><\/h3>\n","protected":false},"excerpt":{"rendered":"<p>Alumnat i fam\u00edlies, En aquest SITE hi trobar\u00e0s una s\u00e8rie d&#8217;activitats que t&#8217;ajudaran a millorar l&#8217;assoliment de les mat\u00e8ries, per\u00f2 no es tracta nom\u00e9s d&#8217;un grapat d&#8217;exercicis. Et proposarem activitats educatives, divertides, engrescadores, creatives, enginyoses, &#8230; que et facin passar una bona estona amb nosaltres! Trobar\u00e0s reptes, jocs, propostes per posar-te en forma, lectures, cinema, [&hellip;]<\/p>\n","protected":false},"author":3,"featured_media":0,"parent":63,"menu_order":90,"comment_status":"closed","ping_status":"closed","template":"page-templates\/side-menu.php","meta":{"_bbp_topic_count":0,"_bbp_reply_count":0,"_bbp_total_topic_count":0,"_bbp_total_reply_count":0,"_bbp_voice_count":0,"_bbp_anonymous_reply_count":0,"_bbp_topic_count_hidden":0,"_bbp_reply_count_hidden":0,"_bbp_forum_subforum_count":0,"site-sidebar-layout":"default","site-content-layout":"","ast-site-content-layout":"","site-content-style":"default","site-sidebar-style":"default","ast-global-header-display":"","ast-banner-title-visibility":"","ast-main-header-display":"","ast-hfb-above-header-display":"","ast-hfb-below-header-display":"","ast-hfb-mobile-header-display":"","site-post-title":"","ast-breadcrumbs-content":"","ast-featured-img":"","footer-sml-layout":"","theme-transparent-header-meta":"","adv-header-id-meta":"","stick-header-meta":"","header-above-stick-meta":"","header-main-stick-meta":"","header-below-stick-meta":"","astra-migrate-meta-layouts":"default","ast-page-background-enabled":"default","ast-page-background-meta":{"desktop":{"background-color":"var(--ast-global-color-4)","background-image":"","background-repeat":"repeat","background-position":"center center","background-size":"auto","background-attachment":"scroll","background-type":"","background-media":"","overlay-type":"","overlay-color":"","overlay-opacity":"","overlay-gradient":""},"tablet":{"background-color":"","background-image":"","background-repeat":"repeat","background-position":"center center","background-size":"auto","background-attachment":"scroll","background-type":"","background-media":"","overlay-type":"","overlay-color":"","overlay-opacity":"","overlay-gradient":""},"mobile":{"background-color":"","background-image":"","background-repeat":"repeat","background-position":"center center","background-size":"auto","background-attachment":"scroll","background-type":"","background-media":"","overlay-type":"","overlay-color":"","overlay-opacity":"","overlay-gradient":""}},"ast-content-background-meta":{"desktop":{"background-color":"var(--ast-global-color-5)","background-image":"","background-repeat":"repeat","background-position":"center center","background-size":"auto","background-attachment":"scroll","background-type":"","background-media":"","overlay-type":"","overlay-color":"","overlay-opacity":"","overlay-gradient":""},"tablet":{"background-color":"var(--ast-global-color-5)","background-image":"","background-repeat":"repeat","background-position":"center center","background-size":"auto","background-attachment":"scroll","background-type":"","background-media":"","overlay-type":"","overlay-color":"","overlay-opacity":"","overlay-gradient":""},"mobile":{"background-color":"var(--ast-global-color-5)","background-image":"","background-repeat":"repeat","background-position":"center center","background-size":"auto","background-attachment":"scroll","background-type":"","background-media":"","overlay-type":"","overlay-color":"","overlay-opacity":"","overlay-gradient":""}},"footnotes":""},"class_list":["post-2389","page","type-page","status-publish","hentry"],"post_mailing_queue_ids":[],"_links":{"self":[{"href":"https:\/\/agora.xtec.cat\/iesvilamajor\/wp-json\/wp\/v2\/pages\/2389","targetHints":{"allow":["GET"]}}],"collection":[{"href":"https:\/\/agora.xtec.cat\/iesvilamajor\/wp-json\/wp\/v2\/pages"}],"about":[{"href":"https:\/\/agora.xtec.cat\/iesvilamajor\/wp-json\/wp\/v2\/types\/page"}],"author":[{"embeddable":true,"href":"https:\/\/agora.xtec.cat\/iesvilamajor\/wp-json\/wp\/v2\/users\/3"}],"replies":[{"embeddable":true,"href":"https:\/\/agora.xtec.cat\/iesvilamajor\/wp-json\/wp\/v2\/comments?post=2389"}],"version-history":[{"count":4,"href":"https:\/\/agora.xtec.cat\/iesvilamajor\/wp-json\/wp\/v2\/pages\/2389\/revisions"}],"predecessor-version":[{"id":2391,"href":"https:\/\/agora.xtec.cat\/iesvilamajor\/wp-json\/wp\/v2\/pages\/2389\/revisions\/2391"}],"up":[{"embeddable":true,"href":"https:\/\/agora.xtec.cat\/iesvilamajor\/wp-json\/wp\/v2\/pages\/63"}],"wp:attachment":[{"href":"https:\/\/agora.xtec.cat\/iesvilamajor\/wp-json\/wp\/v2\/media?parent=2389"}],"curies":[{"name":"wp","href":"https:\/\/api.w.org\/{rel}","templated":true}]}}