{"id":2168,"date":"2023-01-23T09:26:23","date_gmt":"2023-01-23T08:26:23","guid":{"rendered":"https:\/\/agora.xtec.cat\/iesvilamajor\/?page_id=2168"},"modified":"2026-03-18T11:35:02","modified_gmt":"2026-03-18T10:35:02","slug":"presentacions-reunions","status":"publish","type":"page","link":"https:\/\/agora.xtec.cat\/iesvilamajor\/infoalumnat-families\/presentacions-reunions\/","title":{"rendered":"Presentacions de les reunions amb les fam\u00edlies"},"content":{"rendered":"<h4><strong><span style=\"color: #993300;\">Tria d&#8217;optatives de 4t d&#8217;ESO<\/span><\/strong><\/h4>\n<p><strong>Reuni\u00f3 telem\u00e0tica 17_03_2026 a les 17:00h. <a href=\"https:\/\/drive.google.com\/file\/d\/1TbgfOmAiqJ_NejCgakMUaV6GHx-nBklx\/view?usp=sharing\">Presentaci\u00f3.<\/a><\/strong><\/p>\n<h4><strong><span style=\"color: #993300;\">PORTES OBERTES 26_27. I despr\u00e9s de l&#8217;ESO qu\u00e8?<\/span><\/strong><\/h4>\n<p><strong>Reuni\u00f3 al centre 10_03_2026 a les 17:00h. <a href=\"https:\/\/drive.google.com\/file\/d\/1N5xQ2TeUWMd1hMkM3f307E01yUUJytLM\/view?usp=drive_link\">Presentaci\u00f3.<\/a><\/strong><\/p>\n<h4><strong><span style=\"color: #993300;\">PORTES OBERTES 26_27.<\/span><\/strong><\/h4>\n<p><strong>Reuni\u00f3 al centre 24_02_2026 a les 17:00h. <a href=\"https:\/\/drive.google.com\/file\/d\/1TfJGm_pbti7F0KiINpe6bNefsYI7eEP6\/view?usp=sharing\">Presentaci\u00f3.<\/a><\/strong><\/p>\n<h4><strong><span style=\"color: #993300;\">REUNI\u00d3 FAM\u00cdLIES presentaci\u00f3 de l&#8217;AMPA i la plataforma de comunicaci\u00f3 iEduca.<\/span><\/strong><\/h4>\n<p><strong>Reuni\u00f3 telem\u00e0tica 15 DE SETEMBRE A LES 17:00h. <a href=\"https:\/\/drive.google.com\/file\/d\/10quEOtnFbpz2z-EsiUDPj-bvVSIz7ell\/view?usp=sharing\">Presentaci\u00f3.<\/a><\/strong><\/p>\n<h4><strong><span style=\"color: #993300;\">REUNI\u00d3 FAM\u00cdLIES BATXILLERAT. Inici de curs.<\/span><\/strong><\/h4>\n<p><a href=\"https:\/\/drive.google.com\/file\/d\/1fWc5vZzF43NlYVtTvRLWl8WWS8HeEnA8\/view?usp=sharing\"><strong>Inici de curs, DIMARTS 9 DE SETEMBRE A LES 17:00h<\/strong><\/a><\/p>\n<h4><strong><span style=\"color: #993300;\">REUNI\u00d3 FAM\u00cdLIES 4t d&#8217;ESO. Inici de curs.<\/span><\/strong><\/h4>\n<p><a href=\"https:\/\/drive.google.com\/file\/d\/1eHxV0mmI0XFAE23a8nCEt-SBZuwTxP7r\/view?usp=sharing\"><strong>Inici de curs, DILLUNS 8 DE SETEMBRE A LES 17:00h<\/strong><\/a><\/p>\n<h4><strong><span style=\"color: #993300;\">REUNI\u00d3 FAM\u00cdLIES 3r d&#8217;ESO. Inici de curs.<\/span><\/strong><\/h4>\n<p><a href=\"https:\/\/drive.google.com\/file\/d\/1yNGVP_D4vwtIViHbG73lnCq7nsaiEHDU\/view?usp=sharing\"><strong>Inici de curs, DIJOUS 4 DE SETEMBRE A LES 17:00h<\/strong><\/a><\/p>\n<h4><strong><span style=\"color: #993300;\">REUNI\u00d3 FAM\u00cdLIES 2n d&#8217;ESO. Inici de curs.<\/span><\/strong><\/h4>\n<p><a href=\"https:\/\/drive.google.com\/file\/d\/1wcv0IgsGs_5Y0zQx4mSxRovyrY66WEe9\/view?usp=sharing\"><strong>Inici de curs, DIMECRES 3 DE SETEMBRE A LES 17:00h<\/strong><\/a><\/p>\n<h4><strong><span style=\"color: #993300;\">REUNI\u00d3 FAM\u00cdLIES 1r d&#8217;ESO. Inici de curs.<\/span><\/strong><\/h4>\n<p><a href=\"https:\/\/drive.google.com\/file\/d\/1v8N8QeefuB6onOraeuQGfhNmv0M7eNcG\/view?usp=sharing\"><strong>Inici de curs, DIMARTS 2 DE SETEMBRE A LES 17:00h<\/strong><\/a><\/p>\n<h4><strong><span style=\"color: #993300;\">REUNI\u00d3 FAM\u00cdLIES 1r d&#8217;ESO. Benvinguda al centre.<\/span><\/strong><\/h4>\n<p><a href=\"https:\/\/drive.google.com\/file\/d\/1M_YlDU65roEN8U_GMIiH0PeDpELpZkwk\/view?usp=sharing\"><strong>ORIENTACI\u00d3 PER iniciar 1r d&#8217;ESO, DIMARTS 8 DE JULIOL A LES 17:30h<\/strong><\/a><\/p>\n<p>&nbsp;<\/p>\n","protected":false},"excerpt":{"rendered":"<p>Tria d&#8217;optatives de 4t d&#8217;ESO Reuni\u00f3 telem\u00e0tica 17_03_2026 a les 17:00h. Presentaci\u00f3. PORTES OBERTES 26_27. I despr\u00e9s de l&#8217;ESO qu\u00e8? Reuni\u00f3 al centre 10_03_2026 a les 17:00h. Presentaci\u00f3. PORTES OBERTES 26_27. Reuni\u00f3 al centre 24_02_2026 a les 17:00h. Presentaci\u00f3. REUNI\u00d3 FAM\u00cdLIES presentaci\u00f3 de l&#8217;AMPA i la plataforma de comunicaci\u00f3 iEduca. Reuni\u00f3 telem\u00e0tica 15 DE SETEMBRE [&hellip;]<\/p>\n","protected":false},"author":1,"featured_media":0,"parent":63,"menu_order":0,"comment_status":"closed","ping_status":"closed","template":"","meta":{"_bbp_topic_count":0,"_bbp_reply_count":0,"_bbp_total_topic_count":0,"_bbp_total_reply_count":0,"_bbp_voice_count":0,"_bbp_anonymous_reply_count":0,"_bbp_topic_count_hidden":0,"_bbp_reply_count_hidden":0,"_bbp_forum_subforum_count":0,"site-sidebar-layout":"default","site-content-layout":"","ast-site-content-layout":"default","site-content-style":"default","site-sidebar-style":"default","ast-global-header-display":"","ast-banner-title-visibility":"","ast-main-header-display":"","ast-hfb-above-header-display":"","ast-hfb-below-header-display":"","ast-hfb-mobile-header-display":"","site-post-title":"","ast-breadcrumbs-content":"","ast-featured-img":"","footer-sml-layout":"","theme-transparent-header-meta":"default","adv-header-id-meta":"","stick-header-meta":"","header-above-stick-meta":"","header-main-stick-meta":"","header-below-stick-meta":"","astra-migrate-meta-layouts":"set","ast-page-background-enabled":"default","ast-page-background-meta":{"desktop":{"background-color":"var(--ast-global-color-4)","background-image":"","background-repeat":"repeat","background-position":"center center","background-size":"auto","background-attachment":"scroll","background-type":"","background-media":"","overlay-type":"","overlay-color":"","overlay-opacity":"","overlay-gradient":""},"tablet":{"background-color":"","background-image":"","background-repeat":"repeat","background-position":"center center","background-size":"auto","background-attachment":"scroll","background-type":"","background-media":"","overlay-type":"","overlay-color":"","overlay-opacity":"","overlay-gradient":""},"mobile":{"background-color":"","background-image":"","background-repeat":"repeat","background-position":"center center","background-size":"auto","background-attachment":"scroll","background-type":"","background-media":"","overlay-type":"","overlay-color":"","overlay-opacity":"","overlay-gradient":""}},"ast-content-background-meta":{"desktop":{"background-color":"var(--ast-global-color-5)","background-image":"","background-repeat":"repeat","background-position":"center center","background-size":"auto","background-attachment":"scroll","background-type":"","background-media":"","overlay-type":"","overlay-color":"","overlay-opacity":"","overlay-gradient":""},"tablet":{"background-color":"var(--ast-global-color-5)","background-image":"","background-repeat":"repeat","background-position":"center center","background-size":"auto","background-attachment":"scroll","background-type":"","background-media":"","overlay-type":"","overlay-color":"","overlay-opacity":"","overlay-gradient":""},"mobile":{"background-color":"var(--ast-global-color-5)","background-image":"","background-repeat":"repeat","background-position":"center center","background-size":"auto","background-attachment":"scroll","background-type":"","background-media":"","overlay-type":"","overlay-color":"","overlay-opacity":"","overlay-gradient":""}},"footnotes":""},"class_list":["post-2168","page","type-page","status-publish","hentry"],"post_mailing_queue_ids":[],"_links":{"self":[{"href":"https:\/\/agora.xtec.cat\/iesvilamajor\/wp-json\/wp\/v2\/pages\/2168","targetHints":{"allow":["GET"]}}],"collection":[{"href":"https:\/\/agora.xtec.cat\/iesvilamajor\/wp-json\/wp\/v2\/pages"}],"about":[{"href":"https:\/\/agora.xtec.cat\/iesvilamajor\/wp-json\/wp\/v2\/types\/page"}],"author":[{"embeddable":true,"href":"https:\/\/agora.xtec.cat\/iesvilamajor\/wp-json\/wp\/v2\/users\/1"}],"replies":[{"embeddable":true,"href":"https:\/\/agora.xtec.cat\/iesvilamajor\/wp-json\/wp\/v2\/comments?post=2168"}],"version-history":[{"count":7,"href":"https:\/\/agora.xtec.cat\/iesvilamajor\/wp-json\/wp\/v2\/pages\/2168\/revisions"}],"predecessor-version":[{"id":3757,"href":"https:\/\/agora.xtec.cat\/iesvilamajor\/wp-json\/wp\/v2\/pages\/2168\/revisions\/3757"}],"up":[{"embeddable":true,"href":"https:\/\/agora.xtec.cat\/iesvilamajor\/wp-json\/wp\/v2\/pages\/63"}],"wp:attachment":[{"href":"https:\/\/agora.xtec.cat\/iesvilamajor\/wp-json\/wp\/v2\/media?parent=2168"}],"curies":[{"name":"wp","href":"https:\/\/api.w.org\/{rel}","templated":true}]}}

Presentacions de les reunions amb les famílies

<h4><strong><span style="color: #993300;">Tria d&#8217;optatives de 4t d&#8217;ESO</span></strong></h4>
<p><strong>Reunió telemàtica 17_03_2026 a les 17:00h. <a href="https://drive.google.com/file/d/1TbgfOmAiqJ_NejCgakMUaV6GHx-nBklx/view?usp=sharing">Presentació.</a></strong></p>
<h4><strong><span style="color: #993300;">PORTES OBERTES 26_27. I després de l&#8217;ESO què?</span></strong></h4>
<p><strong>Reunió al centre 10_03_2026 a les 17:00h. <a href="https://drive.google.com/file/d/1N5xQ2TeUWMd1hMkM3f307E01yUUJytLM/view?usp=drive_link">Presentació.</a></strong></p>
<h4><strong><span style="color: #993300;">PORTES OBERTES 26_27.</span></strong></h4>
<p><strong>Reunió al centre 24_02_2026 a les 17:00h. <a href="https://drive.google.com/file/d/1TfJGm_pbti7F0KiINpe6bNefsYI7eEP6/view?usp=sharing">Presentació.</a></strong></p>
<h4><strong><span style="color: #993300;">REUNIÓ FAMÍLIES presentació de l&#8217;AMPA i la plataforma de comunicació iEduca.</span></strong></h4>
<p><strong>Reunió telemàtica 15 DE SETEMBRE A LES 17:00h. <a href="https://drive.google.com/file/d/10quEOtnFbpz2z-EsiUDPj-bvVSIz7ell/view?usp=sharing">Presentació.</a></strong></p>
<h4><strong><span style="color: #993300;">REUNIÓ FAMÍLIES BATXILLERAT. Inici de curs.</span></strong></h4>
<p><a href="https://drive.google.com/file/d/1fWc5vZzF43NlYVtTvRLWl8WWS8HeEnA8/view?usp=sharing"><strong>Inici de curs, DIMARTS 9 DE SETEMBRE A LES 17:00h</strong></a></p>
<h4><strong><span style="color: #993300;">REUNIÓ FAMÍLIES 4t d&#8217;ESO. Inici de curs.</span></strong></h4>
<p><a href="https://drive.google.com/file/d/1eHxV0mmI0XFAE23a8nCEt-SBZuwTxP7r/view?usp=sharing"><strong>Inici de curs, DILLUNS 8 DE SETEMBRE A LES 17:00h</strong></a></p>
<h4><strong><span style="color: #993300;">REUNIÓ FAMÍLIES 3r d&#8217;ESO. Inici de curs.</span></strong></h4>
<p><a href="https://drive.google.com/file/d/1yNGVP_D4vwtIViHbG73lnCq7nsaiEHDU/view?usp=sharing"><strong>Inici de curs, DIJOUS 4 DE SETEMBRE A LES 17:00h</strong></a></p>
<h4><strong><span style="color: #993300;">REUNIÓ FAMÍLIES 2n d&#8217;ESO. Inici de curs.</span></strong></h4>
<p><a href="https://drive.google.com/file/d/1wcv0IgsGs_5Y0zQx4mSxRovyrY66WEe9/view?usp=sharing"><strong>Inici de curs, DIMECRES 3 DE SETEMBRE A LES 17:00h</strong></a></p>
<h4><strong><span style="color: #993300;">REUNIÓ FAMÍLIES 1r d&#8217;ESO. Inici de curs.</span></strong></h4>
<p><a href="https://drive.google.com/file/d/1v8N8QeefuB6onOraeuQGfhNmv0M7eNcG/view?usp=sharing"><strong>Inici de curs, DIMARTS 2 DE SETEMBRE A LES 17:00h</strong></a></p>
<h4><strong><span style="color: #993300;">REUNIÓ FAMÍLIES 1r d&#8217;ESO. Benvinguda al centre.</span></strong></h4>
<p><a href="https://drive.google.com/file/d/1M_YlDU65roEN8U_GMIiH0PeDpELpZkwk/view?usp=sharing"><strong>ORIENTACIÓ PER iniciar 1r d&#8217;ESO, DIMARTS 8 DE JULIOL A LES 17:30h</strong></a></p>
<p>&nbsp;</p>

<p>Tria d&#8217;optatives de 4t d&#8217;ESO Reunió telemàtica 17_03_2026 a les 17:00h. Presentació. PORTES OBERTES 26_27. I després de l&#8217;ESO què? Reunió al centre 10_03_2026 a les 17:00h. Presentació. PORTES OBERTES 26_27. Reunió al centre 24_02_2026 a les 17:00h. Presentació. REUNIÓ FAMÍLIES presentació de l&#8217;AMPA i la plataforma de comunicació iEduca. Reunió telemàtica 15 DE SETEMBRE [&hellip;]</p>
