{"id":19,"date":"2014-09-17T14:56:56","date_gmt":"2014-09-17T12:56:56","guid":{"rendered":"http:\/\/agora.xtec.cat\/iesvilamajor\/?page_id=19"},"modified":"2023-07-02T08:50:56","modified_gmt":"2023-07-02T06:50:56","slug":"elnostrecentre","status":"publish","type":"page","link":"https:\/\/agora.xtec.cat\/iesvilamajor\/elnostrecentre\/","title":{"rendered":"El nostre centre"},"content":{"rendered":"<p><span style=\"color: #687d00;\">L\u2019Institut Vilamajor \u00e9s un centre p\u00fablic d\u2019Educaci\u00f3 Secund\u00e0ria que d\u00f3na servei als municipis de Sant Pere i Sant Antoni de Vilamajor. Oferta ensenyaments d\u2019ESO i Batxillerat (Human\u00edstic i Social, Tecnol\u00f2gic i Cient\u00edfic). Va iniciar el seu funcionament el curs 2006\/2007. Actualment, ocupa un edifici plenament equipat i amb unes instal\u00b7lacions integrals per a facilitar un aprenentatge de qualitat amb els serveis necessaris.<\/span><\/p>\n<p><span style=\"color: #687d00;\"> El <a href=\"https:\/\/drive.google.com\/file\/d\/1GPYTEyJE7EdSktg_EW7l348dwsmppO-1\/view\" target=\"_blank\" rel=\"noopener\"><strong>Projectes Educatiu de Centre (PEC)<\/strong><\/a> \u00e9s el document de refer\u00e8ncia m\u00e9s important del centre perqu\u00e8 constitueix i expressa les dites intencionalitats, essent el full de ruta de l\u2019equip directiu compartit per la resta de la comunitat educativa, alumnat, professorat, fam\u00edlies, i persones que hi treballen. El punt de partida \u00e9s l\u2019acord que tots som coresponsables en l\u2019educaci\u00f3 de l&#8217;alumnat, tot aprenent els uns dels altres. Aix\u00ed mateix, el Departament d\u2019Educaci\u00f3 i, en concret, l\u2019institut Vilamajor considerem la innovaci\u00f3<br \/>\ncom un dels motors de canvi del sistema educatiu i un element important per millorar-ne la qualitat<br \/>\ni la progressiva adequaci\u00f3 als reptes que l&#8217;evoluci\u00f3 social planteja. <\/span><\/p>\n<p><span style=\"color: #687d00;\">Som-hi!<\/span><\/p>\n<p><span style=\"color: #687d00;\">Equip directiu.<\/span><\/p>\n<p>&nbsp;<\/p>\n","protected":false},"excerpt":{"rendered":"<p>L\u2019Institut Vilamajor \u00e9s un centre p\u00fablic d\u2019Educaci\u00f3 Secund\u00e0ria que d\u00f3na servei als municipis de Sant Pere i Sant Antoni de Vilamajor. Oferta ensenyaments d\u2019ESO i Batxillerat (Human\u00edstic i Social, Tecnol\u00f2gic i Cient\u00edfic). Va iniciar el seu funcionament el curs 2006\/2007. Actualment, ocupa un edifici plenament equipat i amb unes instal\u00b7lacions integrals per a facilitar un [&hellip;]<\/p>\n","protected":false},"author":1,"featured_media":0,"parent":0,"menu_order":0,"comment_status":"closed","ping_status":"closed","template":"page-templates\/side-menu.php","meta":{"_bbp_topic_count":0,"_bbp_reply_count":0,"_bbp_total_topic_count":0,"_bbp_total_reply_count":0,"_bbp_voice_count":0,"_bbp_anonymous_reply_count":0,"_bbp_topic_count_hidden":0,"_bbp_reply_count_hidden":0,"_bbp_forum_subforum_count":0,"site-sidebar-layout":"default","site-content-layout":"","ast-site-content-layout":"","site-content-style":"default","site-sidebar-style":"default","ast-global-header-display":"","ast-banner-title-visibility":"","ast-main-header-display":"","ast-hfb-above-header-display":"","ast-hfb-below-header-display":"","ast-hfb-mobile-header-display":"","site-post-title":"","ast-breadcrumbs-content":"","ast-featured-img":"","footer-sml-layout":"","theme-transparent-header-meta":"","adv-header-id-meta":"","stick-header-meta":"","header-above-stick-meta":"","header-main-stick-meta":"","header-below-stick-meta":"","astra-migrate-meta-layouts":"default","ast-page-background-enabled":"default","ast-page-background-meta":{"desktop":{"background-color":"var(--ast-global-color-4)","background-image":"","background-repeat":"repeat","background-position":"center center","background-size":"auto","background-attachment":"scroll","background-type":"","background-media":"","overlay-type":"","overlay-color":"","overlay-opacity":"","overlay-gradient":""},"tablet":{"background-color":"","background-image":"","background-repeat":"repeat","background-position":"center center","background-size":"auto","background-attachment":"scroll","background-type":"","background-media":"","overlay-type":"","overlay-color":"","overlay-opacity":"","overlay-gradient":""},"mobile":{"background-color":"","background-image":"","background-repeat":"repeat","background-position":"center center","background-size":"auto","background-attachment":"scroll","background-type":"","background-media":"","overlay-type":"","overlay-color":"","overlay-opacity":"","overlay-gradient":""}},"ast-content-background-meta":{"desktop":{"background-color":"var(--ast-global-color-5)","background-image":"","background-repeat":"repeat","background-position":"center center","background-size":"auto","background-attachment":"scroll","background-type":"","background-media":"","overlay-type":"","overlay-color":"","overlay-opacity":"","overlay-gradient":""},"tablet":{"background-color":"var(--ast-global-color-5)","background-image":"","background-repeat":"repeat","background-position":"center center","background-size":"auto","background-attachment":"scroll","background-type":"","background-media":"","overlay-type":"","overlay-color":"","overlay-opacity":"","overlay-gradient":""},"mobile":{"background-color":"var(--ast-global-color-5)","background-image":"","background-repeat":"repeat","background-position":"center center","background-size":"auto","background-attachment":"scroll","background-type":"","background-media":"","overlay-type":"","overlay-color":"","overlay-opacity":"","overlay-gradient":""}},"footnotes":""},"class_list":["post-19","page","type-page","status-publish","hentry"],"post_mailing_queue_ids":[],"_links":{"self":[{"href":"https:\/\/agora.xtec.cat\/iesvilamajor\/wp-json\/wp\/v2\/pages\/19","targetHints":{"allow":["GET"]}}],"collection":[{"href":"https:\/\/agora.xtec.cat\/iesvilamajor\/wp-json\/wp\/v2\/pages"}],"about":[{"href":"https:\/\/agora.xtec.cat\/iesvilamajor\/wp-json\/wp\/v2\/types\/page"}],"author":[{"embeddable":true,"href":"https:\/\/agora.xtec.cat\/iesvilamajor\/wp-json\/wp\/v2\/users\/1"}],"replies":[{"embeddable":true,"href":"https:\/\/agora.xtec.cat\/iesvilamajor\/wp-json\/wp\/v2\/comments?post=19"}],"version-history":[{"count":4,"href":"https:\/\/agora.xtec.cat\/iesvilamajor\/wp-json\/wp\/v2\/pages\/19\/revisions"}],"predecessor-version":[{"id":2504,"href":"https:\/\/agora.xtec.cat\/iesvilamajor\/wp-json\/wp\/v2\/pages\/19\/revisions\/2504"}],"wp:attachment":[{"href":"https:\/\/agora.xtec.cat\/iesvilamajor\/wp-json\/wp\/v2\/media?parent=19"}],"curies":[{"name":"wp","href":"https:\/\/api.w.org\/{rel}","templated":true}]}}

<p><span style="color: #687d00;">L’Institut Vilamajor és un centre públic d’Educació Secundària que dóna servei als municipis de Sant Pere i Sant Antoni de Vilamajor. Oferta ensenyaments d’ESO i Batxillerat (Humanístic i Social, Tecnològic i Científic). Va iniciar el seu funcionament el curs 2006/2007. Actualment, ocupa un edifici plenament equipat i amb unes instal·lacions integrals per a facilitar un aprenentatge de qualitat amb els serveis necessaris.</span></p>
<p><span style="color: #687d00;"> El <a href="https://drive.google.com/file/d/1GPYTEyJE7EdSktg_EW7l348dwsmppO-1/view" target="_blank" rel="noopener"><strong>Projectes Educatiu de Centre (PEC)</strong></a> és el document de referència més important del centre perquè constitueix i expressa les dites intencionalitats, essent el full de ruta de l’equip directiu compartit per la resta de la comunitat educativa, alumnat, professorat, famílies, i persones que hi treballen. El punt de partida és l’acord que tots som coresponsables en l’educació de l&#8217;alumnat, tot aprenent els uns dels altres. Així mateix, el Departament d’Educació i, en concret, l’institut Vilamajor considerem la innovació<br />
com un dels motors de canvi del sistema educatiu i un element important per millorar-ne la qualitat<br />
i la progressiva adequació als reptes que l&#8217;evolució social planteja. </span></p>
<p><span style="color: #687d00;">Som-hi!</span></p>
<p><span style="color: #687d00;">Equip directiu.</span></p>
<p>&nbsp;</p>

<p>L’Institut Vilamajor és un centre públic d’Educació Secundària que dóna servei als municipis de Sant Pere i Sant Antoni de Vilamajor. Oferta ensenyaments d’ESO i Batxillerat (Humanístic i Social, Tecnològic i Científic). Va iniciar el seu funcionament el curs 2006/2007. Actualment, ocupa un edifici plenament equipat i amb unes instal·lacions integrals per a facilitar un [&hellip;]</p>
