{"id":1037,"date":"2022-10-11T11:33:19","date_gmt":"2022-10-11T09:33:19","guid":{"rendered":"https:\/\/agora.xtec.cat\/iesvilamajor\/?page_id=1037"},"modified":"2022-11-21T12:22:25","modified_gmt":"2022-11-21T11:22:25","slug":"agenda-digital-de-1r-deso","status":"publish","type":"page","link":"https:\/\/agora.xtec.cat\/iesvilamajor\/agendes-digitals\/agenda-digital-de-1r-deso\/","title":{"rendered":"Agenda Digital de 1r d&#8217;ESO"},"content":{"rendered":"<h3 class=\"sectionname\"><\/h3>\n<div class=\"section_availability\"><\/div>\n<div class=\"summary\">\n<div class=\"no-overflow\">\n<p><span style=\"color: #74870b;\">Benvolgut alumnat i fam\u00edlies de 1r d&#8217;ESO,<\/span><\/p>\n<p><span style=\"color: #74870b;\">A l&#8217;agenda virtual s&#8217;anotaran els deures, ex\u00e0mens i treballs de cada grup classe. Es tracta d\u2019una eina de refer\u00e8ncia per a alumnes, mares i pares, que es pot consultar en cas d\u2019abs\u00e8ncia escolar o quan hi ha dubtes sobre els deures, per\u00f2, que en cap cas substitueix l\u2019agenda personal dels alumnes.<\/span><\/p>\n<p><span style=\"color: #74870b;\">Esperem que sigui una eina \u00fatil per a tots!<\/span><\/p>\n<p><span style=\"color: #74870b;\">Cordialment.<\/span><\/p>\n<p><span style=\"color: #74870b;\">Equip docent de 1r d&#8217;ESO<\/span><\/p>\n<\/div>\n<\/div>\n<p>&nbsp;<\/p>\n<h5>EL VALOR DE L&#8217;ESFOR\u00c7<\/h5>\n<p><strong><span style=\"color: #74870b;\">Qu\u00e8 \u00e9s l&#8217;esfor\u00e7?<\/span><\/strong><\/p>\n<p><span style=\"color: #74870b;\">L&#8217;esfor\u00e7 \u00e9s la capacitat que tenim de treballar durant un temps continuat per aconseguir\u00a0 uns objectius determinats. En l&#8217;\u00e0mbit escolar, l&#8217;esfor\u00e7 constitueix la base fonamental\u00a0 perqu\u00e8 l&#8217;alumnat obtingui un major rendiment. El valor de l&#8217;esfor\u00e7 els ajudar\u00e0 a ampliar al m\u00e0xim les capacitats que porten dins per obtenir uns millors resultats. Tamb\u00e9 els permetr\u00e0 v\u00e8ncer i superar els obstacles en els diferents \u00e0mbits de la seva vida.<\/span><\/p>\n<p>&nbsp;<\/p>\n<p><a href=\"https:\/\/educacio.gencat.cat\/ca\/arees-actuacio\/families\/\">ESCOLA I FAM\u00cdLIA: EL VALOR DE L&#8217;ESFOR\u00c7<\/a><\/p>\n<p><span style=\"color: #74870b;\">Eina per aconseguir l&#8217;\u00e8xit educatiu:<\/span><\/p>\n<p><span style=\"color: #74870b;\">En la societat actual, on es d\u00f3na molta import\u00e0ncia a l&#8217;\u00e8xit f\u00e0cil, esdev\u00e9 necessari pensar en el significat d&#8217;educar en l&#8217;esfor\u00e7.<\/span><\/p>\n<p><a href=\"http:\/\/www20.gencat.cat\/portal\/site\/familiaescola\/menuitem.5b21aabe12191ad9aacf3010b0c0e1a0\/?vgnextoid=447f1e7eeaacd310VgnVCM2000009b0c1e0aRCRD&amp;vgnextchannel=447f1e7eeaacd310VgnVCM2000009b0c1e0aRCRD&amp;vgnextfmt=default\">GENCAT-FAM\u00cdLIA I ESCOLA<\/a><\/p>\n<p><span style=\"color: #74870b;\">Tot el que cal saber sobre l&#8217;escolaritat: acompanyament escolar a casa.<\/span><\/p>\n<p>&nbsp;<\/p>\n<div id=\"content\" class=\"\">\n<div id=\"yui_3_17_2_1_1665479930878_127\" class=\"course-content\">\n<ul id=\"yui_3_17_2_1_1665479930878_126\" class=\"topics\">\n<li id=\"section-2\" class=\"section main clearfix\" style=\"text-align: left;\" role=\"region\" aria-label=\" AGENDA 1r ESO A\"><span class=\"hidden sectionname\"> AGENDA 1r ESO A<\/span>\n<div class=\"left side\"><\/div>\n<div class=\"right side\"><img loading=\"lazy\" decoding=\"async\" class=\"icon spacer\" src=\"https:\/\/vilamajor.esemtia.net\/moodle\/theme\/image.php\/essential\/core\/1664771959\/spacer\" alt=\"\" width=\"1\" height=\"1\" aria-hidden=\"true\" \/><\/div>\n<div class=\"content\">\n<h3 class=\"sectionname\">AGENDA 1r ESO A<\/h3>\n<div class=\"summary\"><\/div>\n<div>\n<div class=\"mod-indent-outer\">\n<div>\n<div class=\"contentwithoutlink \">\n<div class=\"no-overflow\">\n<div class=\"no-overflow\">\n<p><iframe loading=\"lazy\" style=\"border: 0;\" src=\"https:\/\/www.google.com\/calendar\/embed?src=agenda1esoa%40insvilamajor.cat&amp;ctz=Europe\/Madrid\" width=\"620\" height=\"460\" frameborder=\"0\" scrolling=\"no\"><\/iframe><\/p>\n<p>&nbsp;<\/p>\n<\/div>\n<\/div>\n<\/div>\n<\/div>\n<\/div>\n<\/div>\n<\/div>\n<\/li>\n<\/ul>\n<\/div>\n<ul>\n<li class=\"section main clearfix\" style=\"text-align: left;\" role=\"region\" aria-label=\" AGENDA 1r ESO B\"><span class=\"hidden sectionname\"> AGENDA 1r ESO B<\/span>\n<div class=\"left side\"><\/div>\n<div class=\"right side\"><img loading=\"lazy\" decoding=\"async\" class=\"icon spacer\" src=\"https:\/\/vilamajor.esemtia.net\/moodle\/theme\/image.php\/essential\/core\/1664771959\/spacer\" alt=\"\" width=\"1\" height=\"1\" aria-hidden=\"true\" \/><\/div>\n<div class=\"content\">\n<h3 class=\"sectionname\">AGENDA 1r ESO B<\/h3>\n<\/div>\n<div>\n<div class=\"mod-indent-outer\">\n<div class=\"mod-indent\"><\/div>\n<div>\n<div class=\"contentwithoutlink \">\n<div class=\"no-overflow\">\n<div class=\"no-overflow\">\n<p><iframe loading=\"lazy\" style=\"border: 0;\" src=\"https:\/\/www.google.com\/calendar\/embed?src=agenda1esob%40insvilamajor.cat&amp;ctz=Europe\/Madrid\" width=\"620\" height=\"460\" frameborder=\"0\" scrolling=\"no\"><\/iframe><\/p>\n<p>&nbsp;<\/p>\n<\/div>\n<\/div>\n<\/div>\n<\/div>\n<\/div>\n<\/div>\n<\/li>\n<li id=\"section-4\" class=\"section main clearfix\" style=\"text-align: left;\" role=\"region\" aria-label=\" AGENDA 1r ESO C\"><span class=\"hidden sectionname\"> AGENDA 1r ESO C<\/span>\n<div class=\"left side\"><\/div>\n<div class=\"right side\"><img loading=\"lazy\" decoding=\"async\" class=\"icon spacer\" src=\"https:\/\/vilamajor.esemtia.net\/moodle\/theme\/image.php\/essential\/core\/1664771959\/spacer\" alt=\"\" width=\"1\" height=\"1\" aria-hidden=\"true\" \/><\/div>\n<div class=\"content\">\n<h3 class=\"sectionname\">AGENDA 1r ESO C<\/h3>\n<div class=\"summary\"><\/div>\n<\/div>\n<div>\n<div class=\"contentwithoutlink \">\n<div class=\"no-overflow\">\n<div class=\"no-overflow\">\n<p><iframe loading=\"lazy\" style=\"border: 0;\" src=\"https:\/\/www.google.com\/calendar\/embed?src=agenda1esoc%40insvilamajor.cat&amp;ctz=Europe\/Madrid\" width=\"620\" height=\"460\" frameborder=\"0\" scrolling=\"no\"><\/iframe><\/p>\n<p>&nbsp;<\/p>\n<\/div>\n<\/div>\n<\/div>\n<\/div>\n<\/li>\n<li id=\"section-5\" class=\"section main clearfix\" style=\"text-align: left;\" role=\"region\" aria-label=\"AGENDA 1r ESO D\"><span class=\"hidden sectionname\">AGENDA 1r ESO D<\/span>\n<div class=\"left side\"><\/div>\n<div class=\"right side\"><img loading=\"lazy\" decoding=\"async\" class=\"icon spacer\" src=\"https:\/\/vilamajor.esemtia.net\/moodle\/theme\/image.php\/essential\/core\/1664771959\/spacer\" alt=\"\" width=\"1\" height=\"1\" aria-hidden=\"true\" \/><\/div>\n<div class=\"content\">\n<h3 class=\"sectionname\">AGENDA 1r ESO D<\/h3>\n<div class=\"summary\"><\/div>\n<\/div>\n<div class=\"mod-indent-outer\">\n<div>\n<div class=\"contentwithoutlink \">\n<div class=\"no-overflow\">\n<div class=\"no-overflow\">\n<p><iframe loading=\"lazy\" style=\"border: 0;\" src=\"https:\/\/www.google.com\/calendar\/embed?src=agenda1esod%40insvilamajor.cat&amp;ctz=Europe\/Madrid\" width=\"620\" height=\"460\" frameborder=\"0\" scrolling=\"no\"><\/iframe><\/p>\n<p>&nbsp;<\/p>\n<\/div>\n<\/div>\n<\/div>\n<\/div>\n<\/div>\n<\/li>\n<li id=\"section-6\" class=\"section main clearfix\" role=\"region\" aria-label=\"AGENDA 1r ESO E\"><span class=\"hidden sectionname\">AGENDA 1r ESO E<\/span>\n<div class=\"left side\" style=\"text-align: left;\"><\/div>\n<div class=\"right side\" style=\"text-align: left;\"><img loading=\"lazy\" decoding=\"async\" class=\"icon spacer\" src=\"https:\/\/vilamajor.esemtia.net\/moodle\/theme\/image.php\/essential\/core\/1664771959\/spacer\" alt=\"\" width=\"1\" height=\"1\" aria-hidden=\"true\" \/><\/div>\n<div class=\"content\" style=\"text-align: left;\">\n<h3 class=\"sectionname\">AGENDA 1r ESO E<\/h3>\n<div class=\"summary\"><\/div>\n<\/div>\n<div class=\"mod-indent-outer\">\n<div>\n<div class=\"contentwithoutlink \">\n<div class=\"no-overflow\">\n<div class=\"no-overflow\">\n<p style=\"text-align: left;\"><iframe loading=\"lazy\" style=\"border-width: 0;\" src=\"https:\/\/calendar.google.com\/calendar\/embed?height=600&amp;wkst=1&amp;hl=ca&amp;bgcolor=%23FFFFFF&amp;src=agenda1esoe%40insvilamajor.cat&amp;color=%231B887A&amp;ctz=Europe%2FMadrid\" width=\"620\" height=\"460\" frameborder=\"0\" scrolling=\"no\"><\/iframe><\/p>\n<\/div>\n<\/div>\n<\/div>\n<\/div>\n<\/div>\n<\/li>\n<\/ul>\n<\/div>\n","protected":false},"excerpt":{"rendered":"<p>Benvolgut alumnat i fam\u00edlies de 1r d&#8217;ESO, A l&#8217;agenda virtual s&#8217;anotaran els deures, ex\u00e0mens i treballs de cada grup classe. Es tracta d\u2019una eina de refer\u00e8ncia per a alumnes, mares i pares, que es pot consultar en cas d\u2019abs\u00e8ncia escolar o quan hi ha dubtes sobre els deures, per\u00f2, que en cap cas substitueix l\u2019agenda [&hellip;]<\/p>\n","protected":false},"author":1,"featured_media":0,"parent":1326,"menu_order":0,"comment_status":"closed","ping_status":"closed","template":"page-templates\/side-menu.php","meta":{"_bbp_topic_count":0,"_bbp_reply_count":0,"_bbp_total_topic_count":0,"_bbp_total_reply_count":0,"_bbp_voice_count":0,"_bbp_anonymous_reply_count":0,"_bbp_topic_count_hidden":0,"_bbp_reply_count_hidden":0,"_bbp_forum_subforum_count":0,"site-sidebar-layout":"default","site-content-layout":"","ast-site-content-layout":"","site-content-style":"default","site-sidebar-style":"default","ast-global-header-display":"","ast-banner-title-visibility":"","ast-main-header-display":"","ast-hfb-above-header-display":"","ast-hfb-below-header-display":"","ast-hfb-mobile-header-display":"","site-post-title":"","ast-breadcrumbs-content":"","ast-featured-img":"","footer-sml-layout":"","theme-transparent-header-meta":"","adv-header-id-meta":"","stick-header-meta":"","header-above-stick-meta":"","header-main-stick-meta":"","header-below-stick-meta":"","astra-migrate-meta-layouts":"default","ast-page-background-enabled":"default","ast-page-background-meta":{"desktop":{"background-color":"var(--ast-global-color-4)","background-image":"","background-repeat":"repeat","background-position":"center center","background-size":"auto","background-attachment":"scroll","background-type":"","background-media":"","overlay-type":"","overlay-color":"","overlay-opacity":"","overlay-gradient":""},"tablet":{"background-color":"","background-image":"","background-repeat":"repeat","background-position":"center center","background-size":"auto","background-attachment":"scroll","background-type":"","background-media":"","overlay-type":"","overlay-color":"","overlay-opacity":"","overlay-gradient":""},"mobile":{"background-color":"","background-image":"","background-repeat":"repeat","background-position":"center center","background-size":"auto","background-attachment":"scroll","background-type":"","background-media":"","overlay-type":"","overlay-color":"","overlay-opacity":"","overlay-gradient":""}},"ast-content-background-meta":{"desktop":{"background-color":"var(--ast-global-color-5)","background-image":"","background-repeat":"repeat","background-position":"center center","background-size":"auto","background-attachment":"scroll","background-type":"","background-media":"","overlay-type":"","overlay-color":"","overlay-opacity":"","overlay-gradient":""},"tablet":{"background-color":"var(--ast-global-color-5)","background-image":"","background-repeat":"repeat","background-position":"center center","background-size":"auto","background-attachment":"scroll","background-type":"","background-media":"","overlay-type":"","overlay-color":"","overlay-opacity":"","overlay-gradient":""},"mobile":{"background-color":"var(--ast-global-color-5)","background-image":"","background-repeat":"repeat","background-position":"center center","background-size":"auto","background-attachment":"scroll","background-type":"","background-media":"","overlay-type":"","overlay-color":"","overlay-opacity":"","overlay-gradient":""}},"footnotes":""},"class_list":["post-1037","page","type-page","status-publish","hentry"],"post_mailing_queue_ids":[],"_links":{"self":[{"href":"https:\/\/agora.xtec.cat\/iesvilamajor\/wp-json\/wp\/v2\/pages\/1037","targetHints":{"allow":["GET"]}}],"collection":[{"href":"https:\/\/agora.xtec.cat\/iesvilamajor\/wp-json\/wp\/v2\/pages"}],"about":[{"href":"https:\/\/agora.xtec.cat\/iesvilamajor\/wp-json\/wp\/v2\/types\/page"}],"author":[{"embeddable":true,"href":"https:\/\/agora.xtec.cat\/iesvilamajor\/wp-json\/wp\/v2\/users\/1"}],"replies":[{"embeddable":true,"href":"https:\/\/agora.xtec.cat\/iesvilamajor\/wp-json\/wp\/v2\/comments?post=1037"}],"version-history":[{"count":4,"href":"https:\/\/agora.xtec.cat\/iesvilamajor\/wp-json\/wp\/v2\/pages\/1037\/revisions"}],"predecessor-version":[{"id":1654,"href":"https:\/\/agora.xtec.cat\/iesvilamajor\/wp-json\/wp\/v2\/pages\/1037\/revisions\/1654"}],"up":[{"embeddable":true,"href":"https:\/\/agora.xtec.cat\/iesvilamajor\/wp-json\/wp\/v2\/pages\/1326"}],"wp:attachment":[{"href":"https:\/\/agora.xtec.cat\/iesvilamajor\/wp-json\/wp\/v2\/media?parent=1037"}],"curies":[{"name":"wp","href":"https:\/\/api.w.org\/{rel}","templated":true}]}}

<h3 class="sectionname"></h3>
<div class="section_availability"></div>
<div class="summary">
<div class="no-overflow">
<p><span style="color: #74870b;">Benvolgut alumnat i famílies de 1r d&#8217;ESO,</span></p>
<p><span style="color: #74870b;">A l&#8217;agenda virtual s&#8217;anotaran els deures, exàmens i treballs de cada grup classe. Es tracta d’una eina de referència per a alumnes, mares i pares, que es pot consultar en cas d’absència escolar o quan hi ha dubtes sobre els deures, però, que en cap cas substitueix l’agenda personal dels alumnes.</span></p>
<p><span style="color: #74870b;">Esperem que sigui una eina útil per a tots!</span></p>
<p><span style="color: #74870b;">Cordialment.</span></p>
<p><span style="color: #74870b;">Equip docent de 1r d&#8217;ESO</span></p>
</div>
</div>
<p>&nbsp;</p>
<h5>EL VALOR DE L&#8217;ESFORÇ</h5>
<p><strong><span style="color: #74870b;">Què és l&#8217;esforç?</span></strong></p>
<p><span style="color: #74870b;">L&#8217;esforç és la capacitat que tenim de treballar durant un temps continuat per aconseguir  uns objectius determinats. En l&#8217;àmbit escolar, l&#8217;esforç constitueix la base fonamental  perquè l&#8217;alumnat obtingui un major rendiment. El valor de l&#8217;esforç els ajudarà a ampliar al màxim les capacitats que porten dins per obtenir uns millors resultats. També els permetrà vèncer i superar els obstacles en els diferents àmbits de la seva vida.</span></p>
<p>&nbsp;</p>
<p><a href="https://educacio.gencat.cat/ca/arees-actuacio/families/">ESCOLA I FAMÍLIA: EL VALOR DE L&#8217;ESFORÇ</a></p>
<p><span style="color: #74870b;">Eina per aconseguir l&#8217;èxit educatiu:</span></p>
<p><span style="color: #74870b;">En la societat actual, on es dóna molta importància a l&#8217;èxit fàcil, esdevé necessari pensar en el significat d&#8217;educar en l&#8217;esforç.</span></p>
<p><a href="http://www20.gencat.cat/portal/site/familiaescola/menuitem.5b21aabe12191ad9aacf3010b0c0e1a0/?vgnextoid=447f1e7eeaacd310VgnVCM2000009b0c1e0aRCRD&amp;vgnextchannel=447f1e7eeaacd310VgnVCM2000009b0c1e0aRCRD&amp;vgnextfmt=default">GENCAT-FAMÍLIA I ESCOLA</a></p>
<p><span style="color: #74870b;">Tot el que cal saber sobre l&#8217;escolaritat: acompanyament escolar a casa.</span></p>
<p>&nbsp;</p>
<div id="content" class="">
<div id="yui_3_17_2_1_1665479930878_127" class="course-content">
<ul id="yui_3_17_2_1_1665479930878_126" class="topics">
<li id="section-2" class="section main clearfix" style="text-align: left;" role="region" aria-label=" AGENDA 1r ESO A"><span class="hidden sectionname"> AGENDA 1r ESO A</span>
<div class="left side"></div>
<div class="right side"><img loading="lazy" decoding="async" class="icon spacer" src="https://vilamajor.esemtia.net/moodle/theme/image.php/essential/core/1664771959/spacer" alt="" width="1" height="1" aria-hidden="true" /></div>
<div class="content">
<h3 class="sectionname">AGENDA 1r ESO A</h3>
<div class="summary"></div>
<div>
<div class="mod-indent-outer">
<div>
<div class="contentwithoutlink ">
<div class="no-overflow">
<div class="no-overflow">
<p><iframe loading="lazy" style="border: 0;" src="https://www.google.com/calendar/embed?src=agenda1esoa%40insvilamajor.cat&amp;ctz=Europe/Madrid" width="620" height="460" frameborder="0" scrolling="no"></iframe></p>
<p>&nbsp;</p>
</div>
</div>
</div>
</div>
</div>
</div>
</div>
</li>
</ul>
</div>
<ul>
<li class="section main clearfix" style="text-align: left;" role="region" aria-label=" AGENDA 1r ESO B"><span class="hidden sectionname"> AGENDA 1r ESO B</span>
<div class="left side"></div>
<div class="right side"><img loading="lazy" decoding="async" class="icon spacer" src="https://vilamajor.esemtia.net/moodle/theme/image.php/essential/core/1664771959/spacer" alt="" width="1" height="1" aria-hidden="true" /></div>
<div class="content">
<h3 class="sectionname">AGENDA 1r ESO B</h3>
</div>
<div>
<div class="mod-indent-outer">
<div class="mod-indent"></div>
<div>
<div class="contentwithoutlink ">
<div class="no-overflow">
<div class="no-overflow">
<p><iframe loading="lazy" style="border: 0;" src="https://www.google.com/calendar/embed?src=agenda1esob%40insvilamajor.cat&amp;ctz=Europe/Madrid" width="620" height="460" frameborder="0" scrolling="no"></iframe></p>
<p>&nbsp;</p>
</div>
</div>
</div>
</div>
</div>
</div>
</li>
<li id="section-4" class="section main clearfix" style="text-align: left;" role="region" aria-label=" AGENDA 1r ESO C"><span class="hidden sectionname"> AGENDA 1r ESO C</span>
<div class="left side"></div>
<div class="right side"><img loading="lazy" decoding="async" class="icon spacer" src="https://vilamajor.esemtia.net/moodle/theme/image.php/essential/core/1664771959/spacer" alt="" width="1" height="1" aria-hidden="true" /></div>
<div class="content">
<h3 class="sectionname">AGENDA 1r ESO C</h3>
<div class="summary"></div>
</div>
<div>
<div class="contentwithoutlink ">
<div class="no-overflow">
<div class="no-overflow">
<p><iframe loading="lazy" style="border: 0;" src="https://www.google.com/calendar/embed?src=agenda1esoc%40insvilamajor.cat&amp;ctz=Europe/Madrid" width="620" height="460" frameborder="0" scrolling="no"></iframe></p>
<p>&nbsp;</p>
</div>
</div>
</div>
</div>
</li>
<li id="section-5" class="section main clearfix" style="text-align: left;" role="region" aria-label="AGENDA 1r ESO D"><span class="hidden sectionname">AGENDA 1r ESO D</span>
<div class="left side"></div>
<div class="right side"><img loading="lazy" decoding="async" class="icon spacer" src="https://vilamajor.esemtia.net/moodle/theme/image.php/essential/core/1664771959/spacer" alt="" width="1" height="1" aria-hidden="true" /></div>
<div class="content">
<h3 class="sectionname">AGENDA 1r ESO D</h3>
<div class="summary"></div>
</div>
<div class="mod-indent-outer">
<div>
<div class="contentwithoutlink ">
<div class="no-overflow">
<div class="no-overflow">
<p><iframe loading="lazy" style="border: 0;" src="https://www.google.com/calendar/embed?src=agenda1esod%40insvilamajor.cat&amp;ctz=Europe/Madrid" width="620" height="460" frameborder="0" scrolling="no"></iframe></p>
<p>&nbsp;</p>
</div>
</div>
</div>
</div>
</div>
</li>
<li id="section-6" class="section main clearfix" role="region" aria-label="AGENDA 1r ESO E"><span class="hidden sectionname">AGENDA 1r ESO E</span>
<div class="left side" style="text-align: left;"></div>
<div class="right side" style="text-align: left;"><img loading="lazy" decoding="async" class="icon spacer" src="https://vilamajor.esemtia.net/moodle/theme/image.php/essential/core/1664771959/spacer" alt="" width="1" height="1" aria-hidden="true" /></div>
<div class="content" style="text-align: left;">
<h3 class="sectionname">AGENDA 1r ESO E</h3>
<div class="summary"></div>
</div>
<div class="mod-indent-outer">
<div>
<div class="contentwithoutlink ">
<div class="no-overflow">
<div class="no-overflow">
<p style="text-align: left;"><iframe loading="lazy" style="border-width: 0;" src="https://calendar.google.com/calendar/embed?height=600&amp;wkst=1&amp;hl=ca&amp;bgcolor=%23FFFFFF&amp;src=agenda1esoe%40insvilamajor.cat&amp;color=%231B887A&amp;ctz=Europe%2FMadrid" width="620" height="460" frameborder="0" scrolling="no"></iframe></p>
</div>
</div>
</div>
</div>
</div>
</li>
</ul>
</div>

<p>Benvolgut alumnat i famílies de 1r d&#8217;ESO, A l&#8217;agenda virtual s&#8217;anotaran els deures, exàmens i treballs de cada grup classe. Es tracta d’una eina de referència per a alumnes, mares i pares, que es pot consultar en cas d’absència escolar o quan hi ha dubtes sobre els deures, però, que en cap cas substitueix l’agenda [&hellip;]</p>
