{"id":8779,"date":"2022-03-14T17:23:31","date_gmt":"2022-03-14T16:23:31","guid":{"rendered":"https:\/\/agora.xtec.cat\/iesvila-seca\/?page_id=8779"},"modified":"2022-06-08T19:33:28","modified_gmt":"2022-06-08T17:33:28","slug":"diagnosi","status":"publish","type":"page","link":"https:\/\/agora.xtec.cat\/iesvila-seca\/estrategia-digital\/estrategia\/diagnosi\/","title":{"rendered":"Diagnosi"},"content":{"rendered":"<table style=\"width: 100%; border-collapse: collapse; border-style: hidden;\">\n<tbody>\n<tr>\n<td style=\"width: 100%; text-align: right;\"><a href=\"https:\/\/agora.xtec.cat\/iesvila-seca\/estrategia-digital\/estrategia\/\"><img loading=\"lazy\" decoding=\"async\" class=\"alignnone wp-image-9199\" src=\"https:\/\/agora.xtec.cat\/iesvila-seca\/wp-content\/uploads\/usu475\/2022\/06\/Captura-de-Pantalla-2022-06-08-a-les-19.30.41-150x140.png\" alt=\"\" width=\"50\" height=\"36\" \/><\/a><\/td>\n<\/tr>\n<\/tbody>\n<\/table>\n<p style=\"text-align: justify;\"><span class=\"\">L\u2019objectiu de la diagnosi en l&#8217;\u00fas de les tecnologies digitals ser\u00e0 determinar aquells punts forts que el nostre centre ja treballa correctament i aquells en qu\u00e8 cal millorar.<\/span><\/p>\n<p>Per detectar els punts forts a mantenir i potenciar i els punts febles a millorar, cal \u00a0que la diagnosi inclogui\u00a0els diferents eixos de la comunitat educativa: alumnat, fam\u00edlies, professorat i centre.<\/p>\n<p style=\"text-align: justify;\">Amb aquesta finalitat, a\u00a0l\u2019Institut Vila-seca hem emprat eines diverses, com ara les enquestes via Google Forms i l\u2019aplicaci\u00f3 Selfie.<\/p>\n<p><a class=\"\" href=\"https:\/\/ec.europa.eu\/education\/schools-go-digital_es\" target=\"_blank\" rel=\"noopener\"><b class=\"\"><span class=\"\">Selfie<\/span><\/b><\/a><span class=\"\">\u00a0\u00e9s una eina gratu\u00efta, personalitzable i molt f\u00e0cil d&#8217;utilitzar, creada per la Comissi\u00f3 Europea, per ajudar als centres educatius a fer una diagnosi del seu grau d&#8217;implementaci\u00f3 de les tecnologies digitals. L&#8217;eina permet crear una enquesta per a alumnes, professorat i equip directiu de manera senzilla i genera uns informes a analitzar.<\/span><\/p>\n<p>Els resultats m\u00e9s destacables de la diagnosi s\u00f3n els seg\u00fcents:<\/p>\n<table style=\"width: 100%; border-collapse: collapse; border-style: hidden;\">\n<tbody>\n<tr>\n<td style=\"width: 33.333333333333336%; border-style: hidden;\"><a href=\"https:\/\/agora.xtec.cat\/iesvila-seca\/wp-content\/uploads\/usu475\/2022\/05\/Captura-de-Pantalla-2022-05-25-a-les-19.02.36.png\"><img loading=\"lazy\" decoding=\"async\" class=\"alignnone size-full wp-image-9050\" src=\"https:\/\/agora.xtec.cat\/iesvila-seca\/wp-content\/uploads\/usu475\/2022\/05\/Captura-de-Pantalla-2022-05-25-a-les-19.02.36.png\" alt=\"\" width=\"732\" height=\"706\" srcset=\"https:\/\/agora.xtec.cat\/iesvila-seca\/wp-content\/uploads\/usu475\/2022\/05\/Captura-de-Pantalla-2022-05-25-a-les-19.02.36.png 732w, https:\/\/agora.xtec.cat\/iesvila-seca\/wp-content\/uploads\/usu475\/2022\/05\/Captura-de-Pantalla-2022-05-25-a-les-19.02.36-300x289.png 300w\" sizes=\"auto, (max-width: 732px) 100vw, 732px\" \/><\/a><\/td>\n<td style=\"width: 33.333333333333336%; border-style: hidden; text-align: left;\">\n<h4>Punts forts<\/h4>\n<ul>\n<li>Bon acc\u00e9s a Internet.<\/li>\n<li>Dispositius digitals a disposici\u00f3 de l&#8217;alumnat de 2n cicle de l&#8217;ESO i Batxillerat.<\/li>\n<li>\u00das generalitzat i habitual de l&#8217;entorn virtual d&#8217;aprenentatge Moodle.<\/li>\n<\/ul>\n<\/td>\n<td style=\"width: 33.333333333333336%;\">\n<h4>Punts febles<\/h4>\n<ul>\n<li>Cal millorar en l&#8217;\u00fas segur i responsable de les eines digitals.<\/li>\n<li>L&#8217;\u00fas de les tecnologies digitals per part de l&#8217;alumnat es centra excessivament en l&#8217;oci.<\/li>\n<\/ul>\n<\/td>\n<\/tr>\n<tr style=\"border-style: hidden;\">\n<td style=\"width: 33.333333333333336%;\"><a href=\"https:\/\/agora.xtec.cat\/iesvila-seca\/wp-content\/uploads\/usu475\/2022\/05\/Captura-de-Pantalla-2022-05-25-a-les-19.12.18.png\"><img loading=\"lazy\" decoding=\"async\" class=\"alignnone size-full wp-image-9052\" src=\"https:\/\/agora.xtec.cat\/iesvila-seca\/wp-content\/uploads\/usu475\/2022\/05\/Captura-de-Pantalla-2022-05-25-a-les-19.12.18.png\" alt=\"\" width=\"702\" height=\"715\" srcset=\"https:\/\/agora.xtec.cat\/iesvila-seca\/wp-content\/uploads\/usu475\/2022\/05\/Captura-de-Pantalla-2022-05-25-a-les-19.12.18.png 702w, https:\/\/agora.xtec.cat\/iesvila-seca\/wp-content\/uploads\/usu475\/2022\/05\/Captura-de-Pantalla-2022-05-25-a-les-19.12.18-295x300.png 295w\" sizes=\"auto, (max-width: 702px) 100vw, 702px\" \/><\/a><\/td>\n<td style=\"width: 33.333333333333336%; border-style: hidden; text-align: left;\">\n<h4>Punts forts<\/h4>\n<ul>\n<li>Acc\u00e9s a la web i a les xarxes socials de l&#8217;Institut.<\/li>\n<\/ul>\n<\/td>\n<td style=\"width: 33.333333333333336%;\">\n<h4>Punts febles<\/h4>\n<ul>\n<li>Algunes fam\u00edlies fan poc \u00fas de la comunicaci\u00f3 digital amb l&#8217;Institut (bretxa digital).<\/li>\n<\/ul>\n<\/td>\n<\/tr>\n<tr style=\"border-style: hidden;\">\n<td style=\"width: 33.333333333333336%;\"><a href=\"https:\/\/agora.xtec.cat\/iesvila-seca\/wp-content\/uploads\/usu475\/2022\/05\/Captura-de-Pantalla-2022-05-25-a-les-19.22.24.png\"><img loading=\"lazy\" decoding=\"async\" class=\"alignnone size-full wp-image-9053\" src=\"https:\/\/agora.xtec.cat\/iesvila-seca\/wp-content\/uploads\/usu475\/2022\/05\/Captura-de-Pantalla-2022-05-25-a-les-19.22.24.png\" alt=\"\" width=\"730\" height=\"710\" srcset=\"https:\/\/agora.xtec.cat\/iesvila-seca\/wp-content\/uploads\/usu475\/2022\/05\/Captura-de-Pantalla-2022-05-25-a-les-19.22.24.png 730w, https:\/\/agora.xtec.cat\/iesvila-seca\/wp-content\/uploads\/usu475\/2022\/05\/Captura-de-Pantalla-2022-05-25-a-les-19.22.24-300x292.png 300w\" sizes=\"auto, (max-width: 730px) 100vw, 730px\" \/><\/a><\/td>\n<td style=\"width: 33.333333333333336%; border-style: hidden; text-align: left;\">\n<h4>Punts forts<\/h4>\n<ul>\n<li>\u00das ampli d&#8217;entorns virtuals d&#8217;aprenentatge.<\/li>\n<li>Creaci\u00f3 de continguts i recursos digitals.<\/li>\n<li>\u00das de tecnologies digitals per atendre a la diversitat.<\/li>\n<\/ul>\n<\/td>\n<td style=\"width: 33.333333333333336%;\">\n<h4>Punts febles<\/h4>\n<ul>\n<li>Avaluaci\u00f3 insuficient de la compet\u00e8ncia digital de l&#8217;alumnat.<\/li>\n<li>Poca reflexi\u00f3 sobre l&#8217;\u00fas de les tecnologies digitals.<\/li>\n<\/ul>\n<\/td>\n<\/tr>\n<tr style=\"border-style: hidden;\">\n<td style=\"width: 33.333333333333336%;\"><a href=\"https:\/\/agora.xtec.cat\/iesvila-seca\/wp-content\/uploads\/usu475\/2022\/05\/Captura-de-Pantalla-2022-05-25-a-les-19.26.56.png\"><img loading=\"lazy\" decoding=\"async\" class=\"alignnone size-full wp-image-9054\" src=\"https:\/\/agora.xtec.cat\/iesvila-seca\/wp-content\/uploads\/usu475\/2022\/05\/Captura-de-Pantalla-2022-05-25-a-les-19.26.56.png\" alt=\"\" width=\"715\" height=\"704\" srcset=\"https:\/\/agora.xtec.cat\/iesvila-seca\/wp-content\/uploads\/usu475\/2022\/05\/Captura-de-Pantalla-2022-05-25-a-les-19.26.56.png 715w, https:\/\/agora.xtec.cat\/iesvila-seca\/wp-content\/uploads\/usu475\/2022\/05\/Captura-de-Pantalla-2022-05-25-a-les-19.26.56-300x295.png 300w\" sizes=\"auto, (max-width: 715px) 100vw, 715px\" \/><\/a><\/td>\n<td style=\"width: 33.333333333333336%; border-style: hidden; text-align: left;\">\n<h4>Punts forts<\/h4>\n<ul>\n<li>Bon acc\u00e9s a Internet (centre transformat).<\/li>\n<li>Digitalitzaci\u00f3 de les aules.<\/li>\n<li>Plataformes de informaci\u00f3 i comunicaci\u00f3 online a disposici\u00f3 de fam\u00edlies i entorn.<\/li>\n<\/ul>\n<\/td>\n<td style=\"width: 33.333333333333336%;\">\n<h4>Punts febles<\/h4>\n<ul>\n<li>Manca de documentaci\u00f3 en relaci\u00f3 a l&#8217;estrat\u00e8gia digital de centre (en proc\u00e9s d&#8217;elaboraci\u00f3).<\/li>\n<\/ul>\n<\/td>\n<\/tr>\n<\/tbody>\n<\/table>\n<p>&nbsp;<\/p>\n<p>&nbsp;<\/p>\n","protected":false},"excerpt":{"rendered":"<p>L\u2019objectiu de la diagnosi en l&#8217;\u00fas de les tecnologies digitals ser\u00e0 determinar aquells punts forts que el nostre centre ja treballa correctament i aquells en qu\u00e8 cal millorar. Per detectar els punts forts a mantenir i potenciar i els punts febles a millorar, cal \u00a0que la diagnosi inclogui\u00a0els diferents eixos de la comunitat educativa: alumnat, [&hellip;]<\/p>\n","protected":false},"author":1,"featured_media":0,"parent":8773,"menu_order":0,"comment_status":"closed","ping_status":"closed","template":"page-templates\/side-menu.php","meta":{"_bbp_topic_count":0,"_bbp_reply_count":0,"_bbp_total_topic_count":0,"_bbp_total_reply_count":0,"_bbp_voice_count":0,"_bbp_anonymous_reply_count":0,"_bbp_topic_count_hidden":0,"_bbp_reply_count_hidden":0,"_bbp_forum_subforum_count":0,"site-sidebar-layout":"default","site-content-layout":"","ast-site-content-layout":"","site-content-style":"default","site-sidebar-style":"default","ast-global-header-display":"","ast-banner-title-visibility":"","ast-main-header-display":"","ast-hfb-above-header-display":"","ast-hfb-below-header-display":"","ast-hfb-mobile-header-display":"","site-post-title":"","ast-breadcrumbs-content":"","ast-featured-img":"","footer-sml-layout":"","theme-transparent-header-meta":"","adv-header-id-meta":"","stick-header-meta":"","header-above-stick-meta":"","header-main-stick-meta":"","header-below-stick-meta":"","astra-migrate-meta-layouts":"default","ast-page-background-enabled":"default","ast-page-background-meta":{"desktop":{"background-color":"var(--ast-global-color-4)","background-image":"","background-repeat":"repeat","background-position":"center center","background-size":"auto","background-attachment":"scroll","background-type":"","background-media":"","overlay-type":"","overlay-color":"","overlay-opacity":"","overlay-gradient":""},"tablet":{"background-color":"","background-image":"","background-repeat":"repeat","background-position":"center center","background-size":"auto","background-attachment":"scroll","background-type":"","background-media":"","overlay-type":"","overlay-color":"","overlay-opacity":"","overlay-gradient":""},"mobile":{"background-color":"","background-image":"","background-repeat":"repeat","background-position":"center center","background-size":"auto","background-attachment":"scroll","background-type":"","background-media":"","overlay-type":"","overlay-color":"","overlay-opacity":"","overlay-gradient":""}},"ast-content-background-meta":{"desktop":{"background-color":"var(--ast-global-color-5)","background-image":"","background-repeat":"repeat","background-position":"center center","background-size":"auto","background-attachment":"scroll","background-type":"","background-media":"","overlay-type":"","overlay-color":"","overlay-opacity":"","overlay-gradient":""},"tablet":{"background-color":"var(--ast-global-color-5)","background-image":"","background-repeat":"repeat","background-position":"center center","background-size":"auto","background-attachment":"scroll","background-type":"","background-media":"","overlay-type":"","overlay-color":"","overlay-opacity":"","overlay-gradient":""},"mobile":{"background-color":"var(--ast-global-color-5)","background-image":"","background-repeat":"repeat","background-position":"center center","background-size":"auto","background-attachment":"scroll","background-type":"","background-media":"","overlay-type":"","overlay-color":"","overlay-opacity":"","overlay-gradient":""}},"footnotes":""},"class_list":["post-8779","page","type-page","status-publish","hentry"],"post_mailing_queue_ids":[],"_links":{"self":[{"href":"https:\/\/agora.xtec.cat\/iesvila-seca\/wp-json\/wp\/v2\/pages\/8779","targetHints":{"allow":["GET"]}}],"collection":[{"href":"https:\/\/agora.xtec.cat\/iesvila-seca\/wp-json\/wp\/v2\/pages"}],"about":[{"href":"https:\/\/agora.xtec.cat\/iesvila-seca\/wp-json\/wp\/v2\/types\/page"}],"author":[{"embeddable":true,"href":"https:\/\/agora.xtec.cat\/iesvila-seca\/wp-json\/wp\/v2\/users\/1"}],"replies":[{"embeddable":true,"href":"https:\/\/agora.xtec.cat\/iesvila-seca\/wp-json\/wp\/v2\/comments?post=8779"}],"version-history":[{"count":4,"href":"https:\/\/agora.xtec.cat\/iesvila-seca\/wp-json\/wp\/v2\/pages\/8779\/revisions"}],"predecessor-version":[{"id":9202,"href":"https:\/\/agora.xtec.cat\/iesvila-seca\/wp-json\/wp\/v2\/pages\/8779\/revisions\/9202"}],"up":[{"embeddable":true,"href":"https:\/\/agora.xtec.cat\/iesvila-seca\/wp-json\/wp\/v2\/pages\/8773"}],"wp:attachment":[{"href":"https:\/\/agora.xtec.cat\/iesvila-seca\/wp-json\/wp\/v2\/media?parent=8779"}],"curies":[{"name":"wp","href":"https:\/\/api.w.org\/{rel}","templated":true}]}}