{"id":7389,"date":"2020-10-05T19:23:36","date_gmt":"2020-10-05T17:23:36","guid":{"rendered":"http:\/\/agora.xtec.cat\/iesvila-seca\/?page_id=7389"},"modified":"2025-07-12T12:06:08","modified_gmt":"2025-07-12T10:06:08","slug":"convalidacio-estada-empresa","status":"publish","type":"page","link":"https:\/\/agora.xtec.cat\/iesvila-seca\/estudis\/convalidacio-estada-empresa\/","title":{"rendered":"Convalidaci\u00f3 Estada Empresa"},"content":{"rendered":"<p style=\"text-align: justify;\">Els i les alumnes que acreditin una experi\u00e8ncia laboral igual o superior a 200 hores poden sol\u00b7licitar al director o directora del centre l\u2019exempci\u00f3 de la mat\u00e8ria d\u2019Estada a l\u2019Empresa a 2n de BAT. La sol\u00b7licitud corresponent ha d\u2019anar acompanyada, sense excepci\u00f3, d\u2019una breu mem\u00f2ria, en la qual ha de constar el seg\u00fcent:<\/p>\n<ul>\n<li style=\"list-style-type: none;\">\n<ul style=\"text-align: justify;\">\n<li>Descripci\u00f3 de l\u2019empresa.<\/li>\n<li>Descripci\u00f3 de les tasques que hi ha desenvolupat l\u2019alumne o alumna.<\/li>\n<li>C\u00f2pia del contracte laboral.<\/li>\n<li>Informe de la vida laboral em\u00e8s per la Tresoreria General de la Seguretat Social.<\/li>\n<\/ul>\n<\/li>\n<\/ul>\n<p style=\"text-align: justify;\">Els i les alumnes han de lliurar la documentaci\u00f3 <strong>abans del 31 d\u2019octubre<\/strong> del curs escolar corresponent.<\/p>\n<p style=\"text-align: justify;\">La direcci\u00f3 del centre ha de resoldre, a partir de la mem\u00f2ria presentada, si escau concedir l\u2019exempci\u00f3 esmentada. En cap cas es pot considerar com a experi\u00e8ncia laboral les tasques desenvolupades en r\u00e8gim de voluntariat.<\/p>\n<p style=\"text-align: justify;\">Si es resol no convalidar l\u2019estada a l\u2019empresa de 2n de BAT per manca de requisits, l\u2019alumne cursar\u00e0 els tres trimestres les ODS.<\/p>\n","protected":false},"excerpt":{"rendered":"<p>Els i les alumnes que acreditin una experi\u00e8ncia laboral igual o superior a 200 hores poden sol\u00b7licitar al director o directora del centre l\u2019exempci\u00f3 de la mat\u00e8ria d\u2019Estada a l\u2019Empresa a 2n de BAT. La sol\u00b7licitud corresponent ha d\u2019anar acompanyada, sense excepci\u00f3, d\u2019una breu mem\u00f2ria, en la qual ha de constar el seg\u00fcent: Descripci\u00f3 de [&hellip;]<\/p>\n","protected":false},"author":1,"featured_media":0,"parent":195,"menu_order":6,"comment_status":"closed","ping_status":"closed","template":"page-templates\/side-menu.php","meta":{"_bbp_topic_count":0,"_bbp_reply_count":0,"_bbp_total_topic_count":0,"_bbp_total_reply_count":0,"_bbp_voice_count":0,"_bbp_anonymous_reply_count":0,"_bbp_topic_count_hidden":0,"_bbp_reply_count_hidden":0,"_bbp_forum_subforum_count":0,"site-sidebar-layout":"default","site-content-layout":"","ast-site-content-layout":"","site-content-style":"default","site-sidebar-style":"default","ast-global-header-display":"","ast-banner-title-visibility":"","ast-main-header-display":"","ast-hfb-above-header-display":"","ast-hfb-below-header-display":"","ast-hfb-mobile-header-display":"","site-post-title":"","ast-breadcrumbs-content":"","ast-featured-img":"","footer-sml-layout":"","theme-transparent-header-meta":"","adv-header-id-meta":"","stick-header-meta":"","header-above-stick-meta":"","header-main-stick-meta":"","header-below-stick-meta":"","astra-migrate-meta-layouts":"default","ast-page-background-enabled":"default","ast-page-background-meta":{"desktop":{"background-color":"var(--ast-global-color-4)","background-image":"","background-repeat":"repeat","background-position":"center center","background-size":"auto","background-attachment":"scroll","background-type":"","background-media":"","overlay-type":"","overlay-color":"","overlay-opacity":"","overlay-gradient":""},"tablet":{"background-color":"","background-image":"","background-repeat":"repeat","background-position":"center center","background-size":"auto","background-attachment":"scroll","background-type":"","background-media":"","overlay-type":"","overlay-color":"","overlay-opacity":"","overlay-gradient":""},"mobile":{"background-color":"","background-image":"","background-repeat":"repeat","background-position":"center center","background-size":"auto","background-attachment":"scroll","background-type":"","background-media":"","overlay-type":"","overlay-color":"","overlay-opacity":"","overlay-gradient":""}},"ast-content-background-meta":{"desktop":{"background-color":"var(--ast-global-color-5)","background-image":"","background-repeat":"repeat","background-position":"center center","background-size":"auto","background-attachment":"scroll","background-type":"","background-media":"","overlay-type":"","overlay-color":"","overlay-opacity":"","overlay-gradient":""},"tablet":{"background-color":"var(--ast-global-color-5)","background-image":"","background-repeat":"repeat","background-position":"center center","background-size":"auto","background-attachment":"scroll","background-type":"","background-media":"","overlay-type":"","overlay-color":"","overlay-opacity":"","overlay-gradient":""},"mobile":{"background-color":"var(--ast-global-color-5)","background-image":"","background-repeat":"repeat","background-position":"center center","background-size":"auto","background-attachment":"scroll","background-type":"","background-media":"","overlay-type":"","overlay-color":"","overlay-opacity":"","overlay-gradient":""}},"footnotes":""},"class_list":["post-7389","page","type-page","status-publish","hentry"],"post_mailing_queue_ids":[],"_links":{"self":[{"href":"https:\/\/agora.xtec.cat\/iesvila-seca\/wp-json\/wp\/v2\/pages\/7389","targetHints":{"allow":["GET"]}}],"collection":[{"href":"https:\/\/agora.xtec.cat\/iesvila-seca\/wp-json\/wp\/v2\/pages"}],"about":[{"href":"https:\/\/agora.xtec.cat\/iesvila-seca\/wp-json\/wp\/v2\/types\/page"}],"author":[{"embeddable":true,"href":"https:\/\/agora.xtec.cat\/iesvila-seca\/wp-json\/wp\/v2\/users\/1"}],"replies":[{"embeddable":true,"href":"https:\/\/agora.xtec.cat\/iesvila-seca\/wp-json\/wp\/v2\/comments?post=7389"}],"version-history":[{"count":5,"href":"https:\/\/agora.xtec.cat\/iesvila-seca\/wp-json\/wp\/v2\/pages\/7389\/revisions"}],"predecessor-version":[{"id":12642,"href":"https:\/\/agora.xtec.cat\/iesvila-seca\/wp-json\/wp\/v2\/pages\/7389\/revisions\/12642"}],"up":[{"embeddable":true,"href":"https:\/\/agora.xtec.cat\/iesvila-seca\/wp-json\/wp\/v2\/pages\/195"}],"wp:attachment":[{"href":"https:\/\/agora.xtec.cat\/iesvila-seca\/wp-json\/wp\/v2\/media?parent=7389"}],"curies":[{"name":"wp","href":"https:\/\/api.w.org\/{rel}","templated":true}]}}

Convalidació Estada Empresa

<p style="text-align: justify;">Els i les alumnes que acreditin una experiència laboral igual o superior a 200 hores poden sol·licitar al director o directora del centre l’exempció de la matèria d’Estada a l’Empresa a 2n de BAT. La sol·licitud corresponent ha d’anar acompanyada, sense excepció, d’una breu memòria, en la qual ha de constar el següent:</p>
<ul>
<li style="list-style-type: none;">
<ul style="text-align: justify;">
<li>Descripció de l’empresa.</li>
<li>Descripció de les tasques que hi ha desenvolupat l’alumne o alumna.</li>
<li>Còpia del contracte laboral.</li>
<li>Informe de la vida laboral emès per la Tresoreria General de la Seguretat Social.</li>
</ul>
</li>
</ul>
<p style="text-align: justify;">Els i les alumnes han de lliurar la documentació <strong>abans del 31 d’octubre</strong> del curs escolar corresponent.</p>
<p style="text-align: justify;">La direcció del centre ha de resoldre, a partir de la memòria presentada, si escau concedir l’exempció esmentada. En cap cas es pot considerar com a experiència laboral les tasques desenvolupades en règim de voluntariat.</p>
<p style="text-align: justify;">Si es resol no convalidar l’estada a l’empresa de 2n de BAT per manca de requisits, l’alumne cursarà els tres trimestres les ODS.</p>

<p>Els i les alumnes que acreditin una experiència laboral igual o superior a 200 hores poden sol·licitar al director o directora del centre l’exempció de la matèria d’Estada a l’Empresa a 2n de BAT. La sol·licitud corresponent ha d’anar acompanyada, sense excepció, d’una breu memòria, en la qual ha de constar el següent: Descripció de [&hellip;]</p>
