{"id":1261,"date":"2016-10-11T21:53:26","date_gmt":"2016-10-11T20:53:26","guid":{"rendered":"http:\/\/agora.xtec.cat\/iesvila-seca\/?page_id=1261"},"modified":"2025-07-12T11:45:56","modified_gmt":"2025-07-12T09:45:56","slug":"eso","status":"publish","type":"page","link":"https:\/\/agora.xtec.cat\/iesvila-seca\/estudis\/eso\/","title":{"rendered":"ESO"},"content":{"rendered":"<p style=\"text-align: justify;\">L\u2019Educaci\u00f3 Secund\u00e0ria Obligat\u00f2ria (ESO) compr\u00e8n quatre cursos acad\u00e8mics i s\u2019organitza en diferents mat\u00e8ries. Aquestes mat\u00e8ries es divideixen en mat\u00e8ries comunes i mat\u00e8ries optatives:<\/p>\n<ul style=\"text-align: justify;\">\n<li>Les mat\u00e8ries comunes s\u00f3n aquelles que cursen tots els alumnes i comprenen la gran majoria del curr\u00edculum de l\u2019alumnat.<\/li>\n<li>Les mat\u00e8ries optatives de 1r a 3r d\u2019ESO tenen una assignaci\u00f3 hor\u00e0ria de 2 hores setmanals. S\u00f3n d\u2019oferta obligat\u00f2ria les mat\u00e8ries de segona llengua estrangera (Franc\u00e8s), Cultura cl\u00e0ssica, Rob\u00f2tica i programaci\u00f3, i Emprenedoria. La segona llengua estrangera t\u00e9 una continu\u00eftat al llarg de tota l\u2019etapa i s\u2019ofereix des de primer curs. Tamb\u00e9 s&#8217;ofereixen altres mat\u00e8ries optatives que s\u2019adeq\u00fcen al projecte educatiu del centre com ara Black r\u00e0dio, Medi ambient, Hort i T\u00e8cniques d\u2019estudi. A m\u00e9s, el centre tamb\u00e9 ofereix la possibilitat d\u2019escollir altres mat\u00e8ries per ampliar o refor\u00e7ar mat\u00e8ries del curr\u00edculum.<\/li>\n<li>Les mat\u00e8ries optatives espec\u00edfiques de 4t d\u2019ESO encaminen els alumnes per als seus estudis posteriors. Les cursaran durant tot el curs acad\u00e8mic amb una durada de 3 o 4 hores setmanals segons itinerari escollit.<\/li>\n<\/ul>\n<p style=\"text-align: justify;\"><strong>\u00a0<\/strong><\/p>\n<p style=\"text-align: justify;\"><strong>Treball de s\u00edntesi (1r a 3r de l&#8217;ESO)<\/strong><\/p>\n<p style=\"text-align: justify;\">El treball de s\u00edntesi est\u00e0 format per un conjunt d&#8217;activitats ensenyament i aprenentatge que impliquen un treball interdisciplinari que afavoreix la integraci\u00f3 de coneixements i del treball en equip, tant per part dels alumnes com dels professors. El nostre centre organitza el treball de s\u00edntesi de manera intensiva, concentrant les activitats en un per\u00edode de 3 dies. Normalment est\u00e0 associat a una sortida fora centre i el desenvolupament d\u2019un treball escrit, per\u00f2 \u00e9s a 2n ESO quan els alumnes tenen la possibilitat de fer una sortida de 3 dies a algun lloc de Catalunya per poder realitzar el seu treball.<\/p>\n<p style=\"text-align: justify;\"><strong>\u00a0<\/strong><\/p>\n<p style=\"text-align: justify;\"><strong>Servei comunitari (4t de l&#8217;ESO)<\/strong><\/p>\n<p style=\"text-align: justify;\">Compr\u00e8n una part d\u2019aprenentatge que es realitza dins l\u2019horari lectiu i un servei actiu a la comunitat, que s\u2019ha de dur a terme fora d\u2019aquest horari, d\u2019acord amb les necessitats de l\u2019entitat amb qu\u00e8 es col\u00b7labori. La dedicaci\u00f3 hor\u00e0ria al desenvolupament del Servei comunitari \u00e9s de 20 hores, amb un m\u00ednim de 10 hores de servei actiu a la comunitat.<\/p>\n<p style=\"text-align: justify;\"><strong>\u00a0<\/strong><\/p>\n<p style=\"text-align: justify;\"><strong>Projecte de recerca (4t de l&#8217;ESO)<\/strong><\/p>\n<p style=\"text-align: justify;\">En el 4t curs tots els alumnes han de fer un projecte de recerca, en equip. L&#8217;objectiu del projecte de recerca \u00e9s contribuir al desenvolupament de les compet\u00e8ncies b\u00e0siques de l&#8217;ESO. El projecte est\u00e0 constitu\u00eft per un conjunt d&#8217;activitats de descoberta i recerca realitzades per l&#8217;alumne, entorn d&#8217;un tema escollit i acotat, en part, per l&#8217;alumne mateix i sota el guiatge dels professors. Al llarg del projecte, l&#8217;alumne ha de demostrar capacitat d&#8217;autonomia i iniciativa en l&#8217;organitzaci\u00f3 del treball individual, i tamb\u00e9 de responsabilitat, cooperaci\u00f3 i col\u00b7laboraci\u00f3 en el desenvolupament de projectes en com\u00fa.<\/p>\n<p style=\"text-align: justify;\">\n","protected":false},"excerpt":{"rendered":"<p>L\u2019Educaci\u00f3 Secund\u00e0ria Obligat\u00f2ria (ESO) compr\u00e8n quatre cursos acad\u00e8mics i s\u2019organitza en diferents mat\u00e8ries. Aquestes mat\u00e8ries es divideixen en mat\u00e8ries comunes i mat\u00e8ries optatives: Les mat\u00e8ries comunes s\u00f3n aquelles que cursen tots els alumnes i comprenen la gran majoria del curr\u00edculum de l\u2019alumnat. Les mat\u00e8ries optatives de 1r a 3r d\u2019ESO tenen una assignaci\u00f3 hor\u00e0ria de [&hellip;]<\/p>\n","protected":false},"author":1,"featured_media":0,"parent":195,"menu_order":1,"comment_status":"closed","ping_status":"closed","template":"page-templates\/side-menu.php","meta":{"_bbp_topic_count":0,"_bbp_reply_count":0,"_bbp_total_topic_count":0,"_bbp_total_reply_count":0,"_bbp_voice_count":0,"_bbp_anonymous_reply_count":0,"_bbp_topic_count_hidden":0,"_bbp_reply_count_hidden":0,"_bbp_forum_subforum_count":0,"site-sidebar-layout":"default","site-content-layout":"","ast-site-content-layout":"","site-content-style":"default","site-sidebar-style":"default","ast-global-header-display":"","ast-banner-title-visibility":"","ast-main-header-display":"","ast-hfb-above-header-display":"","ast-hfb-below-header-display":"","ast-hfb-mobile-header-display":"","site-post-title":"","ast-breadcrumbs-content":"","ast-featured-img":"","footer-sml-layout":"","theme-transparent-header-meta":"","adv-header-id-meta":"","stick-header-meta":"","header-above-stick-meta":"","header-main-stick-meta":"","header-below-stick-meta":"","astra-migrate-meta-layouts":"default","ast-page-background-enabled":"default","ast-page-background-meta":{"desktop":{"background-color":"var(--ast-global-color-4)","background-image":"","background-repeat":"repeat","background-position":"center center","background-size":"auto","background-attachment":"scroll","background-type":"","background-media":"","overlay-type":"","overlay-color":"","overlay-opacity":"","overlay-gradient":""},"tablet":{"background-color":"","background-image":"","background-repeat":"repeat","background-position":"center center","background-size":"auto","background-attachment":"scroll","background-type":"","background-media":"","overlay-type":"","overlay-color":"","overlay-opacity":"","overlay-gradient":""},"mobile":{"background-color":"","background-image":"","background-repeat":"repeat","background-position":"center center","background-size":"auto","background-attachment":"scroll","background-type":"","background-media":"","overlay-type":"","overlay-color":"","overlay-opacity":"","overlay-gradient":""}},"ast-content-background-meta":{"desktop":{"background-color":"var(--ast-global-color-5)","background-image":"","background-repeat":"repeat","background-position":"center center","background-size":"auto","background-attachment":"scroll","background-type":"","background-media":"","overlay-type":"","overlay-color":"","overlay-opacity":"","overlay-gradient":""},"tablet":{"background-color":"var(--ast-global-color-5)","background-image":"","background-repeat":"repeat","background-position":"center center","background-size":"auto","background-attachment":"scroll","background-type":"","background-media":"","overlay-type":"","overlay-color":"","overlay-opacity":"","overlay-gradient":""},"mobile":{"background-color":"var(--ast-global-color-5)","background-image":"","background-repeat":"repeat","background-position":"center center","background-size":"auto","background-attachment":"scroll","background-type":"","background-media":"","overlay-type":"","overlay-color":"","overlay-opacity":"","overlay-gradient":""}},"footnotes":""},"class_list":["post-1261","page","type-page","status-publish","hentry"],"post_mailing_queue_ids":[],"_links":{"self":[{"href":"https:\/\/agora.xtec.cat\/iesvila-seca\/wp-json\/wp\/v2\/pages\/1261","targetHints":{"allow":["GET"]}}],"collection":[{"href":"https:\/\/agora.xtec.cat\/iesvila-seca\/wp-json\/wp\/v2\/pages"}],"about":[{"href":"https:\/\/agora.xtec.cat\/iesvila-seca\/wp-json\/wp\/v2\/types\/page"}],"author":[{"embeddable":true,"href":"https:\/\/agora.xtec.cat\/iesvila-seca\/wp-json\/wp\/v2\/users\/1"}],"replies":[{"embeddable":true,"href":"https:\/\/agora.xtec.cat\/iesvila-seca\/wp-json\/wp\/v2\/comments?post=1261"}],"version-history":[{"count":4,"href":"https:\/\/agora.xtec.cat\/iesvila-seca\/wp-json\/wp\/v2\/pages\/1261\/revisions"}],"predecessor-version":[{"id":12632,"href":"https:\/\/agora.xtec.cat\/iesvila-seca\/wp-json\/wp\/v2\/pages\/1261\/revisions\/12632"}],"up":[{"embeddable":true,"href":"https:\/\/agora.xtec.cat\/iesvila-seca\/wp-json\/wp\/v2\/pages\/195"}],"wp:attachment":[{"href":"https:\/\/agora.xtec.cat\/iesvila-seca\/wp-json\/wp\/v2\/media?parent=1261"}],"curies":[{"name":"wp","href":"https:\/\/api.w.org\/{rel}","templated":true}]}}